{"id":947,"date":"2018-11-14T14:38:32","date_gmt":"2018-11-14T16:38:32","guid":{"rendered":"http:\/\/www.compp.unifra.br\/?post_type=portfolio&amp;p=947"},"modified":"2018-11-14T14:38:32","modified_gmt":"2018-11-14T16:38:32","slug":"projeto-crescer-3","status":"publish","type":"portfolio","link":"https:\/\/compp.ufn.edu.br\/?portfolio=projeto-crescer-3","title":{"rendered":"Projeto Crescer"},"content":{"rendered":"<p><iframe title=\"Videocase Projeto Crescer - Nosso Lar COMPP\" width=\"800\" height=\"600\" src=\"https:\/\/www.youtube.com\/embed\/4LVvv1oSVlI?feature=oembed\" frameborder=\"0\" allow=\"accelerometer; autoplay; clipboard-write; encrypted-media; gyroscope; picture-in-picture\" allowfullscreen><\/iframe><\/p>\n<p>O projeto Crescer trabalhou com a creche Nosso lar localizada no bairro Patronato em Santa Maria, que atende 125 crian\u00e7as de 0 a 7 anos. A institui\u00e7\u00e3o come\u00e7ou, inicialmente, como uma creche para atender filhos de apenados por\u00e9m tomou grande propor\u00e7\u00e3o e virou escola municipal, com pouca verba ela precisa de ajuda de doa\u00e7\u00f5es constantes da comunidade.<\/p>\n<p>O projeto procurou tornar a escola mais conhecida no bairro e mobilizar os moradores para doa\u00e7\u00e3o de itens necess\u00e1rios \u00e0 manuten\u00e7\u00e3o. Al\u00e9m disso desenvolveu a\u00e7\u00f5es de conviv\u00eancia com as crian\u00e7as com o objetivo de oferecer entretenimento e divers\u00e3o.<\/p>\n<p>As a\u00e7\u00f5es internas envolveram: fotografia dos pequenos; arrecada\u00e7\u00e3o de brinquedos para o dia das crian\u00e7as; aux\u00edlio na festa de final de ano com apoio na apresenta\u00e7\u00e3o de encerramento \u00a0e nas filmagens e fotografias; distribui\u00e7\u00e3o de doces e realiza\u00e7\u00e3o de brincadeiras na p\u00e1scoa; conscientiza\u00e7\u00e3o sobre a natureza plantando arvores com as crian\u00e7as; filmes no dia do cinema com pipocas e divers\u00e3o; apresenta\u00e7\u00e3o do m\u00fasico Kiko Lemos no dia da m\u00fasica com participa\u00e7\u00e3o das crian\u00e7as; e, para encerar as a\u00e7\u00f5es internas, foi celebrado o dia de brincar com muita brincadeira e divers\u00e3o.<\/p>\n<p>Quanto \u00e0 divulga\u00e7\u00e3o externa foram produzidos filmes publicit\u00e1rios cuja mensagem era centrada no pensamento que as crian\u00e7as de hoje s\u00e3o os adultos do futuro. O programa Rosa Schock fez uma reportagem mostrando a institui\u00e7\u00e3o, foram feitos an\u00fancios em jornais e veiculados spots em r\u00e1dios da cidade. A fanpage da institui\u00e7\u00e3o no facebook foi o principal canal de comunica\u00e7\u00e3o na internet.<\/p>\n<p><strong>ACAD\u00caMICOS<\/strong><\/p>\n<p>Fabiana Lemos, Jefferson Medina, Nathalia Ruviaro e Paula Toaldo<\/p>\n","protected":false},"excerpt":{"rendered":"<p>O projeto Crescer trabalhou com a creche Nosso lar localizada no bairro Patronato em Santa Maria, que atende 125 crian\u00e7as de 0 a 7 anos. A institui\u00e7\u00e3o come\u00e7ou, inicialmente, como uma creche para atender filhos de apenados por\u00e9m tomou grande propor\u00e7\u00e3o e virou escola municipal, com pouca verba ela precisa de ajuda de doa\u00e7\u00f5es constantes [&hellip;]<\/p>\n","protected":false},"author":2,"featured_media":1145,"comment_status":"open","ping_status":"closed","template":"","meta":{"footnotes":""},"portfolio_category":[18],"portfolio_tag":[],"class_list":["post-947","portfolio","type-portfolio","status-publish","has-post-thumbnail","hentry","portfolio_category-18"],"_links":{"self":[{"href":"https:\/\/compp.ufn.edu.br\/index.php?rest_route=\/wp\/v2\/portfolio\/947","targetHints":{"allow":["GET"]}}],"collection":[{"href":"https:\/\/compp.ufn.edu.br\/index.php?rest_route=\/wp\/v2\/portfolio"}],"about":[{"href":"https:\/\/compp.ufn.edu.br\/index.php?rest_route=\/wp\/v2\/types\/portfolio"}],"author":[{"embeddable":true,"href":"https:\/\/compp.ufn.edu.br\/index.php?rest_route=\/wp\/v2\/users\/2"}],"replies":[{"embeddable":true,"href":"https:\/\/compp.ufn.edu.br\/index.php?rest_route=%2Fwp%2Fv2%2Fcomments&post=947"}],"version-history":[{"count":0,"href":"https:\/\/compp.ufn.edu.br\/index.php?rest_route=\/wp\/v2\/portfolio\/947\/revisions"}],"wp:featuredmedia":[{"embeddable":true,"href":"https:\/\/compp.ufn.edu.br\/index.php?rest_route=\/wp\/v2\/media\/1145"}],"wp:attachment":[{"href":"https:\/\/compp.ufn.edu.br\/index.php?rest_route=%2Fwp%2Fv2%2Fmedia&parent=947"}],"wp:term":[{"taxonomy":"portfolio_category","embeddable":true,"href":"https:\/\/compp.ufn.edu.br\/index.php?rest_route=%2Fwp%2Fv2%2Fportfolio_category&post=947"},{"taxonomy":"portfolio_tag","embeddable":true,"href":"https:\/\/compp.ufn.edu.br\/index.php?rest_route=%2Fwp%2Fv2%2Fportfolio_tag&post=947"}],"curies":[{"name":"wp","href":"https:\/\/api.w.org\/{rel}","templated":true}]}}

<p><iframe title="Videocase Projeto Crescer - Nosso Lar COMPP" width="800" height="600" src="https://www.youtube.com/embed/4LVvv1oSVlI?feature=oembed" frameborder="0" allow="accelerometer; autoplay; clipboard-write; encrypted-media; gyroscope; picture-in-picture" allowfullscreen></iframe></p>
<p>O projeto Crescer trabalhou com a creche Nosso lar localizada no bairro Patronato em Santa Maria, que atende 125 crianças de 0 a 7 anos. A instituição começou, inicialmente, como uma creche para atender filhos de apenados porém tomou grande proporção e virou escola municipal, com pouca verba ela precisa de ajuda de doações constantes da comunidade.</p>
<p>O projeto procurou tornar a escola mais conhecida no bairro e mobilizar os moradores para doação de itens necessários à manutenção. Além disso desenvolveu ações de convivência com as crianças com o objetivo de oferecer entretenimento e diversão.</p>
<p>As ações internas envolveram: fotografia dos pequenos; arrecadação de brinquedos para o dia das crianças; auxílio na festa de final de ano com apoio na apresentação de encerramento  e nas filmagens e fotografias; distribuição de doces e realização de brincadeiras na páscoa; conscientização sobre a natureza plantando arvores com as crianças; filmes no dia do cinema com pipocas e diversão; apresentação do músico Kiko Lemos no dia da música com participação das crianças; e, para encerar as ações internas, foi celebrado o dia de brincar com muita brincadeira e diversão.</p>
<p>Quanto à divulgação externa foram produzidos filmes publicitários cuja mensagem era centrada no pensamento que as crianças de hoje são os adultos do futuro. O programa Rosa Schock fez uma reportagem mostrando a instituição, foram feitos anúncios em jornais e veiculados spots em rádios da cidade. A fanpage da instituição no facebook foi o principal canal de comunicação na internet.</p>
<p><strong>ACADÊMICOS</strong></p>
<p>Fabiana Lemos, Jefferson Medina, Nathalia Ruviaro e Paula Toaldo</p>

<p>O projeto Crescer trabalhou com a creche Nosso lar localizada no bairro Patronato em Santa Maria, que atende 125 crianças de 0 a 7 anos. A instituição começou, inicialmente, como uma creche para atender filhos de apenados porém tomou grande proporção e virou escola municipal, com pouca verba ela precisa de ajuda de doações constantes [&hellip;]</p>
