{"id":871,"date":"2018-09-27T08:18:53","date_gmt":"2018-09-27T11:18:53","guid":{"rendered":"http:\/\/www.compp.unifra.br\/?post_type=portfolio&amp;p=871"},"modified":"2018-09-27T08:18:53","modified_gmt":"2018-09-27T11:18:53","slug":"projeto-pode-falar","status":"publish","type":"portfolio","link":"https:\/\/compp.ufn.edu.br\/?portfolio=projeto-pode-falar","title":{"rendered":"Projeto Pode Falar &#8211; Voc\u00ea N\u00e3o Est\u00e1 Sozinho"},"content":{"rendered":"<p><span style=\"font-weight: 400\">O projeto pode falar tem como objetivo combater a depress\u00e3o junto aos adolescentes alunos do 9\u00ba ano do ensino fundamental do Instituto Estadual de Educa\u00e7\u00e3o Olavo Bilac. Para isso, os acad\u00eamicos foram at\u00e9 a escola e convidaram os alunos interessados a elaborarem uma campanha publicit\u00e1ria com este tema.\u00a0<\/span><\/p>\n<p>Os\u00a0jovens participaram de diversas atividades nas instala\u00e7\u00f5es da Universidade Franciscana: di\u00e1logo com uma psic\u00f3loga sobre o tema, oficinas de criatividade, reda\u00e7\u00e3o publicit\u00e1ria e dire\u00e7\u00e3o de arte. A partir da experi\u00eancia, elaboraram cartazes e folhetos conscientizando sobre a import\u00e2ncia de buscar ajuda quando apresentar sintomas de depress\u00e3o.<\/p>\n<p>Embora poucos alunos da escola tenham aderido ao projeto, os que participaram, al\u00e9m de experimentarem as pr\u00e1ticas publicit\u00e1rias, foram informados sobre as quest\u00f5es que a depress\u00e3o e o que \u00e9 poss\u00edvel ser feito para prevenir.<\/p>\n<p><strong>ACAD\u00caMICOS<\/strong><\/p>\n<p>Dougliane Bordinh\u00e3o,\u00a0Pedro Fortes, Rodrigo Savian e Ver\u00f4nica Bersch.<\/p>\n","protected":false},"excerpt":{"rendered":"<p>O projeto pode falar tem como objetivo combater a depress\u00e3o junto aos adolescentes alunos do 9\u00ba ano do ensino fundamental do Instituto Estadual de Educa\u00e7\u00e3o Olavo Bilac. Para isso, os acad\u00eamicos foram at\u00e9 a escola e convidaram os alunos interessados a elaborarem uma campanha publicit\u00e1ria com este tema.\u00a0 Os\u00a0jovens participaram de diversas atividades nas instala\u00e7\u00f5es [&hellip;]<\/p>\n","protected":false},"author":2,"featured_media":1030,"comment_status":"open","ping_status":"closed","template":"","meta":{"footnotes":""},"portfolio_category":[22],"portfolio_tag":[],"class_list":["post-871","portfolio","type-portfolio","status-publish","has-post-thumbnail","hentry","portfolio_category-22"],"_links":{"self":[{"href":"https:\/\/compp.ufn.edu.br\/index.php?rest_route=\/wp\/v2\/portfolio\/871","targetHints":{"allow":["GET"]}}],"collection":[{"href":"https:\/\/compp.ufn.edu.br\/index.php?rest_route=\/wp\/v2\/portfolio"}],"about":[{"href":"https:\/\/compp.ufn.edu.br\/index.php?rest_route=\/wp\/v2\/types\/portfolio"}],"author":[{"embeddable":true,"href":"https:\/\/compp.ufn.edu.br\/index.php?rest_route=\/wp\/v2\/users\/2"}],"replies":[{"embeddable":true,"href":"https:\/\/compp.ufn.edu.br\/index.php?rest_route=%2Fwp%2Fv2%2Fcomments&post=871"}],"version-history":[{"count":0,"href":"https:\/\/compp.ufn.edu.br\/index.php?rest_route=\/wp\/v2\/portfolio\/871\/revisions"}],"wp:featuredmedia":[{"embeddable":true,"href":"https:\/\/compp.ufn.edu.br\/index.php?rest_route=\/wp\/v2\/media\/1030"}],"wp:attachment":[{"href":"https:\/\/compp.ufn.edu.br\/index.php?rest_route=%2Fwp%2Fv2%2Fmedia&parent=871"}],"wp:term":[{"taxonomy":"portfolio_category","embeddable":true,"href":"https:\/\/compp.ufn.edu.br\/index.php?rest_route=%2Fwp%2Fv2%2Fportfolio_category&post=871"},{"taxonomy":"portfolio_tag","embeddable":true,"href":"https:\/\/compp.ufn.edu.br\/index.php?rest_route=%2Fwp%2Fv2%2Fportfolio_tag&post=871"}],"curies":[{"name":"wp","href":"https:\/\/api.w.org\/{rel}","templated":true}]}}

Projeto Pode Falar &#8211; Você Não Está Sozinho

<p><span style="font-weight: 400">O projeto pode falar tem como objetivo combater a depressão junto aos adolescentes alunos do 9º ano do ensino fundamental do Instituto Estadual de Educação Olavo Bilac. Para isso, os acadêmicos foram até a escola e convidaram os alunos interessados a elaborarem uma campanha publicitária com este tema. </span></p>
<p>Os jovens participaram de diversas atividades nas instalações da Universidade Franciscana: diálogo com uma psicóloga sobre o tema, oficinas de criatividade, redação publicitária e direção de arte. A partir da experiência, elaboraram cartazes e folhetos conscientizando sobre a importância de buscar ajuda quando apresentar sintomas de depressão.</p>
<p>Embora poucos alunos da escola tenham aderido ao projeto, os que participaram, além de experimentarem as práticas publicitárias, foram informados sobre as questões que a depressão e o que é possível ser feito para prevenir.</p>
<p><strong>ACADÊMICOS</strong></p>
<p>Dougliane Bordinhão, Pedro Fortes, Rodrigo Savian e Verônica Bersch.</p>

<p>O projeto pode falar tem como objetivo combater a depressão junto aos adolescentes alunos do 9º ano do ensino fundamental do Instituto Estadual de Educação Olavo Bilac. Para isso, os acadêmicos foram até a escola e convidaram os alunos interessados a elaborarem uma campanha publicitária com este tema.  Os jovens participaram de diversas atividades nas instalações [&hellip;]</p>
