{"id":845,"date":"2018-05-11T08:42:56","date_gmt":"2018-05-11T11:42:56","guid":{"rendered":"http:\/\/www.compp.unifra.br\/?post_type=portfolio&amp;p=845"},"modified":"2018-05-11T08:42:56","modified_gmt":"2018-05-11T11:42:56","slug":"projeto-recriare-toda-crianca-tem-o-direito-de-se-divertir","status":"publish","type":"portfolio","link":"https:\/\/compp.ufn.edu.br\/?portfolio=projeto-recriare-toda-crianca-tem-o-direito-de-se-divertir","title":{"rendered":"Projeto Recriare \u2013 Toda crian\u00e7a tem o direito de se divertir!"},"content":{"rendered":"<p>O projeto Recriare foi criado e desenvolvido por universit\u00e1rios do curso de Publicidade e Propaganda da Universidade Franciscana. A escolha para a realiza\u00e7\u00e3o do projeto se deu entre os colegas que j\u00e1 haviam passado por casos de tratamento oncol\u00f3gico em suas fam\u00edlias e que tinham afinidade em trabalhar com crian\u00e7as. A ideia do projeto \u00e9 quebrar o preconceito que as pessoas normalmente t\u00eam e mostrar que at\u00e9 mesmo crian\u00e7as com c\u00e2ncer podem e devem se divertir.<\/p>\n<p>A Turma do Ique foi o local escolhido para o desenvolvimento das atividades, que foram: oficina de slime (amoeba caseira), oficina de cookies (biscoitos com gotas de chocolate) e diversas recrea\u00e7\u00f5es. Os encontros foram marcados por momentos de divers\u00e3o e trocas de experi\u00eancia com os respons\u00e1veis pelas crian\u00e7as. A partir disso, foi observado como elas se sentiram importantes ao receberem aten\u00e7\u00e3o dos volunt\u00e1rios ao brincarem e interagirem. Nos encontros estabeleceu-se uma identifica\u00e7\u00e3o e afinidade com as crian\u00e7as, que procuravam saber mais sobre cada um dos estudantes.<\/p>\n<p>O projeto estendeu-se ao longo de quatro quintas-feiras, entre 8h30 e 11h30, na sede da Turma do Ique, que se localiza na UFSM. Para tornar-se um volunt\u00e1rio \u00e9 necess\u00e1rio levar os documentos de identifica\u00e7\u00e3o e claro: muita vontade.<\/p>\n<p>Curta a p\u00e1gina do projeto no Facebook e Instagram: @projetorecriare<\/p>\n<p>O projeto foi criado no segundo semestre de 2017 e realizado durante o primeiro semestre de 2018.<\/p>\n<p><strong>Acad\u00eamicos<\/strong> <\/p>\n<p>Andr\u00e9 Moreira, Bruna Birrer e Nadine Vieira<\/p>\n","protected":false},"excerpt":{"rendered":"<p>O projeto Recriare foi criado e desenvolvido por universit\u00e1rios do curso de Publicidade e Propaganda da Universidade Franciscana. A escolha para a realiza\u00e7\u00e3o do projeto se deu entre os colegas que j\u00e1 haviam passado por casos de tratamento oncol\u00f3gico em suas fam\u00edlias e que tinham afinidade em trabalhar com crian\u00e7as. A ideia do projeto \u00e9 [&hellip;]<\/p>\n","protected":false},"author":2,"featured_media":846,"comment_status":"open","ping_status":"closed","template":"","meta":{"footnotes":""},"portfolio_category":[22],"portfolio_tag":[],"class_list":["post-845","portfolio","type-portfolio","status-publish","has-post-thumbnail","hentry","portfolio_category-22"],"_links":{"self":[{"href":"https:\/\/compp.ufn.edu.br\/index.php?rest_route=\/wp\/v2\/portfolio\/845","targetHints":{"allow":["GET"]}}],"collection":[{"href":"https:\/\/compp.ufn.edu.br\/index.php?rest_route=\/wp\/v2\/portfolio"}],"about":[{"href":"https:\/\/compp.ufn.edu.br\/index.php?rest_route=\/wp\/v2\/types\/portfolio"}],"author":[{"embeddable":true,"href":"https:\/\/compp.ufn.edu.br\/index.php?rest_route=\/wp\/v2\/users\/2"}],"replies":[{"embeddable":true,"href":"https:\/\/compp.ufn.edu.br\/index.php?rest_route=%2Fwp%2Fv2%2Fcomments&post=845"}],"version-history":[{"count":0,"href":"https:\/\/compp.ufn.edu.br\/index.php?rest_route=\/wp\/v2\/portfolio\/845\/revisions"}],"wp:featuredmedia":[{"embeddable":true,"href":"https:\/\/compp.ufn.edu.br\/index.php?rest_route=\/wp\/v2\/media\/846"}],"wp:attachment":[{"href":"https:\/\/compp.ufn.edu.br\/index.php?rest_route=%2Fwp%2Fv2%2Fmedia&parent=845"}],"wp:term":[{"taxonomy":"portfolio_category","embeddable":true,"href":"https:\/\/compp.ufn.edu.br\/index.php?rest_route=%2Fwp%2Fv2%2Fportfolio_category&post=845"},{"taxonomy":"portfolio_tag","embeddable":true,"href":"https:\/\/compp.ufn.edu.br\/index.php?rest_route=%2Fwp%2Fv2%2Fportfolio_tag&post=845"}],"curies":[{"name":"wp","href":"https:\/\/api.w.org\/{rel}","templated":true}]}}

Projeto Recriare – Toda criança tem o direito de se divertir!

<p>O projeto Recriare foi criado e desenvolvido por universitários do curso de Publicidade e Propaganda da Universidade Franciscana. A escolha para a realização do projeto se deu entre os colegas que já haviam passado por casos de tratamento oncológico em suas famílias e que tinham afinidade em trabalhar com crianças. A ideia do projeto é quebrar o preconceito que as pessoas normalmente têm e mostrar que até mesmo crianças com câncer podem e devem se divertir.</p>
<p>A Turma do Ique foi o local escolhido para o desenvolvimento das atividades, que foram: oficina de slime (amoeba caseira), oficina de cookies (biscoitos com gotas de chocolate) e diversas recreações. Os encontros foram marcados por momentos de diversão e trocas de experiência com os responsáveis pelas crianças. A partir disso, foi observado como elas se sentiram importantes ao receberem atenção dos voluntários ao brincarem e interagirem. Nos encontros estabeleceu-se uma identificação e afinidade com as crianças, que procuravam saber mais sobre cada um dos estudantes.</p>
<p>O projeto estendeu-se ao longo de quatro quintas-feiras, entre 8h30 e 11h30, na sede da Turma do Ique, que se localiza na UFSM. Para tornar-se um voluntário é necessário levar os documentos de identificação e claro: muita vontade.</p>
<p>Curta a página do projeto no Facebook e Instagram: @projetorecriare</p>
<p>O projeto foi criado no segundo semestre de 2017 e realizado durante o primeiro semestre de 2018.</p>
<p><strong>Acadêmicos</strong> </p>
<p>André Moreira, Bruna Birrer e Nadine Vieira</p>

<p>O projeto Recriare foi criado e desenvolvido por universitários do curso de Publicidade e Propaganda da Universidade Franciscana. A escolha para a realização do projeto se deu entre os colegas que já haviam passado por casos de tratamento oncológico em suas famílias e que tinham afinidade em trabalhar com crianças. A ideia do projeto é [&hellip;]</p>
