{"id":717,"date":"2017-06-01T15:50:46","date_gmt":"2017-06-01T18:50:46","guid":{"rendered":"http:\/\/www.compp.unifra.br\/?post_type=portfolio&amp;p=717"},"modified":"2017-06-01T15:50:46","modified_gmt":"2017-06-01T18:50:46","slug":"projeto-aplauso","status":"publish","type":"portfolio","link":"https:\/\/compp.ufn.edu.br\/?portfolio=projeto-aplauso","title":{"rendered":"Projeto Aplauso"},"content":{"rendered":"<p>O Projeto Aplauso foi uma iniciativa que teve como objetivo aumentar a visibilidade da escola EMAET \u2013 Escola Municipal de Artes Eduardo Trevisan \u2013 de Santa Maria, que \u00e9 uma das \u00fanicas escolas de artes p\u00fablica do pa\u00eds. Embora seja de \u00e2mbito municipal, a comunidade local e o poder p\u00fablico n\u00e3o reconheciam a import\u00e2ncia da escola. Com frequ\u00eancia o n\u00famero de professores era insuficiente para suprir a demanda e o espa\u00e7o f\u00edsico dispon\u00edvel, na Casa de Cultura, n\u00e3o oferecia condi\u00e7\u00f5es necess\u00e1rias para uma escola de artes.<\/p>\n<p>A EMAET conta com mais de trezentos alunos entre crian\u00e7as, jovens e adultos e oferece cursos gratuitos de teatro, artes pl\u00e1sticas, viol\u00e3o, coral e malabares, nos per\u00edodos da manh\u00e3, tarde e noite.<\/p>\n<p>O lan\u00e7amento do projeto foi no dia 28 de mar\u00e7o de 2015 na realiza\u00e7\u00e3o do evento \u201cArte na Pra\u00e7a\u201d, em comemora\u00e7\u00e3o ao anivers\u00e1rio da institui\u00e7\u00e3o. A escola ofereceu oficinas de artes para o p\u00fablico que estava na pra\u00e7a Saldanha Marinho e fez uma caminhada pelo cal\u00e7ad\u00e3o batendo palmas, representando o nome do projeto que \u00e9 \u201cAplauso\u201d.<\/p>\n<p>As demais a\u00e7\u00f5es aconteceram na Feira do Livro de Santa Maria. Com o grupo Sarau Corpoesia, os alunos do teatro adulto-avan\u00e7ado apresentaram um sarau de poesia corporal, convidando a todos para manifestar sua poesia atrav\u00e9s do corpo.<\/p>\n<p>Durante toda a feira, Os Sombrinhas, que eram alunos de inicia\u00e7\u00e3o de artes c\u00eanicas juvenil e adulto, realizaram interven\u00e7\u00f5es teatrais.<\/p>\n<p>Al\u00e9m disso, aconteceram duas sess\u00f5es de fragmentos do espet\u00e1culo chamado V\u00e3os.<\/p>\n<p>Essa participa\u00e7\u00e3o foi divulgada com cartazes e na internet, pela fanpage da institui\u00e7\u00e3o no facebook, com webcards. Tamb\u00e9m no facebook foram postados v\u00eddeos em que pessoas ligadas a \u00e1rea art\u00edstica e cultural de Santa Maria davam seus depoimentos a favor da EMAET e faziam a pergunta: \u201c Eu aplaudo a EMAET e voc\u00ea?\u201d.<\/p>\n<p>Para ter um maior alcance e ajudar a difundir a EMAET, foi elaborado um spot e um VT institucional que veiculou na RBS TV de Santa Maria.<\/p>\n<p>O projeto teve um retorno bastante favor\u00e1vel, visto que o grupo conseguiu duas chamadas para divulgar o projeto nos jornais locais, al\u00e9m de alcan\u00e7ar mais de 400 novas curtidas na p\u00e1gina no Facebook.<\/p>\n<p>ACAD\u00caMICOS: Ver\u00f4nica, Marcos , Mariana, Francine<\/p>\n<p><img fetchpriority=\"high\" decoding=\"async\" class=\"alignnone size-medium wp-image-718\" src=\"http:\/\/www.compp.unifra.br\/wp-content\/uploads\/2017\/06\/11212232_10205133582031574_1554290077_n-300x212.jpg\" alt=\"\" width=\"300\" height=\"212\" srcset=\"https:\/\/compp.ufn.edu.br\/wp-content\/uploads\/2017\/06\/11212232_10205133582031574_1554290077_n-300x212.jpg 300w, https:\/\/compp.ufn.edu.br\/wp-content\/uploads\/2017\/06\/11212232_10205133582031574_1554290077_n-768x543.jpg 768w, https:\/\/compp.ufn.edu.br\/wp-content\/uploads\/2017\/06\/11212232_10205133582031574_1554290077_n.jpg 960w\" sizes=\"(max-width: 300px) 100vw, 300px\" \/> <img decoding=\"async\" class=\"alignnone size-medium wp-image-719\" src=\"http:\/\/www.compp.unifra.br\/wp-content\/uploads\/2017\/06\/11120082_836469773098396_1365790778_n-300x198.jpg\" alt=\"\" width=\"300\" height=\"198\" srcset=\"https:\/\/compp.ufn.edu.br\/wp-content\/uploads\/2017\/06\/11120082_836469773098396_1365790778_n-300x198.jpg 300w, https:\/\/compp.ufn.edu.br\/wp-content\/uploads\/2017\/06\/11120082_836469773098396_1365790778_n-768x508.jpg 768w, https:\/\/compp.ufn.edu.br\/wp-content\/uploads\/2017\/06\/11120082_836469773098396_1365790778_n.jpg 960w\" sizes=\"(max-width: 300px) 100vw, 300px\" \/> <img decoding=\"async\" class=\"alignnone size-medium wp-image-720\" src=\"http:\/\/www.compp.unifra.br\/wp-content\/uploads\/2017\/06\/11152685_867660469958689_5458674373833959994_n-300x200.jpg\" alt=\"\" width=\"300\" height=\"200\" srcset=\"https:\/\/compp.ufn.edu.br\/wp-content\/uploads\/2017\/06\/11152685_867660469958689_5458674373833959994_n-300x200.jpg 300w, https:\/\/compp.ufn.edu.br\/wp-content\/uploads\/2017\/06\/11152685_867660469958689_5458674373833959994_n-768x512.jpg 768w, https:\/\/compp.ufn.edu.br\/wp-content\/uploads\/2017\/06\/11152685_867660469958689_5458674373833959994_n.jpg 960w\" sizes=\"(max-width: 300px) 100vw, 300px\" \/><img loading=\"lazy\" decoding=\"async\" class=\"alignnone size-medium wp-image-721\" src=\"http:\/\/www.compp.unifra.br\/wp-content\/uploads\/2017\/06\/11655366_1112735675409520_2011644087_n-300x225.jpg\" alt=\"\" width=\"300\" height=\"225\" srcset=\"https:\/\/compp.ufn.edu.br\/wp-content\/uploads\/2017\/06\/11655366_1112735675409520_2011644087_n-300x225.jpg 300w, https:\/\/compp.ufn.edu.br\/wp-content\/uploads\/2017\/06\/11655366_1112735675409520_2011644087_n.jpg 640w\" sizes=\"(max-width: 300px) 100vw, 300px\" \/> <img loading=\"lazy\" decoding=\"async\" class=\"alignnone size-medium wp-image-722\" src=\"http:\/\/www.compp.unifra.br\/wp-content\/uploads\/2017\/06\/11650682_1112735642076190_1318824387_n-300x225.jpg\" alt=\"\" width=\"300\" height=\"225\" srcset=\"https:\/\/compp.ufn.edu.br\/wp-content\/uploads\/2017\/06\/11650682_1112735642076190_1318824387_n-300x225.jpg 300w, https:\/\/compp.ufn.edu.br\/wp-content\/uploads\/2017\/06\/11650682_1112735642076190_1318824387_n.jpg 640w\" sizes=\"(max-width: 300px) 100vw, 300px\" \/> <img loading=\"lazy\" decoding=\"async\" class=\"alignnone size-medium wp-image-723\" src=\"http:\/\/www.compp.unifra.br\/wp-content\/uploads\/2017\/06\/11206029_867660329958703_2225650372624628817_n-188x300.jpg\" alt=\"\" width=\"188\" height=\"300\" srcset=\"https:\/\/compp.ufn.edu.br\/wp-content\/uploads\/2017\/06\/11206029_867660329958703_2225650372624628817_n-188x300.jpg 188w, https:\/\/compp.ufn.edu.br\/wp-content\/uploads\/2017\/06\/11206029_867660329958703_2225650372624628817_n.jpg 601w\" sizes=\"(max-width: 188px) 100vw, 188px\" \/> <img loading=\"lazy\" decoding=\"async\" class=\"alignnone size-medium wp-image-724\" src=\"http:\/\/www.compp.unifra.br\/wp-content\/uploads\/2017\/06\/11150706_867608453297224_8141316575238262086_n-300x231.jpg\" alt=\"\" width=\"300\" height=\"231\" srcset=\"https:\/\/compp.ufn.edu.br\/wp-content\/uploads\/2017\/06\/11150706_867608453297224_8141316575238262086_n-300x231.jpg 300w, https:\/\/compp.ufn.edu.br\/wp-content\/uploads\/2017\/06\/11150706_867608453297224_8141316575238262086_n-768x591.jpg 768w, https:\/\/compp.ufn.edu.br\/wp-content\/uploads\/2017\/06\/11150706_867608453297224_8141316575238262086_n.jpg 960w\" sizes=\"(max-width: 300px) 100vw, 300px\" \/><img loading=\"lazy\" decoding=\"async\" class=\"alignnone size-medium wp-image-725\" src=\"http:\/\/www.compp.unifra.br\/wp-content\/uploads\/2017\/06\/21827_867660553292014_5523394429791546117_n-300x200.jpg\" alt=\"\" width=\"300\" height=\"200\" srcset=\"https:\/\/compp.ufn.edu.br\/wp-content\/uploads\/2017\/06\/21827_867660553292014_5523394429791546117_n-300x200.jpg 300w, https:\/\/compp.ufn.edu.br\/wp-content\/uploads\/2017\/06\/21827_867660553292014_5523394429791546117_n-768x512.jpg 768w, https:\/\/compp.ufn.edu.br\/wp-content\/uploads\/2017\/06\/21827_867660553292014_5523394429791546117_n.jpg 960w\" sizes=\"(max-width: 300px) 100vw, 300px\" \/> <img loading=\"lazy\" decoding=\"async\" class=\"alignnone size-medium wp-image-726\" src=\"http:\/\/www.compp.unifra.br\/wp-content\/uploads\/2017\/06\/11238232_867660706625332_4410922397383458021_n-300x200.jpg\" alt=\"\" width=\"300\" height=\"200\" srcset=\"https:\/\/compp.ufn.edu.br\/wp-content\/uploads\/2017\/06\/11238232_867660706625332_4410922397383458021_n-300x200.jpg 300w, https:\/\/compp.ufn.edu.br\/wp-content\/uploads\/2017\/06\/11238232_867660706625332_4410922397383458021_n-768x513.jpg 768w, https:\/\/compp.ufn.edu.br\/wp-content\/uploads\/2017\/06\/11238232_867660706625332_4410922397383458021_n.jpg 960w\" sizes=\"(max-width: 300px) 100vw, 300px\" \/> <img loading=\"lazy\" decoding=\"async\" class=\"alignnone size-medium wp-image-727\" src=\"http:\/\/www.compp.unifra.br\/wp-content\/uploads\/2017\/06\/11210272_10205128010652293_1467477003_n-300x111.jpg\" alt=\"\" width=\"300\" height=\"111\" srcset=\"https:\/\/compp.ufn.edu.br\/wp-content\/uploads\/2017\/06\/11210272_10205128010652293_1467477003_n-300x111.jpg 300w, https:\/\/compp.ufn.edu.br\/wp-content\/uploads\/2017\/06\/11210272_10205128010652293_1467477003_n-768x285.jpg 768w, https:\/\/compp.ufn.edu.br\/wp-content\/uploads\/2017\/06\/11210272_10205128010652293_1467477003_n.jpg 852w\" sizes=\"(max-width: 300px) 100vw, 300px\" \/><\/p>\n","protected":false},"excerpt":{"rendered":"<p>O Projeto Aplauso foi uma iniciativa que teve como objetivo aumentar a visibilidade da escola EMAET \u2013 Escola Municipal de Artes Eduardo Trevisan \u2013 de Santa Maria, que \u00e9 uma das \u00fanicas escolas de artes p\u00fablica do pa\u00eds. Embora seja de \u00e2mbito municipal, a comunidade local e o poder p\u00fablico n\u00e3o reconheciam a import\u00e2ncia da [&hellip;]<\/p>\n","protected":false},"author":2,"featured_media":1051,"comment_status":"open","ping_status":"closed","template":"","meta":{"footnotes":""},"portfolio_category":[14],"portfolio_tag":[],"class_list":["post-717","portfolio","type-portfolio","status-publish","has-post-thumbnail","hentry","portfolio_category-14"],"_links":{"self":[{"href":"https:\/\/compp.ufn.edu.br\/index.php?rest_route=\/wp\/v2\/portfolio\/717","targetHints":{"allow":["GET"]}}],"collection":[{"href":"https:\/\/compp.ufn.edu.br\/index.php?rest_route=\/wp\/v2\/portfolio"}],"about":[{"href":"https:\/\/compp.ufn.edu.br\/index.php?rest_route=\/wp\/v2\/types\/portfolio"}],"author":[{"embeddable":true,"href":"https:\/\/compp.ufn.edu.br\/index.php?rest_route=\/wp\/v2\/users\/2"}],"replies":[{"embeddable":true,"href":"https:\/\/compp.ufn.edu.br\/index.php?rest_route=%2Fwp%2Fv2%2Fcomments&post=717"}],"version-history":[{"count":0,"href":"https:\/\/compp.ufn.edu.br\/index.php?rest_route=\/wp\/v2\/portfolio\/717\/revisions"}],"wp:featuredmedia":[{"embeddable":true,"href":"https:\/\/compp.ufn.edu.br\/index.php?rest_route=\/wp\/v2\/media\/1051"}],"wp:attachment":[{"href":"https:\/\/compp.ufn.edu.br\/index.php?rest_route=%2Fwp%2Fv2%2Fmedia&parent=717"}],"wp:term":[{"taxonomy":"portfolio_category","embeddable":true,"href":"https:\/\/compp.ufn.edu.br\/index.php?rest_route=%2Fwp%2Fv2%2Fportfolio_category&post=717"},{"taxonomy":"portfolio_tag","embeddable":true,"href":"https:\/\/compp.ufn.edu.br\/index.php?rest_route=%2Fwp%2Fv2%2Fportfolio_tag&post=717"}],"curies":[{"name":"wp","href":"https:\/\/api.w.org\/{rel}","templated":true}]}}

<p>O Projeto Aplauso foi uma iniciativa que teve como objetivo aumentar a visibilidade da escola EMAET – Escola Municipal de Artes Eduardo Trevisan – de Santa Maria, que é uma das únicas escolas de artes pública do país. Embora seja de âmbito municipal, a comunidade local e o poder público não reconheciam a importância da escola. Com frequência o número de professores era insuficiente para suprir a demanda e o espaço físico disponível, na Casa de Cultura, não oferecia condições necessárias para uma escola de artes.</p>
<p>A EMAET conta com mais de trezentos alunos entre crianças, jovens e adultos e oferece cursos gratuitos de teatro, artes plásticas, violão, coral e malabares, nos períodos da manhã, tarde e noite.</p>
<p>O lançamento do projeto foi no dia 28 de março de 2015 na realização do evento “Arte na Praça”, em comemoração ao aniversário da instituição. A escola ofereceu oficinas de artes para o público que estava na praça Saldanha Marinho e fez uma caminhada pelo calçadão batendo palmas, representando o nome do projeto que é “Aplauso”.</p>
<p>As demais ações aconteceram na Feira do Livro de Santa Maria. Com o grupo Sarau Corpoesia, os alunos do teatro adulto-avançado apresentaram um sarau de poesia corporal, convidando a todos para manifestar sua poesia através do corpo.</p>
<p>Durante toda a feira, Os Sombrinhas, que eram alunos de iniciação de artes cênicas juvenil e adulto, realizaram intervenções teatrais.</p>
<p>Além disso, aconteceram duas sessões de fragmentos do espetáculo chamado Vãos.</p>
<p>Essa participação foi divulgada com cartazes e na internet, pela fanpage da instituição no facebook, com webcards. Também no facebook foram postados vídeos em que pessoas ligadas a área artística e cultural de Santa Maria davam seus depoimentos a favor da EMAET e faziam a pergunta: “ Eu aplaudo a EMAET e você?”.</p>
<p>Para ter um maior alcance e ajudar a difundir a EMAET, foi elaborado um spot e um VT institucional que veiculou na RBS TV de Santa Maria.</p>
<p>O projeto teve um retorno bastante favorável, visto que o grupo conseguiu duas chamadas para divulgar o projeto nos jornais locais, além de alcançar mais de 400 novas curtidas na página no Facebook.</p>
<p>ACADÊMICOS: Verônica, Marcos , Mariana, Francine</p>
<p><img fetchpriority="high" decoding="async" class="alignnone size-medium wp-image-718" src="http://www.compp.unifra.br/wp-content/uploads/2017/06/11212232_10205133582031574_1554290077_n-300x212.jpg" alt="" width="300" height="212" srcset="https://compp.ufn.edu.br/wp-content/uploads/2017/06/11212232_10205133582031574_1554290077_n-300x212.jpg 300w, https://compp.ufn.edu.br/wp-content/uploads/2017/06/11212232_10205133582031574_1554290077_n-768x543.jpg 768w, https://compp.ufn.edu.br/wp-content/uploads/2017/06/11212232_10205133582031574_1554290077_n.jpg 960w" sizes="(max-width: 300px) 100vw, 300px" /> <img decoding="async" class="alignnone size-medium wp-image-719" src="http://www.compp.unifra.br/wp-content/uploads/2017/06/11120082_836469773098396_1365790778_n-300x198.jpg" alt="" width="300" height="198" srcset="https://compp.ufn.edu.br/wp-content/uploads/2017/06/11120082_836469773098396_1365790778_n-300x198.jpg 300w, https://compp.ufn.edu.br/wp-content/uploads/2017/06/11120082_836469773098396_1365790778_n-768x508.jpg 768w, https://compp.ufn.edu.br/wp-content/uploads/2017/06/11120082_836469773098396_1365790778_n.jpg 960w" sizes="(max-width: 300px) 100vw, 300px" /> <img decoding="async" class="alignnone size-medium wp-image-720" src="http://www.compp.unifra.br/wp-content/uploads/2017/06/11152685_867660469958689_5458674373833959994_n-300x200.jpg" alt="" width="300" height="200" srcset="https://compp.ufn.edu.br/wp-content/uploads/2017/06/11152685_867660469958689_5458674373833959994_n-300x200.jpg 300w, https://compp.ufn.edu.br/wp-content/uploads/2017/06/11152685_867660469958689_5458674373833959994_n-768x512.jpg 768w, https://compp.ufn.edu.br/wp-content/uploads/2017/06/11152685_867660469958689_5458674373833959994_n.jpg 960w" sizes="(max-width: 300px) 100vw, 300px" /><img loading="lazy" decoding="async" class="alignnone size-medium wp-image-721" src="http://www.compp.unifra.br/wp-content/uploads/2017/06/11655366_1112735675409520_2011644087_n-300x225.jpg" alt="" width="300" height="225" srcset="https://compp.ufn.edu.br/wp-content/uploads/2017/06/11655366_1112735675409520_2011644087_n-300x225.jpg 300w, https://compp.ufn.edu.br/wp-content/uploads/2017/06/11655366_1112735675409520_2011644087_n.jpg 640w" sizes="(max-width: 300px) 100vw, 300px" /> <img loading="lazy" decoding="async" class="alignnone size-medium wp-image-722" src="http://www.compp.unifra.br/wp-content/uploads/2017/06/11650682_1112735642076190_1318824387_n-300x225.jpg" alt="" width="300" height="225" srcset="https://compp.ufn.edu.br/wp-content/uploads/2017/06/11650682_1112735642076190_1318824387_n-300x225.jpg 300w, https://compp.ufn.edu.br/wp-content/uploads/2017/06/11650682_1112735642076190_1318824387_n.jpg 640w" sizes="(max-width: 300px) 100vw, 300px" /> <img loading="lazy" decoding="async" class="alignnone size-medium wp-image-723" src="http://www.compp.unifra.br/wp-content/uploads/2017/06/11206029_867660329958703_2225650372624628817_n-188x300.jpg" alt="" width="188" height="300" srcset="https://compp.ufn.edu.br/wp-content/uploads/2017/06/11206029_867660329958703_2225650372624628817_n-188x300.jpg 188w, https://compp.ufn.edu.br/wp-content/uploads/2017/06/11206029_867660329958703_2225650372624628817_n.jpg 601w" sizes="(max-width: 188px) 100vw, 188px" /> <img loading="lazy" decoding="async" class="alignnone size-medium wp-image-724" src="http://www.compp.unifra.br/wp-content/uploads/2017/06/11150706_867608453297224_8141316575238262086_n-300x231.jpg" alt="" width="300" height="231" srcset="https://compp.ufn.edu.br/wp-content/uploads/2017/06/11150706_867608453297224_8141316575238262086_n-300x231.jpg 300w, https://compp.ufn.edu.br/wp-content/uploads/2017/06/11150706_867608453297224_8141316575238262086_n-768x591.jpg 768w, https://compp.ufn.edu.br/wp-content/uploads/2017/06/11150706_867608453297224_8141316575238262086_n.jpg 960w" sizes="(max-width: 300px) 100vw, 300px" /><img loading="lazy" decoding="async" class="alignnone size-medium wp-image-725" src="http://www.compp.unifra.br/wp-content/uploads/2017/06/21827_867660553292014_5523394429791546117_n-300x200.jpg" alt="" width="300" height="200" srcset="https://compp.ufn.edu.br/wp-content/uploads/2017/06/21827_867660553292014_5523394429791546117_n-300x200.jpg 300w, https://compp.ufn.edu.br/wp-content/uploads/2017/06/21827_867660553292014_5523394429791546117_n-768x512.jpg 768w, https://compp.ufn.edu.br/wp-content/uploads/2017/06/21827_867660553292014_5523394429791546117_n.jpg 960w" sizes="(max-width: 300px) 100vw, 300px" /> <img loading="lazy" decoding="async" class="alignnone size-medium wp-image-726" src="http://www.compp.unifra.br/wp-content/uploads/2017/06/11238232_867660706625332_4410922397383458021_n-300x200.jpg" alt="" width="300" height="200" srcset="https://compp.ufn.edu.br/wp-content/uploads/2017/06/11238232_867660706625332_4410922397383458021_n-300x200.jpg 300w, https://compp.ufn.edu.br/wp-content/uploads/2017/06/11238232_867660706625332_4410922397383458021_n-768x513.jpg 768w, https://compp.ufn.edu.br/wp-content/uploads/2017/06/11238232_867660706625332_4410922397383458021_n.jpg 960w" sizes="(max-width: 300px) 100vw, 300px" /> <img loading="lazy" decoding="async" class="alignnone size-medium wp-image-727" src="http://www.compp.unifra.br/wp-content/uploads/2017/06/11210272_10205128010652293_1467477003_n-300x111.jpg" alt="" width="300" height="111" srcset="https://compp.ufn.edu.br/wp-content/uploads/2017/06/11210272_10205128010652293_1467477003_n-300x111.jpg 300w, https://compp.ufn.edu.br/wp-content/uploads/2017/06/11210272_10205128010652293_1467477003_n-768x285.jpg 768w, https://compp.ufn.edu.br/wp-content/uploads/2017/06/11210272_10205128010652293_1467477003_n.jpg 852w" sizes="(max-width: 300px) 100vw, 300px" /></p>

<p>O Projeto Aplauso foi uma iniciativa que teve como objetivo aumentar a visibilidade da escola EMAET – Escola Municipal de Artes Eduardo Trevisan – de Santa Maria, que é uma das únicas escolas de artes pública do país. Embora seja de âmbito municipal, a comunidade local e o poder público não reconheciam a importância da [&hellip;]</p>
