{"id":65,"date":"2016-10-26T09:20:30","date_gmt":"2016-10-26T11:20:30","guid":{"rendered":"http:\/\/www.compp.unifra.br\/?post_type=portfolio&amp;p=65"},"modified":"2016-10-26T09:20:30","modified_gmt":"2016-10-26T11:20:30","slug":"nutrindo-sonhos","status":"publish","type":"portfolio","link":"https:\/\/compp.ufn.edu.br\/?portfolio=nutrindo-sonhos","title":{"rendered":"Projeto Nutrindo Sonhos"},"content":{"rendered":"<p>O projeto Nutrindo Sonhos foi voltado especialmente para as crian\u00e7as da Aldeia Infantil SOS Url\u00e2ndia, institui\u00e7\u00e3o localizada no bairro Url\u00e2ndia, regi\u00e3o sul de Santa Maria, e uma das regi\u00f5es com alto n\u00edvel de vulnerabilidade social. A Aldeia atende 90 crian\u00e7as com idade pr\u00e9-escolar.<\/p>\n<p>Em diversas visitas \u00e0 institui\u00e7\u00e3o, a equipe percebeu o qu\u00e3o importante \u00e9 o trabalho realizado por eles e ofereceu momentos de recrea\u00e7\u00e3o, lazer e entretenimento e tamb\u00e9m procurou desenvolver o conhecimento no \u00e2mbito cultural e comunicacional. Como s\u00e3o muitas crian\u00e7as, o grupo escolheu a turma do pr\u00e9-B com 20 crian\u00e7as de 4 a 6 anos de idade, como p\u00fablico principal.<\/p>\n<p>O projeto organizou uma s\u00e9rie de a\u00e7\u00f5es: promoveu a visita do grupo Ga\u00facho Xiru, do CTG Sentinela da Quer\u00eancia, na semana farroupilha; reuniu volunt\u00e1rios para uma confraterniza\u00e7\u00e3o e distribui\u00e7\u00e3o de presentes para as crian\u00e7as no dia das crian\u00e7as; levou as crian\u00e7as para uma visita ao\u00a0Centro Universit\u00e1rio Franciscano, proporcionando um contato com os laborat\u00f3rios de inform\u00e1tica, fotografia e televis\u00e3o e sess\u00e3o fotogr\u00e1fica para a formatura das crian\u00e7as.<\/p>\n<p>As atividades proporcionaram motiva\u00e7\u00e3o e oportunidades diferenciadas para as crian\u00e7as e resultaram em aprendizado emocional tanto para as crian\u00e7as quanto para os acad\u00eamicos.<\/p>\n<p><strong>ACAD\u00caMICOS<\/strong><\/p>\n<p>Keila Marques, Vict\u00f3ria Luiza Severo de Moura, Giancarlo Fert<\/p>\n<p>&nbsp;<\/p>\n<p><img fetchpriority=\"high\" decoding=\"async\" class=\"alignnone size-medium wp-image-662\" src=\"http:\/\/www.compp.unifra.br\/wp-content\/uploads\/2016\/10\/1-1-300x169.jpg\" alt=\"\" width=\"300\" height=\"169\" srcset=\"https:\/\/compp.ufn.edu.br\/wp-content\/uploads\/2016\/10\/1-1-300x169.jpg 300w, https:\/\/compp.ufn.edu.br\/wp-content\/uploads\/2016\/10\/1-1-1024x576.jpg 1024w, https:\/\/compp.ufn.edu.br\/wp-content\/uploads\/2016\/10\/1-1-768x432.jpg 768w, https:\/\/compp.ufn.edu.br\/wp-content\/uploads\/2016\/10\/1-1.jpg 1366w\" sizes=\"(max-width: 300px) 100vw, 300px\" \/> <img decoding=\"async\" class=\"alignnone size-medium wp-image-663\" src=\"http:\/\/www.compp.unifra.br\/wp-content\/uploads\/2016\/10\/2-300x120.jpg\" alt=\"\" width=\"300\" height=\"120\" srcset=\"https:\/\/compp.ufn.edu.br\/wp-content\/uploads\/2016\/10\/2-300x120.jpg 300w, https:\/\/compp.ufn.edu.br\/wp-content\/uploads\/2016\/10\/2-1024x411.jpg 1024w, https:\/\/compp.ufn.edu.br\/wp-content\/uploads\/2016\/10\/2-768x308.jpg 768w, https:\/\/compp.ufn.edu.br\/wp-content\/uploads\/2016\/10\/2.jpg 1306w\" sizes=\"(max-width: 300px) 100vw, 300px\" \/> <img decoding=\"async\" class=\"alignnone size-medium wp-image-664\" src=\"http:\/\/www.compp.unifra.br\/wp-content\/uploads\/2016\/10\/3-300x123.jpg\" alt=\"\" width=\"300\" height=\"123\" srcset=\"https:\/\/compp.ufn.edu.br\/wp-content\/uploads\/2016\/10\/3-300x123.jpg 300w, https:\/\/compp.ufn.edu.br\/wp-content\/uploads\/2016\/10\/3-1024x420.jpg 1024w, https:\/\/compp.ufn.edu.br\/wp-content\/uploads\/2016\/10\/3-768x315.jpg 768w, https:\/\/compp.ufn.edu.br\/wp-content\/uploads\/2016\/10\/3.jpg 1167w\" sizes=\"(max-width: 300px) 100vw, 300px\" \/> <img loading=\"lazy\" decoding=\"async\" class=\"alignnone size-medium wp-image-665\" src=\"http:\/\/www.compp.unifra.br\/wp-content\/uploads\/2016\/10\/4-300x154.jpg\" alt=\"\" width=\"300\" height=\"154\" srcset=\"https:\/\/compp.ufn.edu.br\/wp-content\/uploads\/2016\/10\/4-300x154.jpg 300w, https:\/\/compp.ufn.edu.br\/wp-content\/uploads\/2016\/10\/4-1024x526.jpg 1024w, https:\/\/compp.ufn.edu.br\/wp-content\/uploads\/2016\/10\/4-768x395.jpg 768w, https:\/\/compp.ufn.edu.br\/wp-content\/uploads\/2016\/10\/4.jpg 1238w\" sizes=\"(max-width: 300px) 100vw, 300px\" \/> <img loading=\"lazy\" decoding=\"async\" class=\"alignnone size-medium wp-image-666\" src=\"http:\/\/www.compp.unifra.br\/wp-content\/uploads\/2016\/10\/5-300x164.jpg\" alt=\"\" width=\"300\" height=\"164\" srcset=\"https:\/\/compp.ufn.edu.br\/wp-content\/uploads\/2016\/10\/5-300x164.jpg 300w, https:\/\/compp.ufn.edu.br\/wp-content\/uploads\/2016\/10\/5-1024x560.jpg 1024w, https:\/\/compp.ufn.edu.br\/wp-content\/uploads\/2016\/10\/5-768x420.jpg 768w, https:\/\/compp.ufn.edu.br\/wp-content\/uploads\/2016\/10\/5.jpg 1338w\" sizes=\"(max-width: 300px) 100vw, 300px\" \/> <img loading=\"lazy\" decoding=\"async\" class=\"alignnone size-medium wp-image-667\" src=\"http:\/\/www.compp.unifra.br\/wp-content\/uploads\/2016\/10\/6-300x149.jpg\" alt=\"\" width=\"300\" height=\"149\" srcset=\"https:\/\/compp.ufn.edu.br\/wp-content\/uploads\/2016\/10\/6-300x149.jpg 300w, https:\/\/compp.ufn.edu.br\/wp-content\/uploads\/2016\/10\/6-768x381.jpg 768w, https:\/\/compp.ufn.edu.br\/wp-content\/uploads\/2016\/10\/6.jpg 1003w\" sizes=\"(max-width: 300px) 100vw, 300px\" \/> <img loading=\"lazy\" decoding=\"async\" class=\"alignnone size-medium wp-image-668\" src=\"http:\/\/www.compp.unifra.br\/wp-content\/uploads\/2016\/10\/7-300x160.jpg\" alt=\"\" width=\"300\" height=\"160\" srcset=\"https:\/\/compp.ufn.edu.br\/wp-content\/uploads\/2016\/10\/7-300x160.jpg 300w, https:\/\/compp.ufn.edu.br\/wp-content\/uploads\/2016\/10\/7-1024x548.jpg 1024w, https:\/\/compp.ufn.edu.br\/wp-content\/uploads\/2016\/10\/7-768x411.jpg 768w, https:\/\/compp.ufn.edu.br\/wp-content\/uploads\/2016\/10\/7.jpg 1337w\" sizes=\"(max-width: 300px) 100vw, 300px\" \/>\u00a0<img loading=\"lazy\" decoding=\"async\" class=\"alignnone size-medium wp-image-670\" src=\"http:\/\/www.compp.unifra.br\/wp-content\/uploads\/2016\/10\/9-300x147.jpg\" alt=\"\" width=\"300\" height=\"147\" srcset=\"https:\/\/compp.ufn.edu.br\/wp-content\/uploads\/2016\/10\/9-300x147.jpg 300w, https:\/\/compp.ufn.edu.br\/wp-content\/uploads\/2016\/10\/9-1024x500.jpg 1024w, https:\/\/compp.ufn.edu.br\/wp-content\/uploads\/2016\/10\/9-768x375.jpg 768w, https:\/\/compp.ufn.edu.br\/wp-content\/uploads\/2016\/10\/9.jpg 1197w\" sizes=\"(max-width: 300px) 100vw, 300px\" \/><img loading=\"lazy\" decoding=\"async\" class=\"alignnone size-medium wp-image-671\" src=\"http:\/\/www.compp.unifra.br\/wp-content\/uploads\/2016\/10\/8-1-300x115.jpg\" alt=\"\" width=\"300\" height=\"115\" srcset=\"https:\/\/compp.ufn.edu.br\/wp-content\/uploads\/2016\/10\/8-1-300x115.jpg 300w, https:\/\/compp.ufn.edu.br\/wp-content\/uploads\/2016\/10\/8-1-1024x392.jpg 1024w, https:\/\/compp.ufn.edu.br\/wp-content\/uploads\/2016\/10\/8-1-768x294.jpg 768w, https:\/\/compp.ufn.edu.br\/wp-content\/uploads\/2016\/10\/8-1.jpg 1326w\" sizes=\"(max-width: 300px) 100vw, 300px\" \/><\/p>\n<p>&nbsp;<\/p>\n<p><strong>\u00a0<\/strong><\/p>\n<h3 style=\"text-align: justify\"><\/h3>\n","protected":false},"excerpt":{"rendered":"<p>O projeto Nutrindo Sonhos foi voltado especialmente para as crian\u00e7as da Aldeia Infantil SOS Url\u00e2ndia, institui\u00e7\u00e3o localizada no bairro Url\u00e2ndia, regi\u00e3o sul de Santa Maria, e uma das regi\u00f5es com alto n\u00edvel de vulnerabilidade social. A Aldeia atende 90 crian\u00e7as com idade pr\u00e9-escolar. Em diversas visitas \u00e0 institui\u00e7\u00e3o, a equipe percebeu o qu\u00e3o importante \u00e9 [&hellip;]<\/p>\n","protected":false},"author":2,"featured_media":667,"comment_status":"open","ping_status":"closed","template":"","meta":{"footnotes":""},"portfolio_category":[20],"portfolio_tag":[],"class_list":["post-65","portfolio","type-portfolio","status-publish","has-post-thumbnail","hentry","portfolio_category-20"],"_links":{"self":[{"href":"https:\/\/compp.ufn.edu.br\/index.php?rest_route=\/wp\/v2\/portfolio\/65","targetHints":{"allow":["GET"]}}],"collection":[{"href":"https:\/\/compp.ufn.edu.br\/index.php?rest_route=\/wp\/v2\/portfolio"}],"about":[{"href":"https:\/\/compp.ufn.edu.br\/index.php?rest_route=\/wp\/v2\/types\/portfolio"}],"author":[{"embeddable":true,"href":"https:\/\/compp.ufn.edu.br\/index.php?rest_route=\/wp\/v2\/users\/2"}],"replies":[{"embeddable":true,"href":"https:\/\/compp.ufn.edu.br\/index.php?rest_route=%2Fwp%2Fv2%2Fcomments&post=65"}],"version-history":[{"count":0,"href":"https:\/\/compp.ufn.edu.br\/index.php?rest_route=\/wp\/v2\/portfolio\/65\/revisions"}],"wp:featuredmedia":[{"embeddable":true,"href":"https:\/\/compp.ufn.edu.br\/index.php?rest_route=\/wp\/v2\/media\/667"}],"wp:attachment":[{"href":"https:\/\/compp.ufn.edu.br\/index.php?rest_route=%2Fwp%2Fv2%2Fmedia&parent=65"}],"wp:term":[{"taxonomy":"portfolio_category","embeddable":true,"href":"https:\/\/compp.ufn.edu.br\/index.php?rest_route=%2Fwp%2Fv2%2Fportfolio_category&post=65"},{"taxonomy":"portfolio_tag","embeddable":true,"href":"https:\/\/compp.ufn.edu.br\/index.php?rest_route=%2Fwp%2Fv2%2Fportfolio_tag&post=65"}],"curies":[{"name":"wp","href":"https:\/\/api.w.org\/{rel}","templated":true}]}}

<p>O projeto Nutrindo Sonhos foi voltado especialmente para as crianças da Aldeia Infantil SOS Urlândia, instituição localizada no bairro Urlândia, região sul de Santa Maria, e uma das regiões com alto nível de vulnerabilidade social. A Aldeia atende 90 crianças com idade pré-escolar.</p>
<p>Em diversas visitas à instituição, a equipe percebeu o quão importante é o trabalho realizado por eles e ofereceu momentos de recreação, lazer e entretenimento e também procurou desenvolver o conhecimento no âmbito cultural e comunicacional. Como são muitas crianças, o grupo escolheu a turma do pré-B com 20 crianças de 4 a 6 anos de idade, como público principal.</p>
<p>O projeto organizou uma série de ações: promoveu a visita do grupo Gaúcho Xiru, do CTG Sentinela da Querência, na semana farroupilha; reuniu voluntários para uma confraternização e distribuição de presentes para as crianças no dia das crianças; levou as crianças para uma visita ao Centro Universitário Franciscano, proporcionando um contato com os laboratórios de informática, fotografia e televisão e sessão fotográfica para a formatura das crianças.</p>
<p>As atividades proporcionaram motivação e oportunidades diferenciadas para as crianças e resultaram em aprendizado emocional tanto para as crianças quanto para os acadêmicos.</p>
<p><strong>ACADÊMICOS</strong></p>
<p>Keila Marques, Victória Luiza Severo de Moura, Giancarlo Fert</p>
<p>&nbsp;</p>
<p><img fetchpriority="high" decoding="async" class="alignnone size-medium wp-image-662" src="http://www.compp.unifra.br/wp-content/uploads/2016/10/1-1-300x169.jpg" alt="" width="300" height="169" srcset="https://compp.ufn.edu.br/wp-content/uploads/2016/10/1-1-300x169.jpg 300w, https://compp.ufn.edu.br/wp-content/uploads/2016/10/1-1-1024x576.jpg 1024w, https://compp.ufn.edu.br/wp-content/uploads/2016/10/1-1-768x432.jpg 768w, https://compp.ufn.edu.br/wp-content/uploads/2016/10/1-1.jpg 1366w" sizes="(max-width: 300px) 100vw, 300px" /> <img decoding="async" class="alignnone size-medium wp-image-663" src="http://www.compp.unifra.br/wp-content/uploads/2016/10/2-300x120.jpg" alt="" width="300" height="120" srcset="https://compp.ufn.edu.br/wp-content/uploads/2016/10/2-300x120.jpg 300w, https://compp.ufn.edu.br/wp-content/uploads/2016/10/2-1024x411.jpg 1024w, https://compp.ufn.edu.br/wp-content/uploads/2016/10/2-768x308.jpg 768w, https://compp.ufn.edu.br/wp-content/uploads/2016/10/2.jpg 1306w" sizes="(max-width: 300px) 100vw, 300px" /> <img decoding="async" class="alignnone size-medium wp-image-664" src="http://www.compp.unifra.br/wp-content/uploads/2016/10/3-300x123.jpg" alt="" width="300" height="123" srcset="https://compp.ufn.edu.br/wp-content/uploads/2016/10/3-300x123.jpg 300w, https://compp.ufn.edu.br/wp-content/uploads/2016/10/3-1024x420.jpg 1024w, https://compp.ufn.edu.br/wp-content/uploads/2016/10/3-768x315.jpg 768w, https://compp.ufn.edu.br/wp-content/uploads/2016/10/3.jpg 1167w" sizes="(max-width: 300px) 100vw, 300px" /> <img loading="lazy" decoding="async" class="alignnone size-medium wp-image-665" src="http://www.compp.unifra.br/wp-content/uploads/2016/10/4-300x154.jpg" alt="" width="300" height="154" srcset="https://compp.ufn.edu.br/wp-content/uploads/2016/10/4-300x154.jpg 300w, https://compp.ufn.edu.br/wp-content/uploads/2016/10/4-1024x526.jpg 1024w, https://compp.ufn.edu.br/wp-content/uploads/2016/10/4-768x395.jpg 768w, https://compp.ufn.edu.br/wp-content/uploads/2016/10/4.jpg 1238w" sizes="(max-width: 300px) 100vw, 300px" /> <img loading="lazy" decoding="async" class="alignnone size-medium wp-image-666" src="http://www.compp.unifra.br/wp-content/uploads/2016/10/5-300x164.jpg" alt="" width="300" height="164" srcset="https://compp.ufn.edu.br/wp-content/uploads/2016/10/5-300x164.jpg 300w, https://compp.ufn.edu.br/wp-content/uploads/2016/10/5-1024x560.jpg 1024w, https://compp.ufn.edu.br/wp-content/uploads/2016/10/5-768x420.jpg 768w, https://compp.ufn.edu.br/wp-content/uploads/2016/10/5.jpg 1338w" sizes="(max-width: 300px) 100vw, 300px" /> <img loading="lazy" decoding="async" class="alignnone size-medium wp-image-667" src="http://www.compp.unifra.br/wp-content/uploads/2016/10/6-300x149.jpg" alt="" width="300" height="149" srcset="https://compp.ufn.edu.br/wp-content/uploads/2016/10/6-300x149.jpg 300w, https://compp.ufn.edu.br/wp-content/uploads/2016/10/6-768x381.jpg 768w, https://compp.ufn.edu.br/wp-content/uploads/2016/10/6.jpg 1003w" sizes="(max-width: 300px) 100vw, 300px" /> <img loading="lazy" decoding="async" class="alignnone size-medium wp-image-668" src="http://www.compp.unifra.br/wp-content/uploads/2016/10/7-300x160.jpg" alt="" width="300" height="160" srcset="https://compp.ufn.edu.br/wp-content/uploads/2016/10/7-300x160.jpg 300w, https://compp.ufn.edu.br/wp-content/uploads/2016/10/7-1024x548.jpg 1024w, https://compp.ufn.edu.br/wp-content/uploads/2016/10/7-768x411.jpg 768w, https://compp.ufn.edu.br/wp-content/uploads/2016/10/7.jpg 1337w" sizes="(max-width: 300px) 100vw, 300px" /> <img loading="lazy" decoding="async" class="alignnone size-medium wp-image-670" src="http://www.compp.unifra.br/wp-content/uploads/2016/10/9-300x147.jpg" alt="" width="300" height="147" srcset="https://compp.ufn.edu.br/wp-content/uploads/2016/10/9-300x147.jpg 300w, https://compp.ufn.edu.br/wp-content/uploads/2016/10/9-1024x500.jpg 1024w, https://compp.ufn.edu.br/wp-content/uploads/2016/10/9-768x375.jpg 768w, https://compp.ufn.edu.br/wp-content/uploads/2016/10/9.jpg 1197w" sizes="(max-width: 300px) 100vw, 300px" /><img loading="lazy" decoding="async" class="alignnone size-medium wp-image-671" src="http://www.compp.unifra.br/wp-content/uploads/2016/10/8-1-300x115.jpg" alt="" width="300" height="115" srcset="https://compp.ufn.edu.br/wp-content/uploads/2016/10/8-1-300x115.jpg 300w, https://compp.ufn.edu.br/wp-content/uploads/2016/10/8-1-1024x392.jpg 1024w, https://compp.ufn.edu.br/wp-content/uploads/2016/10/8-1-768x294.jpg 768w, https://compp.ufn.edu.br/wp-content/uploads/2016/10/8-1.jpg 1326w" sizes="(max-width: 300px) 100vw, 300px" /></p>
<p>&nbsp;</p>
<p><strong> </strong></p>
<h3 style="text-align: justify"></h3>

<p>O projeto Nutrindo Sonhos foi voltado especialmente para as crianças da Aldeia Infantil SOS Urlândia, instituição localizada no bairro Urlândia, região sul de Santa Maria, e uma das regiões com alto nível de vulnerabilidade social. A Aldeia atende 90 crianças com idade pré-escolar. Em diversas visitas à instituição, a equipe percebeu o quão importante é [&hellip;]</p>
