{"id":628,"date":"2018-03-16T10:52:52","date_gmt":"2018-03-16T13:52:52","guid":{"rendered":"http:\/\/www.compp.unifra.br\/?post_type=portfolio&amp;p=628"},"modified":"2018-03-16T10:52:52","modified_gmt":"2018-03-16T13:52:52","slug":"projeto-sonora","status":"publish","type":"portfolio","link":"https:\/\/compp.ufn.edu.br\/?portfolio=projeto-sonora","title":{"rendered":"Projeto Sonora"},"content":{"rendered":"<p><iframe title=\"Videocase Projeto Sonora COMPP\" width=\"800\" height=\"450\" src=\"https:\/\/www.youtube.com\/embed\/97Dh5o-flwQ?feature=oembed\" frameborder=\"0\" allow=\"accelerometer; autoplay; clipboard-write; encrypted-media; gyroscope; picture-in-picture\" allowfullscreen><\/iframe><\/p>\n<p>O Projeto Sonora teve como objetivo divulgar o projeto Orquestrando Arte e promover momentos de confraterniza\u00e7\u00e3o entre os profissionais, crian\u00e7as e colaboradores. A Orquestrando Arte \u00e9 uma associa\u00e7\u00e3o que desenvolve oficinas de artes integradas, como o ensino da m\u00fasica cl\u00e1ssica e coral para crian\u00e7as em situa\u00e7\u00e3o de risco da periferia da cidade de Santa Maria.<\/p>\n<p>A primeira atividade realizada do projeto, junto a institui\u00e7\u00e3o foi uma visita ao criadouro conservacionista S\u00e3o Br\u00e1s, em comemora\u00e7\u00e3o ao dia das crian\u00e7as. A visita\u00e7\u00e3o teve a participa\u00e7\u00e3o de vinte e quatro crian\u00e7as, seis professores respons\u00e1veis e duas guias que conduziram os grupos. A segunda a\u00e7\u00e3o foi realizada em parceria com o projeto Cerejeira, convidando o coral da associa\u00e7\u00e3o a participar da festa de Halloween realizada no abrigo esp\u00edrita Oscar Jos\u00e9 Pithan, promovendo um momento de intera\u00e7\u00e3o e troca de experi\u00eancias com os moradores do lar. A terceira a\u00e7\u00e3o realizada foi o dia do cinema, onde, no dia 1\u00ba de novembro, as crian\u00e7as foram levadas ao cinema para assistir ao filme Festa no C\u00e9u, com o apoio do pr\u00f3prio cinema que forneceu as pipocas e refrigerantes. A quarta a\u00e7\u00e3o foi voltada aos participantes da associa\u00e7\u00e3o, onde foi realizada uma festa de integra\u00e7\u00e3o em que foi feito um lanche especial com salgadinhos, cachorro-quente e doces.<\/p>\n<p>Visto que poucas pessoas tinham conhecimento sobre a associa\u00e7\u00e3o, foi elaborado, tamb\u00e9m, uma identidade visual, a partir da cria\u00e7\u00e3o da marca da Orquestrando Arte. Foram elaboradas pe\u00e7as publicit\u00e1rias que foram veiculados nos ve\u00edculos de comunica\u00e7\u00e3o da cidade, cujo conceito foi: Arte que transforma. Foi criada uma fanpage no Facebook para a associa\u00e7\u00e3o, com o intuito de construir um canal de comunica\u00e7\u00e3o entre a Orquestrando Arte e a comunidade, integra\u00e7\u00e3o essa, que foi realizada atrav\u00e9s de postagens, divulgando as a\u00e7\u00f5es e atividades da institui\u00e7\u00e3o, al\u00e9m de veicular pequenos document\u00e1rios narrando a hist\u00f3ria de vida dos participantes do projeto. Um total de seis document\u00e1rios veicularam com m\u00e9dia de dois minutos de dura\u00e7\u00e3o, com o objetivo de ressaltar a import\u00e2ncia da associa\u00e7\u00e3o na vida das crian\u00e7as.<\/p>\n<p>Foram criados spots de 15 e 30 segundos que foram ao ar na R\u00e1dio Ga\u00facha e na R\u00e1dio Unifra. Para a televis\u00e3o, foi criado um filme publicit\u00e1rio institucional de 30 segundos, que foi veiculado na RBS TV e na TV UNIFRA. E, para os jornais foram criados an\u00fancios para o Di\u00e1rio de Santa Maria que tamb\u00e9m apoiou o projeto. Devido \u00e0 boa repercuss\u00e3o, o projeto movimentou curtidas, visitas, coment\u00e1rios e compartilhamentos na p\u00e1gina do Facebook, al\u00e9m de ter sido exposto para 695.583 telespectadores em potencial, ouvido por cerca de 1066 ouvintes na r\u00e1dio e ter atingido leitores de 22.000 unidades do jornal.<\/p>\n<p>SLOGAN: Transforma realidades, cultiva talentos<\/p>\n<p><strong>ACAD\u00caMICOS: Amanda Ribeiro, Caroline Kalil, Alexsandro Pedrollo e Eduarda Borin.<\/strong><\/p>\n","protected":false},"excerpt":{"rendered":"<p>O Projeto Sonora teve como objetivo divulgar o projeto Orquestrando Arte e promover momentos de confraterniza\u00e7\u00e3o entre os profissionais, crian\u00e7as e colaboradores. A Orquestrando Arte \u00e9 uma associa\u00e7\u00e3o que desenvolve oficinas de artes integradas, como o ensino da m\u00fasica cl\u00e1ssica e coral para crian\u00e7as em situa\u00e7\u00e3o de risco da periferia da cidade de Santa Maria. [&hellip;]<\/p>\n","protected":false},"author":2,"featured_media":1147,"comment_status":"open","ping_status":"closed","template":"","meta":{"footnotes":""},"portfolio_category":[14],"portfolio_tag":[],"class_list":["post-628","portfolio","type-portfolio","status-publish","has-post-thumbnail","hentry","portfolio_category-14"],"_links":{"self":[{"href":"https:\/\/compp.ufn.edu.br\/index.php?rest_route=\/wp\/v2\/portfolio\/628","targetHints":{"allow":["GET"]}}],"collection":[{"href":"https:\/\/compp.ufn.edu.br\/index.php?rest_route=\/wp\/v2\/portfolio"}],"about":[{"href":"https:\/\/compp.ufn.edu.br\/index.php?rest_route=\/wp\/v2\/types\/portfolio"}],"author":[{"embeddable":true,"href":"https:\/\/compp.ufn.edu.br\/index.php?rest_route=\/wp\/v2\/users\/2"}],"replies":[{"embeddable":true,"href":"https:\/\/compp.ufn.edu.br\/index.php?rest_route=%2Fwp%2Fv2%2Fcomments&post=628"}],"version-history":[{"count":0,"href":"https:\/\/compp.ufn.edu.br\/index.php?rest_route=\/wp\/v2\/portfolio\/628\/revisions"}],"wp:featuredmedia":[{"embeddable":true,"href":"https:\/\/compp.ufn.edu.br\/index.php?rest_route=\/wp\/v2\/media\/1147"}],"wp:attachment":[{"href":"https:\/\/compp.ufn.edu.br\/index.php?rest_route=%2Fwp%2Fv2%2Fmedia&parent=628"}],"wp:term":[{"taxonomy":"portfolio_category","embeddable":true,"href":"https:\/\/compp.ufn.edu.br\/index.php?rest_route=%2Fwp%2Fv2%2Fportfolio_category&post=628"},{"taxonomy":"portfolio_tag","embeddable":true,"href":"https:\/\/compp.ufn.edu.br\/index.php?rest_route=%2Fwp%2Fv2%2Fportfolio_tag&post=628"}],"curies":[{"name":"wp","href":"https:\/\/api.w.org\/{rel}","templated":true}]}}

<p><iframe title="Videocase Projeto Sonora COMPP" width="800" height="450" src="https://www.youtube.com/embed/97Dh5o-flwQ?feature=oembed" frameborder="0" allow="accelerometer; autoplay; clipboard-write; encrypted-media; gyroscope; picture-in-picture" allowfullscreen></iframe></p>
<p>O Projeto Sonora teve como objetivo divulgar o projeto Orquestrando Arte e promover momentos de confraternização entre os profissionais, crianças e colaboradores. A Orquestrando Arte é uma associação que desenvolve oficinas de artes integradas, como o ensino da música clássica e coral para crianças em situação de risco da periferia da cidade de Santa Maria.</p>
<p>A primeira atividade realizada do projeto, junto a instituição foi uma visita ao criadouro conservacionista São Brás, em comemoração ao dia das crianças. A visitação teve a participação de vinte e quatro crianças, seis professores responsáveis e duas guias que conduziram os grupos. A segunda ação foi realizada em parceria com o projeto Cerejeira, convidando o coral da associação a participar da festa de Halloween realizada no abrigo espírita Oscar José Pithan, promovendo um momento de interação e troca de experiências com os moradores do lar. A terceira ação realizada foi o dia do cinema, onde, no dia 1º de novembro, as crianças foram levadas ao cinema para assistir ao filme Festa no Céu, com o apoio do próprio cinema que forneceu as pipocas e refrigerantes. A quarta ação foi voltada aos participantes da associação, onde foi realizada uma festa de integração em que foi feito um lanche especial com salgadinhos, cachorro-quente e doces.</p>
<p>Visto que poucas pessoas tinham conhecimento sobre a associação, foi elaborado, também, uma identidade visual, a partir da criação da marca da Orquestrando Arte. Foram elaboradas peças publicitárias que foram veiculados nos veículos de comunicação da cidade, cujo conceito foi: Arte que transforma. Foi criada uma fanpage no Facebook para a associação, com o intuito de construir um canal de comunicação entre a Orquestrando Arte e a comunidade, integração essa, que foi realizada através de postagens, divulgando as ações e atividades da instituição, além de veicular pequenos documentários narrando a história de vida dos participantes do projeto. Um total de seis documentários veicularam com média de dois minutos de duração, com o objetivo de ressaltar a importância da associação na vida das crianças.</p>
<p>Foram criados spots de 15 e 30 segundos que foram ao ar na Rádio Gaúcha e na Rádio Unifra. Para a televisão, foi criado um filme publicitário institucional de 30 segundos, que foi veiculado na RBS TV e na TV UNIFRA. E, para os jornais foram criados anúncios para o Diário de Santa Maria que também apoiou o projeto. Devido à boa repercussão, o projeto movimentou curtidas, visitas, comentários e compartilhamentos na página do Facebook, além de ter sido exposto para 695.583 telespectadores em potencial, ouvido por cerca de 1066 ouvintes na rádio e ter atingido leitores de 22.000 unidades do jornal.</p>
<p>SLOGAN: Transforma realidades, cultiva talentos</p>
<p><strong>ACADÊMICOS: Amanda Ribeiro, Caroline Kalil, Alexsandro Pedrollo e Eduarda Borin.</strong></p>

<p>O Projeto Sonora teve como objetivo divulgar o projeto Orquestrando Arte e promover momentos de confraternização entre os profissionais, crianças e colaboradores. A Orquestrando Arte é uma associação que desenvolve oficinas de artes integradas, como o ensino da música clássica e coral para crianças em situação de risco da periferia da cidade de Santa Maria. [&hellip;]</p>
