{"id":59,"date":"2016-10-26T09:14:42","date_gmt":"2016-10-26T11:14:42","guid":{"rendered":"http:\/\/www.compp.unifra.br\/?post_type=portfolio&amp;p=59"},"modified":"2016-10-26T09:14:42","modified_gmt":"2016-10-26T11:14:42","slug":"projeto-primavera-do-lar-vila-das-flores","status":"publish","type":"portfolio","link":"https:\/\/compp.ufn.edu.br\/?portfolio=projeto-primavera-do-lar-vila-das-flores","title":{"rendered":"Projeto Primavera"},"content":{"rendered":"<p>https:\/\/www.youtube.com\/watch?v=EwUFLoZlBgE<\/p>\n<p>O Projeto Primavera foi uma iniciativa inspirada na pureza e alegria da primavera, e teve como objetivo dar visibilidade a institui\u00e7\u00e3o Lar Vila das Flores. O Lar \u00e9 uma institui\u00e7\u00e3o que atende crian\u00e7as no turno oposto \u00e0 escola e sobrevive de doa\u00e7\u00f5es e trabalhos volunt\u00e1rios pois n\u00e3o recebe recursos p\u00fablicos. Para que a ideia do projeto fosse efetiva, a equipe procurou realizar a\u00e7\u00f5es on-line e off-line, entre os meses de setembro e novembro de 2016.<\/p>\n<p>As a\u00e7\u00f5es online contaram com a cria\u00e7\u00e3o de uma p\u00e1gina no Facebook com postagens informativas, apresentando o projeto, a institui\u00e7\u00e3o, trazendo posts tem\u00e1ticos sobre flores e primavera. Al\u00e9m dos posts, foram publicados dois v\u00eddeos: um institucional e o outro com um jingle criado especialmente para o Projeto Primavera.<\/p>\n<p>A a\u00e7\u00e3o off-line foi realizada no Royal Plaza Shopping. As crian\u00e7as da institui\u00e7\u00e3o foram fotografadas e responderam \u00e0 pergunta: o que voc\u00ea quer ser quando crescer? As fotografias passaram por processo de manipula\u00e7\u00e3o que simulou os rostos das crian\u00e7as florescendo. As fotos de cada crian\u00e7a com a resposta \u00e0 pergunta foram expostas em cartazes em um ambiente criado especialmente para a exposi\u00e7\u00e3o. Tamb\u00e9m havia um cartaz em branco no qual as pessoas escreviam quais eram seus sonhos de inf\u00e2ncia.<\/p>\n<p>Devido a ampla exposi\u00e7\u00e3o obtida pela divulga\u00e7\u00e3o em r\u00e1dios e jornais da cidade, o projeto teve resultados muito positivos, levando muitas pessoas que n\u00e3o conheciam o Lar Vila das Flores a se interessar pela causa da institui\u00e7\u00e3o.<\/p>\n<p>O slogan da campanha foi \u201cque cres\u00e7a flor onde se planta amor\u201d.<\/p>\n<p><strong>ACAD\u00caMICOS\u00a0<\/strong><\/p>\n<p>Let\u00edcia Vianna, Lucas Baggio, Roberta Porto Alegre e Camila Ferrari<\/p>\n<p>&nbsp;<\/p>\n<p>&nbsp;<\/p>\n<h3 style=\"text-align: justify\"><strong>WEBCARDS<\/strong><\/h3>\n<div id='gallery-1' class='gallery galleryid-59 gallery-columns-3 gallery-size-medium'><figure class='gallery-item'>\n\t\t\t<div class='gallery-icon landscape'>\n\t\t\t\t<a href='https:\/\/compp.ufn.edu.br\/?attachment_id=604'><img fetchpriority=\"high\" decoding=\"async\" width=\"300\" height=\"250\" src=\"https:\/\/compp.ufn.edu.br\/wp-content\/uploads\/2016\/10\/Exposicao_Estamos-no-Royal-300x250.png\" class=\"attachment-medium size-medium\" alt=\"\" srcset=\"https:\/\/compp.ufn.edu.br\/wp-content\/uploads\/2016\/10\/Exposicao_Estamos-no-Royal-300x250.png 300w, https:\/\/compp.ufn.edu.br\/wp-content\/uploads\/2016\/10\/Exposicao_Estamos-no-Royal-1024x853.png 1024w, https:\/\/compp.ufn.edu.br\/wp-content\/uploads\/2016\/10\/Exposicao_Estamos-no-Royal-768x640.png 768w, https:\/\/compp.ufn.edu.br\/wp-content\/uploads\/2016\/10\/Exposicao_Estamos-no-Royal.png 1200w\" sizes=\"(max-width: 300px) 100vw, 300px\" \/><\/a>\n\t\t\t<\/div><\/figure><figure class='gallery-item'>\n\t\t\t<div class='gallery-icon landscape'>\n\t\t\t\t<a href='https:\/\/compp.ufn.edu.br\/?attachment_id=605'><img decoding=\"async\" width=\"300\" height=\"275\" src=\"https:\/\/compp.ufn.edu.br\/wp-content\/uploads\/2016\/10\/Post_Apresentacao-300x275.png\" class=\"attachment-medium size-medium\" alt=\"\" srcset=\"https:\/\/compp.ufn.edu.br\/wp-content\/uploads\/2016\/10\/Post_Apresentacao-300x275.png 300w, https:\/\/compp.ufn.edu.br\/wp-content\/uploads\/2016\/10\/Post_Apresentacao-1024x939.png 1024w, https:\/\/compp.ufn.edu.br\/wp-content\/uploads\/2016\/10\/Post_Apresentacao-768x705.png 768w, https:\/\/compp.ufn.edu.br\/wp-content\/uploads\/2016\/10\/Post_Apresentacao.png 1090w\" sizes=\"(max-width: 300px) 100vw, 300px\" \/><\/a>\n\t\t\t<\/div><\/figure><figure class='gallery-item'>\n\t\t\t<div class='gallery-icon landscape'>\n\t\t\t\t<a href='https:\/\/compp.ufn.edu.br\/?attachment_id=603'><img decoding=\"async\" width=\"300\" height=\"250\" src=\"https:\/\/compp.ufn.edu.br\/wp-content\/uploads\/2016\/10\/Exposicao-300x250.png\" class=\"attachment-medium size-medium\" alt=\"\" srcset=\"https:\/\/compp.ufn.edu.br\/wp-content\/uploads\/2016\/10\/Exposicao-300x250.png 300w, https:\/\/compp.ufn.edu.br\/wp-content\/uploads\/2016\/10\/Exposicao-1024x853.png 1024w, https:\/\/compp.ufn.edu.br\/wp-content\/uploads\/2016\/10\/Exposicao-768x640.png 768w, https:\/\/compp.ufn.edu.br\/wp-content\/uploads\/2016\/10\/Exposicao.png 1200w\" sizes=\"(max-width: 300px) 100vw, 300px\" \/><\/a>\n\t\t\t<\/div><\/figure><figure class='gallery-item'>\n\t\t\t<div class='gallery-icon landscape'>\n\t\t\t\t<a href='https:\/\/compp.ufn.edu.br\/?attachment_id=606'><img loading=\"lazy\" decoding=\"async\" width=\"300\" height=\"250\" src=\"https:\/\/compp.ufn.edu.br\/wp-content\/uploads\/2016\/10\/Primavera-300x250.png\" class=\"attachment-medium size-medium\" alt=\"\" srcset=\"https:\/\/compp.ufn.edu.br\/wp-content\/uploads\/2016\/10\/Primavera-300x250.png 300w, https:\/\/compp.ufn.edu.br\/wp-content\/uploads\/2016\/10\/Primavera-1024x853.png 1024w, https:\/\/compp.ufn.edu.br\/wp-content\/uploads\/2016\/10\/Primavera-768x640.png 768w, https:\/\/compp.ufn.edu.br\/wp-content\/uploads\/2016\/10\/Primavera.png 1200w\" sizes=\"(max-width: 300px) 100vw, 300px\" \/><\/a>\n\t\t\t<\/div><\/figure><figure class='gallery-item'>\n\t\t\t<div class='gallery-icon landscape'>\n\t\t\t\t<a href='https:\/\/compp.ufn.edu.br\/?attachment_id=607'><img loading=\"lazy\" decoding=\"async\" width=\"300\" height=\"250\" src=\"https:\/\/compp.ufn.edu.br\/wp-content\/uploads\/2016\/10\/Dia-do-teatro-300x250.png\" class=\"attachment-medium size-medium\" alt=\"\" srcset=\"https:\/\/compp.ufn.edu.br\/wp-content\/uploads\/2016\/10\/Dia-do-teatro-300x250.png 300w, https:\/\/compp.ufn.edu.br\/wp-content\/uploads\/2016\/10\/Dia-do-teatro-1024x853.png 1024w, https:\/\/compp.ufn.edu.br\/wp-content\/uploads\/2016\/10\/Dia-do-teatro-768x640.png 768w, https:\/\/compp.ufn.edu.br\/wp-content\/uploads\/2016\/10\/Dia-do-teatro.png 1200w\" sizes=\"(max-width: 300px) 100vw, 300px\" \/><\/a>\n\t\t\t<\/div><\/figure><figure class='gallery-item'>\n\t\t\t<div class='gallery-icon landscape'>\n\t\t\t\t<a href='https:\/\/compp.ufn.edu.br\/?attachment_id=608'><img loading=\"lazy\" decoding=\"async\" width=\"300\" height=\"250\" src=\"https:\/\/compp.ufn.edu.br\/wp-content\/uploads\/2016\/10\/Dia-do-Gaucho-300x250.png\" class=\"attachment-medium size-medium\" alt=\"\" srcset=\"https:\/\/compp.ufn.edu.br\/wp-content\/uploads\/2016\/10\/Dia-do-Gaucho-300x250.png 300w, https:\/\/compp.ufn.edu.br\/wp-content\/uploads\/2016\/10\/Dia-do-Gaucho-1024x853.png 1024w, https:\/\/compp.ufn.edu.br\/wp-content\/uploads\/2016\/10\/Dia-do-Gaucho-768x640.png 768w, https:\/\/compp.ufn.edu.br\/wp-content\/uploads\/2016\/10\/Dia-do-Gaucho.png 1200w\" sizes=\"(max-width: 300px) 100vw, 300px\" \/><\/a>\n\t\t\t<\/div><\/figure>\n\t\t<\/div>\n\n","protected":false},"excerpt":{"rendered":"<p>https:\/\/www.youtube.com\/watch?v=EwUFLoZlBgE O Projeto Primavera foi uma iniciativa inspirada na pureza e alegria da primavera, e teve como objetivo dar visibilidade a institui\u00e7\u00e3o Lar Vila das Flores. O Lar \u00e9 uma institui\u00e7\u00e3o que atende crian\u00e7as no turno oposto \u00e0 escola e sobrevive de doa\u00e7\u00f5es e trabalhos volunt\u00e1rios pois n\u00e3o recebe recursos p\u00fablicos. Para que a ideia [&hellip;]<\/p>\n","protected":false},"author":2,"featured_media":605,"comment_status":"open","ping_status":"closed","template":"","meta":{"footnotes":""},"portfolio_category":[20],"portfolio_tag":[],"class_list":["post-59","portfolio","type-portfolio","status-publish","has-post-thumbnail","hentry","portfolio_category-20"],"_links":{"self":[{"href":"https:\/\/compp.ufn.edu.br\/index.php?rest_route=\/wp\/v2\/portfolio\/59","targetHints":{"allow":["GET"]}}],"collection":[{"href":"https:\/\/compp.ufn.edu.br\/index.php?rest_route=\/wp\/v2\/portfolio"}],"about":[{"href":"https:\/\/compp.ufn.edu.br\/index.php?rest_route=\/wp\/v2\/types\/portfolio"}],"author":[{"embeddable":true,"href":"https:\/\/compp.ufn.edu.br\/index.php?rest_route=\/wp\/v2\/users\/2"}],"replies":[{"embeddable":true,"href":"https:\/\/compp.ufn.edu.br\/index.php?rest_route=%2Fwp%2Fv2%2Fcomments&post=59"}],"version-history":[{"count":0,"href":"https:\/\/compp.ufn.edu.br\/index.php?rest_route=\/wp\/v2\/portfolio\/59\/revisions"}],"wp:featuredmedia":[{"embeddable":true,"href":"https:\/\/compp.ufn.edu.br\/index.php?rest_route=\/wp\/v2\/media\/605"}],"wp:attachment":[{"href":"https:\/\/compp.ufn.edu.br\/index.php?rest_route=%2Fwp%2Fv2%2Fmedia&parent=59"}],"wp:term":[{"taxonomy":"portfolio_category","embeddable":true,"href":"https:\/\/compp.ufn.edu.br\/index.php?rest_route=%2Fwp%2Fv2%2Fportfolio_category&post=59"},{"taxonomy":"portfolio_tag","embeddable":true,"href":"https:\/\/compp.ufn.edu.br\/index.php?rest_route=%2Fwp%2Fv2%2Fportfolio_tag&post=59"}],"curies":[{"name":"wp","href":"https:\/\/api.w.org\/{rel}","templated":true}]}}

<p>https://www.youtube.com/watch?v=EwUFLoZlBgE</p>
<p>O Projeto Primavera foi uma iniciativa inspirada na pureza e alegria da primavera, e teve como objetivo dar visibilidade a instituição Lar Vila das Flores. O Lar é uma instituição que atende crianças no turno oposto à escola e sobrevive de doações e trabalhos voluntários pois não recebe recursos públicos. Para que a ideia do projeto fosse efetiva, a equipe procurou realizar ações on-line e off-line, entre os meses de setembro e novembro de 2016.</p>
<p>As ações online contaram com a criação de uma página no Facebook com postagens informativas, apresentando o projeto, a instituição, trazendo posts temáticos sobre flores e primavera. Além dos posts, foram publicados dois vídeos: um institucional e o outro com um jingle criado especialmente para o Projeto Primavera.</p>
<p>A ação off-line foi realizada no Royal Plaza Shopping. As crianças da instituição foram fotografadas e responderam à pergunta: o que você quer ser quando crescer? As fotografias passaram por processo de manipulação que simulou os rostos das crianças florescendo. As fotos de cada criança com a resposta à pergunta foram expostas em cartazes em um ambiente criado especialmente para a exposição. Também havia um cartaz em branco no qual as pessoas escreviam quais eram seus sonhos de infância.</p>
<p>Devido a ampla exposição obtida pela divulgação em rádios e jornais da cidade, o projeto teve resultados muito positivos, levando muitas pessoas que não conheciam o Lar Vila das Flores a se interessar pela causa da instituição.</p>
<p>O slogan da campanha foi “que cresça flor onde se planta amor”.</p>
<p><strong>ACADÊMICOS </strong></p>
<p>Letícia Vianna, Lucas Baggio, Roberta Porto Alegre e Camila Ferrari</p>
<p>&nbsp;</p>
<p>&nbsp;</p>
<h3 style="text-align: justify"><strong>WEBCARDS</strong></h3>
<div id='gallery-1' class='gallery galleryid-59 gallery-columns-3 gallery-size-medium'><figure class='gallery-item'>
			<div class='gallery-icon landscape'>
				<a href='https://compp.ufn.edu.br/?attachment_id=604'><img fetchpriority="high" decoding="async" width="300" height="250" src="https://compp.ufn.edu.br/wp-content/uploads/2016/10/Exposicao_Estamos-no-Royal-300x250.png" class="attachment-medium size-medium" alt="" srcset="https://compp.ufn.edu.br/wp-content/uploads/2016/10/Exposicao_Estamos-no-Royal-300x250.png 300w, https://compp.ufn.edu.br/wp-content/uploads/2016/10/Exposicao_Estamos-no-Royal-1024x853.png 1024w, https://compp.ufn.edu.br/wp-content/uploads/2016/10/Exposicao_Estamos-no-Royal-768x640.png 768w, https://compp.ufn.edu.br/wp-content/uploads/2016/10/Exposicao_Estamos-no-Royal.png 1200w" sizes="(max-width: 300px) 100vw, 300px" /></a>
			</div></figure><figure class='gallery-item'>
			<div class='gallery-icon landscape'>
				<a href='https://compp.ufn.edu.br/?attachment_id=605'><img decoding="async" width="300" height="275" src="https://compp.ufn.edu.br/wp-content/uploads/2016/10/Post_Apresentacao-300x275.png" class="attachment-medium size-medium" alt="" srcset="https://compp.ufn.edu.br/wp-content/uploads/2016/10/Post_Apresentacao-300x275.png 300w, https://compp.ufn.edu.br/wp-content/uploads/2016/10/Post_Apresentacao-1024x939.png 1024w, https://compp.ufn.edu.br/wp-content/uploads/2016/10/Post_Apresentacao-768x705.png 768w, https://compp.ufn.edu.br/wp-content/uploads/2016/10/Post_Apresentacao.png 1090w" sizes="(max-width: 300px) 100vw, 300px" /></a>
			</div></figure><figure class='gallery-item'>
			<div class='gallery-icon landscape'>
				<a href='https://compp.ufn.edu.br/?attachment_id=603'><img decoding="async" width="300" height="250" src="https://compp.ufn.edu.br/wp-content/uploads/2016/10/Exposicao-300x250.png" class="attachment-medium size-medium" alt="" srcset="https://compp.ufn.edu.br/wp-content/uploads/2016/10/Exposicao-300x250.png 300w, https://compp.ufn.edu.br/wp-content/uploads/2016/10/Exposicao-1024x853.png 1024w, https://compp.ufn.edu.br/wp-content/uploads/2016/10/Exposicao-768x640.png 768w, https://compp.ufn.edu.br/wp-content/uploads/2016/10/Exposicao.png 1200w" sizes="(max-width: 300px) 100vw, 300px" /></a>
			</div></figure><figure class='gallery-item'>
			<div class='gallery-icon landscape'>
				<a href='https://compp.ufn.edu.br/?attachment_id=606'><img loading="lazy" decoding="async" width="300" height="250" src="https://compp.ufn.edu.br/wp-content/uploads/2016/10/Primavera-300x250.png" class="attachment-medium size-medium" alt="" srcset="https://compp.ufn.edu.br/wp-content/uploads/2016/10/Primavera-300x250.png 300w, https://compp.ufn.edu.br/wp-content/uploads/2016/10/Primavera-1024x853.png 1024w, https://compp.ufn.edu.br/wp-content/uploads/2016/10/Primavera-768x640.png 768w, https://compp.ufn.edu.br/wp-content/uploads/2016/10/Primavera.png 1200w" sizes="(max-width: 300px) 100vw, 300px" /></a>
			</div></figure><figure class='gallery-item'>
			<div class='gallery-icon landscape'>
				<a href='https://compp.ufn.edu.br/?attachment_id=607'><img loading="lazy" decoding="async" width="300" height="250" src="https://compp.ufn.edu.br/wp-content/uploads/2016/10/Dia-do-teatro-300x250.png" class="attachment-medium size-medium" alt="" srcset="https://compp.ufn.edu.br/wp-content/uploads/2016/10/Dia-do-teatro-300x250.png 300w, https://compp.ufn.edu.br/wp-content/uploads/2016/10/Dia-do-teatro-1024x853.png 1024w, https://compp.ufn.edu.br/wp-content/uploads/2016/10/Dia-do-teatro-768x640.png 768w, https://compp.ufn.edu.br/wp-content/uploads/2016/10/Dia-do-teatro.png 1200w" sizes="(max-width: 300px) 100vw, 300px" /></a>
			</div></figure><figure class='gallery-item'>
			<div class='gallery-icon landscape'>
				<a href='https://compp.ufn.edu.br/?attachment_id=608'><img loading="lazy" decoding="async" width="300" height="250" src="https://compp.ufn.edu.br/wp-content/uploads/2016/10/Dia-do-Gaucho-300x250.png" class="attachment-medium size-medium" alt="" srcset="https://compp.ufn.edu.br/wp-content/uploads/2016/10/Dia-do-Gaucho-300x250.png 300w, https://compp.ufn.edu.br/wp-content/uploads/2016/10/Dia-do-Gaucho-1024x853.png 1024w, https://compp.ufn.edu.br/wp-content/uploads/2016/10/Dia-do-Gaucho-768x640.png 768w, https://compp.ufn.edu.br/wp-content/uploads/2016/10/Dia-do-Gaucho.png 1200w" sizes="(max-width: 300px) 100vw, 300px" /></a>
			</div></figure>
		</div>

<p>https://www.youtube.com/watch?v=EwUFLoZlBgE O Projeto Primavera foi uma iniciativa inspirada na pureza e alegria da primavera, e teve como objetivo dar visibilidade a instituição Lar Vila das Flores. O Lar é uma instituição que atende crianças no turno oposto à escola e sobrevive de doações e trabalhos voluntários pois não recebe recursos públicos. Para que a ideia [&hellip;]</p>
