{"id":562,"date":"2017-05-22T16:12:55","date_gmt":"2017-05-22T19:12:55","guid":{"rendered":"http:\/\/www.compp.unifra.br\/?post_type=portfolio&amp;p=562"},"modified":"2017-05-22T16:12:55","modified_gmt":"2017-05-22T19:12:55","slug":"projeto-transformar","status":"publish","type":"portfolio","link":"https:\/\/compp.ufn.edu.br\/?portfolio=projeto-transformar","title":{"rendered":"Projeto Transformar"},"content":{"rendered":"<p>https:\/\/www.youtube.com\/watch?v=nOYVZ6apHXE<\/p>\n<p>Projeto Transformar abordou a quest\u00e3o da transfobia, viol\u00eancia vivida diariamente por pessoas trans. A transfobia \u00e9 o desrespeito a sua identidade de g\u00eanero, \u00e9 ser ignoradx pelo mercado de trabalho ou ser expulsx da escola. \u00c9 ter seus diretos negados, n\u00e3o poder usar seu nome ou ter o acesso negado a coisas primordiais, como banheiro. Al\u00e9m disso, essas pessoas s\u00e3o alvos de viol\u00eancia f\u00edsica e verbal.<\/p>\n<p>A causa foi escolhida pois o grupo julga necess\u00e1rio desconstruir preconceitos integrados na sociedade em rela\u00e7\u00e3o as pessoas transg\u00eanero. Para isso, foi criado o projeto que teve como objetivo conscientizar o p\u00fablico em geral a respeito da transgeneridade, convidando a sociedade a tornar-se mais inclusiva. Por fim, buscou empoderar as pessoas transg\u00eanero ao oferecer-lhes um espa\u00e7o de visibilidade.<\/p>\n<p>Foi criada uma fanpage no Facebook: <a href=\"https:\/\/www.facebook.com\/projetotransformarsm\/\">https:\/\/www.facebook.com\/projetotransformarsm\/<\/a><\/p>\n<p>A primeira postagem foi um v\u00eddeo que ilustrou um poema Um Brinde, de Virg\u00ednia Guitzel.<\/p>\n<p>Tamb\u00e9m foram elaborados audiovisuais curtos com depoimentos de quatro pessoas transexuais da cidade de Santa Maria (Maria Eva, Alef, Markita e Ellen) para falar de suas vivencias e experi\u00eancias com a transfobia e com a professora Marta Souza que trabalha com o assunto na \u00e1rea da sa\u00fade.<\/p>\n<p>Os resultados do projeto foram positivos, alcan\u00e7ou 7.500 pessoas, 385 curtidas na fanpage do facebook e o audiovisual teve 3 mil visualiza\u00e7\u00f5es e 60 compartilhamentos.<\/p>\n<p><strong>ACAD\u00caMICOS<\/strong><\/p>\n<p>Eduardo Jardim, J\u00e9ssica Carvalho, Jos\u00e9 Wilian Bortoloto, Louren\u00e7o Manke e Lucas Campara<\/p>\n<p><strong>GALERIA DE FOTOS<\/strong><\/p>\n<div id='gallery-1' class='gallery galleryid-562 gallery-columns-3 gallery-size-medium'><figure class='gallery-item'>\n\t\t\t<div class='gallery-icon portrait'>\n\t\t\t\t<a href='https:\/\/compp.ufn.edu.br\/?attachment_id=563'><img fetchpriority=\"high\" decoding=\"async\" width=\"225\" height=\"300\" src=\"https:\/\/compp.ufn.edu.br\/wp-content\/uploads\/2017\/05\/18493772_10208219865608189_1600596261_o-225x300.jpg\" class=\"attachment-medium size-medium\" alt=\"\" srcset=\"https:\/\/compp.ufn.edu.br\/wp-content\/uploads\/2017\/05\/18493772_10208219865608189_1600596261_o-225x300.jpg 225w, https:\/\/compp.ufn.edu.br\/wp-content\/uploads\/2017\/05\/18493772_10208219865608189_1600596261_o-768x1024.jpg 768w, https:\/\/compp.ufn.edu.br\/wp-content\/uploads\/2017\/05\/18493772_10208219865608189_1600596261_o-1152x1536.jpg 1152w, https:\/\/compp.ufn.edu.br\/wp-content\/uploads\/2017\/05\/18493772_10208219865608189_1600596261_o.jpg 1224w\" sizes=\"(max-width: 225px) 100vw, 225px\" \/><\/a>\n\t\t\t<\/div><\/figure><figure class='gallery-item'>\n\t\t\t<div class='gallery-icon portrait'>\n\t\t\t\t<a href='https:\/\/compp.ufn.edu.br\/?attachment_id=564'><img decoding=\"async\" width=\"225\" height=\"300\" src=\"https:\/\/compp.ufn.edu.br\/wp-content\/uploads\/2017\/05\/18493973_10208219864408159_1669949489_o-225x300.jpg\" class=\"attachment-medium size-medium\" alt=\"\" srcset=\"https:\/\/compp.ufn.edu.br\/wp-content\/uploads\/2017\/05\/18493973_10208219864408159_1669949489_o-225x300.jpg 225w, https:\/\/compp.ufn.edu.br\/wp-content\/uploads\/2017\/05\/18493973_10208219864408159_1669949489_o-768x1024.jpg 768w, https:\/\/compp.ufn.edu.br\/wp-content\/uploads\/2017\/05\/18493973_10208219864408159_1669949489_o-1152x1536.jpg 1152w, https:\/\/compp.ufn.edu.br\/wp-content\/uploads\/2017\/05\/18493973_10208219864408159_1669949489_o.jpg 1224w\" sizes=\"(max-width: 225px) 100vw, 225px\" \/><\/a>\n\t\t\t<\/div><\/figure><figure class='gallery-item'>\n\t\t\t<div class='gallery-icon landscape'>\n\t\t\t\t<a href='https:\/\/compp.ufn.edu.br\/?attachment_id=565'><img decoding=\"async\" width=\"300\" height=\"225\" src=\"https:\/\/compp.ufn.edu.br\/wp-content\/uploads\/2017\/05\/18493664_10208219864448160_291523525_o-300x225.jpg\" class=\"attachment-medium size-medium\" alt=\"\" srcset=\"https:\/\/compp.ufn.edu.br\/wp-content\/uploads\/2017\/05\/18493664_10208219864448160_291523525_o-300x225.jpg 300w, https:\/\/compp.ufn.edu.br\/wp-content\/uploads\/2017\/05\/18493664_10208219864448160_291523525_o-1024x768.jpg 1024w, https:\/\/compp.ufn.edu.br\/wp-content\/uploads\/2017\/05\/18493664_10208219864448160_291523525_o-768x576.jpg 768w, https:\/\/compp.ufn.edu.br\/wp-content\/uploads\/2017\/05\/18493664_10208219864448160_291523525_o-1536x1152.jpg 1536w, https:\/\/compp.ufn.edu.br\/wp-content\/uploads\/2017\/05\/18493664_10208219864448160_291523525_o.jpg 1632w\" sizes=\"(max-width: 300px) 100vw, 300px\" \/><\/a>\n\t\t\t<\/div><\/figure><figure class='gallery-item'>\n\t\t\t<div class='gallery-icon landscape'>\n\t\t\t\t<a href='https:\/\/compp.ufn.edu.br\/?attachment_id=566'><img loading=\"lazy\" decoding=\"async\" width=\"300\" height=\"225\" src=\"https:\/\/compp.ufn.edu.br\/wp-content\/uploads\/2017\/05\/18516814_10208219867288231_1537570195_o-300x225.jpg\" class=\"attachment-medium size-medium\" alt=\"\" srcset=\"https:\/\/compp.ufn.edu.br\/wp-content\/uploads\/2017\/05\/18516814_10208219867288231_1537570195_o-300x225.jpg 300w, https:\/\/compp.ufn.edu.br\/wp-content\/uploads\/2017\/05\/18516814_10208219867288231_1537570195_o-1024x768.jpg 1024w, https:\/\/compp.ufn.edu.br\/wp-content\/uploads\/2017\/05\/18516814_10208219867288231_1537570195_o-768x576.jpg 768w, https:\/\/compp.ufn.edu.br\/wp-content\/uploads\/2017\/05\/18516814_10208219867288231_1537570195_o-1536x1152.jpg 1536w, https:\/\/compp.ufn.edu.br\/wp-content\/uploads\/2017\/05\/18516814_10208219867288231_1537570195_o.jpg 1632w\" sizes=\"(max-width: 300px) 100vw, 300px\" \/><\/a>\n\t\t\t<\/div><\/figure><figure class='gallery-item'>\n\t\t\t<div class='gallery-icon landscape'>\n\t\t\t\t<a href='https:\/\/compp.ufn.edu.br\/?attachment_id=567'><img loading=\"lazy\" decoding=\"async\" width=\"300\" height=\"225\" src=\"https:\/\/compp.ufn.edu.br\/wp-content\/uploads\/2017\/05\/18518945_10208219865648190_1580908310_o-300x225.jpg\" class=\"attachment-medium size-medium\" alt=\"\" srcset=\"https:\/\/compp.ufn.edu.br\/wp-content\/uploads\/2017\/05\/18518945_10208219865648190_1580908310_o-300x225.jpg 300w, https:\/\/compp.ufn.edu.br\/wp-content\/uploads\/2017\/05\/18518945_10208219865648190_1580908310_o-1024x768.jpg 1024w, https:\/\/compp.ufn.edu.br\/wp-content\/uploads\/2017\/05\/18518945_10208219865648190_1580908310_o-768x576.jpg 768w, https:\/\/compp.ufn.edu.br\/wp-content\/uploads\/2017\/05\/18518945_10208219865648190_1580908310_o-1536x1152.jpg 1536w, https:\/\/compp.ufn.edu.br\/wp-content\/uploads\/2017\/05\/18518945_10208219865648190_1580908310_o.jpg 1632w\" sizes=\"(max-width: 300px) 100vw, 300px\" \/><\/a>\n\t\t\t<\/div><\/figure><figure class='gallery-item'>\n\t\t\t<div class='gallery-icon landscape'>\n\t\t\t\t<a href='https:\/\/compp.ufn.edu.br\/?attachment_id=568'><img loading=\"lazy\" decoding=\"async\" width=\"300\" height=\"225\" src=\"https:\/\/compp.ufn.edu.br\/wp-content\/uploads\/2017\/05\/18519220_10208219865488186_2074557398_o-300x225.jpg\" class=\"attachment-medium size-medium\" alt=\"\" srcset=\"https:\/\/compp.ufn.edu.br\/wp-content\/uploads\/2017\/05\/18519220_10208219865488186_2074557398_o-300x225.jpg 300w, https:\/\/compp.ufn.edu.br\/wp-content\/uploads\/2017\/05\/18519220_10208219865488186_2074557398_o-1024x768.jpg 1024w, https:\/\/compp.ufn.edu.br\/wp-content\/uploads\/2017\/05\/18519220_10208219865488186_2074557398_o-768x576.jpg 768w, https:\/\/compp.ufn.edu.br\/wp-content\/uploads\/2017\/05\/18519220_10208219865488186_2074557398_o-1536x1152.jpg 1536w, https:\/\/compp.ufn.edu.br\/wp-content\/uploads\/2017\/05\/18519220_10208219865488186_2074557398_o.jpg 1632w\" sizes=\"(max-width: 300px) 100vw, 300px\" \/><\/a>\n\t\t\t<\/div><\/figure><figure class='gallery-item'>\n\t\t\t<div class='gallery-icon landscape'>\n\t\t\t\t<a href='https:\/\/compp.ufn.edu.br\/?attachment_id=569'><img loading=\"lazy\" decoding=\"async\" width=\"300\" height=\"225\" src=\"https:\/\/compp.ufn.edu.br\/wp-content\/uploads\/2017\/05\/18519316_10208219865928197_751860521_o-300x225.jpg\" class=\"attachment-medium size-medium\" alt=\"\" srcset=\"https:\/\/compp.ufn.edu.br\/wp-content\/uploads\/2017\/05\/18519316_10208219865928197_751860521_o-300x225.jpg 300w, https:\/\/compp.ufn.edu.br\/wp-content\/uploads\/2017\/05\/18519316_10208219865928197_751860521_o-1024x768.jpg 1024w, https:\/\/compp.ufn.edu.br\/wp-content\/uploads\/2017\/05\/18519316_10208219865928197_751860521_o-768x576.jpg 768w, https:\/\/compp.ufn.edu.br\/wp-content\/uploads\/2017\/05\/18519316_10208219865928197_751860521_o-1536x1152.jpg 1536w, https:\/\/compp.ufn.edu.br\/wp-content\/uploads\/2017\/05\/18519316_10208219865928197_751860521_o.jpg 1632w\" sizes=\"(max-width: 300px) 100vw, 300px\" \/><\/a>\n\t\t\t<\/div><\/figure><figure class='gallery-item'>\n\t\t\t<div class='gallery-icon landscape'>\n\t\t\t\t<a href='https:\/\/compp.ufn.edu.br\/?attachment_id=570'><img loading=\"lazy\" decoding=\"async\" width=\"300\" height=\"225\" src=\"https:\/\/compp.ufn.edu.br\/wp-content\/uploads\/2017\/05\/18553841_10208219864368158_605766829_o-300x225.jpg\" class=\"attachment-medium size-medium\" alt=\"\" srcset=\"https:\/\/compp.ufn.edu.br\/wp-content\/uploads\/2017\/05\/18553841_10208219864368158_605766829_o-300x225.jpg 300w, https:\/\/compp.ufn.edu.br\/wp-content\/uploads\/2017\/05\/18553841_10208219864368158_605766829_o-1024x768.jpg 1024w, https:\/\/compp.ufn.edu.br\/wp-content\/uploads\/2017\/05\/18553841_10208219864368158_605766829_o-768x576.jpg 768w, https:\/\/compp.ufn.edu.br\/wp-content\/uploads\/2017\/05\/18553841_10208219864368158_605766829_o-1536x1152.jpg 1536w, https:\/\/compp.ufn.edu.br\/wp-content\/uploads\/2017\/05\/18553841_10208219864368158_605766829_o.jpg 1632w\" sizes=\"(max-width: 300px) 100vw, 300px\" \/><\/a>\n\t\t\t<\/div><\/figure>\n\t\t<\/div>\n\n","protected":false},"excerpt":{"rendered":"<p>https:\/\/www.youtube.com\/watch?v=nOYVZ6apHXE Projeto Transformar abordou a quest\u00e3o da transfobia, viol\u00eancia vivida diariamente por pessoas trans. A transfobia \u00e9 o desrespeito a sua identidade de g\u00eanero, \u00e9 ser ignoradx pelo mercado de trabalho ou ser expulsx da escola. \u00c9 ter seus diretos negados, n\u00e3o poder usar seu nome ou ter o acesso negado a coisas primordiais, como [&hellip;]<\/p>\n","protected":false},"author":2,"featured_media":1034,"comment_status":"open","ping_status":"closed","template":"","meta":{"footnotes":""},"portfolio_category":[19],"portfolio_tag":[],"class_list":["post-562","portfolio","type-portfolio","status-publish","has-post-thumbnail","hentry","portfolio_category-19"],"_links":{"self":[{"href":"https:\/\/compp.ufn.edu.br\/index.php?rest_route=\/wp\/v2\/portfolio\/562","targetHints":{"allow":["GET"]}}],"collection":[{"href":"https:\/\/compp.ufn.edu.br\/index.php?rest_route=\/wp\/v2\/portfolio"}],"about":[{"href":"https:\/\/compp.ufn.edu.br\/index.php?rest_route=\/wp\/v2\/types\/portfolio"}],"author":[{"embeddable":true,"href":"https:\/\/compp.ufn.edu.br\/index.php?rest_route=\/wp\/v2\/users\/2"}],"replies":[{"embeddable":true,"href":"https:\/\/compp.ufn.edu.br\/index.php?rest_route=%2Fwp%2Fv2%2Fcomments&post=562"}],"version-history":[{"count":0,"href":"https:\/\/compp.ufn.edu.br\/index.php?rest_route=\/wp\/v2\/portfolio\/562\/revisions"}],"wp:featuredmedia":[{"embeddable":true,"href":"https:\/\/compp.ufn.edu.br\/index.php?rest_route=\/wp\/v2\/media\/1034"}],"wp:attachment":[{"href":"https:\/\/compp.ufn.edu.br\/index.php?rest_route=%2Fwp%2Fv2%2Fmedia&parent=562"}],"wp:term":[{"taxonomy":"portfolio_category","embeddable":true,"href":"https:\/\/compp.ufn.edu.br\/index.php?rest_route=%2Fwp%2Fv2%2Fportfolio_category&post=562"},{"taxonomy":"portfolio_tag","embeddable":true,"href":"https:\/\/compp.ufn.edu.br\/index.php?rest_route=%2Fwp%2Fv2%2Fportfolio_tag&post=562"}],"curies":[{"name":"wp","href":"https:\/\/api.w.org\/{rel}","templated":true}]}}

<p>https://www.youtube.com/watch?v=nOYVZ6apHXE</p>
<p>Projeto Transformar abordou a questão da transfobia, violência vivida diariamente por pessoas trans. A transfobia é o desrespeito a sua identidade de gênero, é ser ignoradx pelo mercado de trabalho ou ser expulsx da escola. É ter seus diretos negados, não poder usar seu nome ou ter o acesso negado a coisas primordiais, como banheiro. Além disso, essas pessoas são alvos de violência física e verbal.</p>
<p>A causa foi escolhida pois o grupo julga necessário desconstruir preconceitos integrados na sociedade em relação as pessoas transgênero. Para isso, foi criado o projeto que teve como objetivo conscientizar o público em geral a respeito da transgeneridade, convidando a sociedade a tornar-se mais inclusiva. Por fim, buscou empoderar as pessoas transgênero ao oferecer-lhes um espaço de visibilidade.</p>
<p>Foi criada uma fanpage no Facebook: <a href="https://www.facebook.com/projetotransformarsm/">https://www.facebook.com/projetotransformarsm/</a></p>
<p>A primeira postagem foi um vídeo que ilustrou um poema Um Brinde, de Virgínia Guitzel.</p>
<p>Também foram elaborados audiovisuais curtos com depoimentos de quatro pessoas transexuais da cidade de Santa Maria (Maria Eva, Alef, Markita e Ellen) para falar de suas vivencias e experiências com a transfobia e com a professora Marta Souza que trabalha com o assunto na área da saúde.</p>
<p>Os resultados do projeto foram positivos, alcançou 7.500 pessoas, 385 curtidas na fanpage do facebook e o audiovisual teve 3 mil visualizações e 60 compartilhamentos.</p>
<p><strong>ACADÊMICOS</strong></p>
<p>Eduardo Jardim, Jéssica Carvalho, José Wilian Bortoloto, Lourenço Manke e Lucas Campara</p>
<p><strong>GALERIA DE FOTOS</strong></p>
<div id='gallery-1' class='gallery galleryid-562 gallery-columns-3 gallery-size-medium'><figure class='gallery-item'>
			<div class='gallery-icon portrait'>
				<a href='https://compp.ufn.edu.br/?attachment_id=563'><img fetchpriority="high" decoding="async" width="225" height="300" src="https://compp.ufn.edu.br/wp-content/uploads/2017/05/18493772_10208219865608189_1600596261_o-225x300.jpg" class="attachment-medium size-medium" alt="" srcset="https://compp.ufn.edu.br/wp-content/uploads/2017/05/18493772_10208219865608189_1600596261_o-225x300.jpg 225w, https://compp.ufn.edu.br/wp-content/uploads/2017/05/18493772_10208219865608189_1600596261_o-768x1024.jpg 768w, https://compp.ufn.edu.br/wp-content/uploads/2017/05/18493772_10208219865608189_1600596261_o-1152x1536.jpg 1152w, https://compp.ufn.edu.br/wp-content/uploads/2017/05/18493772_10208219865608189_1600596261_o.jpg 1224w" sizes="(max-width: 225px) 100vw, 225px" /></a>
			</div></figure><figure class='gallery-item'>
			<div class='gallery-icon portrait'>
				<a href='https://compp.ufn.edu.br/?attachment_id=564'><img decoding="async" width="225" height="300" src="https://compp.ufn.edu.br/wp-content/uploads/2017/05/18493973_10208219864408159_1669949489_o-225x300.jpg" class="attachment-medium size-medium" alt="" srcset="https://compp.ufn.edu.br/wp-content/uploads/2017/05/18493973_10208219864408159_1669949489_o-225x300.jpg 225w, https://compp.ufn.edu.br/wp-content/uploads/2017/05/18493973_10208219864408159_1669949489_o-768x1024.jpg 768w, https://compp.ufn.edu.br/wp-content/uploads/2017/05/18493973_10208219864408159_1669949489_o-1152x1536.jpg 1152w, https://compp.ufn.edu.br/wp-content/uploads/2017/05/18493973_10208219864408159_1669949489_o.jpg 1224w" sizes="(max-width: 225px) 100vw, 225px" /></a>
			</div></figure><figure class='gallery-item'>
			<div class='gallery-icon landscape'>
				<a href='https://compp.ufn.edu.br/?attachment_id=565'><img decoding="async" width="300" height="225" src="https://compp.ufn.edu.br/wp-content/uploads/2017/05/18493664_10208219864448160_291523525_o-300x225.jpg" class="attachment-medium size-medium" alt="" srcset="https://compp.ufn.edu.br/wp-content/uploads/2017/05/18493664_10208219864448160_291523525_o-300x225.jpg 300w, https://compp.ufn.edu.br/wp-content/uploads/2017/05/18493664_10208219864448160_291523525_o-1024x768.jpg 1024w, https://compp.ufn.edu.br/wp-content/uploads/2017/05/18493664_10208219864448160_291523525_o-768x576.jpg 768w, https://compp.ufn.edu.br/wp-content/uploads/2017/05/18493664_10208219864448160_291523525_o-1536x1152.jpg 1536w, https://compp.ufn.edu.br/wp-content/uploads/2017/05/18493664_10208219864448160_291523525_o.jpg 1632w" sizes="(max-width: 300px) 100vw, 300px" /></a>
			</div></figure><figure class='gallery-item'>
			<div class='gallery-icon landscape'>
				<a href='https://compp.ufn.edu.br/?attachment_id=566'><img loading="lazy" decoding="async" width="300" height="225" src="https://compp.ufn.edu.br/wp-content/uploads/2017/05/18516814_10208219867288231_1537570195_o-300x225.jpg" class="attachment-medium size-medium" alt="" srcset="https://compp.ufn.edu.br/wp-content/uploads/2017/05/18516814_10208219867288231_1537570195_o-300x225.jpg 300w, https://compp.ufn.edu.br/wp-content/uploads/2017/05/18516814_10208219867288231_1537570195_o-1024x768.jpg 1024w, https://compp.ufn.edu.br/wp-content/uploads/2017/05/18516814_10208219867288231_1537570195_o-768x576.jpg 768w, https://compp.ufn.edu.br/wp-content/uploads/2017/05/18516814_10208219867288231_1537570195_o-1536x1152.jpg 1536w, https://compp.ufn.edu.br/wp-content/uploads/2017/05/18516814_10208219867288231_1537570195_o.jpg 1632w" sizes="(max-width: 300px) 100vw, 300px" /></a>
			</div></figure><figure class='gallery-item'>
			<div class='gallery-icon landscape'>
				<a href='https://compp.ufn.edu.br/?attachment_id=567'><img loading="lazy" decoding="async" width="300" height="225" src="https://compp.ufn.edu.br/wp-content/uploads/2017/05/18518945_10208219865648190_1580908310_o-300x225.jpg" class="attachment-medium size-medium" alt="" srcset="https://compp.ufn.edu.br/wp-content/uploads/2017/05/18518945_10208219865648190_1580908310_o-300x225.jpg 300w, https://compp.ufn.edu.br/wp-content/uploads/2017/05/18518945_10208219865648190_1580908310_o-1024x768.jpg 1024w, https://compp.ufn.edu.br/wp-content/uploads/2017/05/18518945_10208219865648190_1580908310_o-768x576.jpg 768w, https://compp.ufn.edu.br/wp-content/uploads/2017/05/18518945_10208219865648190_1580908310_o-1536x1152.jpg 1536w, https://compp.ufn.edu.br/wp-content/uploads/2017/05/18518945_10208219865648190_1580908310_o.jpg 1632w" sizes="(max-width: 300px) 100vw, 300px" /></a>
			</div></figure><figure class='gallery-item'>
			<div class='gallery-icon landscape'>
				<a href='https://compp.ufn.edu.br/?attachment_id=568'><img loading="lazy" decoding="async" width="300" height="225" src="https://compp.ufn.edu.br/wp-content/uploads/2017/05/18519220_10208219865488186_2074557398_o-300x225.jpg" class="attachment-medium size-medium" alt="" srcset="https://compp.ufn.edu.br/wp-content/uploads/2017/05/18519220_10208219865488186_2074557398_o-300x225.jpg 300w, https://compp.ufn.edu.br/wp-content/uploads/2017/05/18519220_10208219865488186_2074557398_o-1024x768.jpg 1024w, https://compp.ufn.edu.br/wp-content/uploads/2017/05/18519220_10208219865488186_2074557398_o-768x576.jpg 768w, https://compp.ufn.edu.br/wp-content/uploads/2017/05/18519220_10208219865488186_2074557398_o-1536x1152.jpg 1536w, https://compp.ufn.edu.br/wp-content/uploads/2017/05/18519220_10208219865488186_2074557398_o.jpg 1632w" sizes="(max-width: 300px) 100vw, 300px" /></a>
			</div></figure><figure class='gallery-item'>
			<div class='gallery-icon landscape'>
				<a href='https://compp.ufn.edu.br/?attachment_id=569'><img loading="lazy" decoding="async" width="300" height="225" src="https://compp.ufn.edu.br/wp-content/uploads/2017/05/18519316_10208219865928197_751860521_o-300x225.jpg" class="attachment-medium size-medium" alt="" srcset="https://compp.ufn.edu.br/wp-content/uploads/2017/05/18519316_10208219865928197_751860521_o-300x225.jpg 300w, https://compp.ufn.edu.br/wp-content/uploads/2017/05/18519316_10208219865928197_751860521_o-1024x768.jpg 1024w, https://compp.ufn.edu.br/wp-content/uploads/2017/05/18519316_10208219865928197_751860521_o-768x576.jpg 768w, https://compp.ufn.edu.br/wp-content/uploads/2017/05/18519316_10208219865928197_751860521_o-1536x1152.jpg 1536w, https://compp.ufn.edu.br/wp-content/uploads/2017/05/18519316_10208219865928197_751860521_o.jpg 1632w" sizes="(max-width: 300px) 100vw, 300px" /></a>
			</div></figure><figure class='gallery-item'>
			<div class='gallery-icon landscape'>
				<a href='https://compp.ufn.edu.br/?attachment_id=570'><img loading="lazy" decoding="async" width="300" height="225" src="https://compp.ufn.edu.br/wp-content/uploads/2017/05/18553841_10208219864368158_605766829_o-300x225.jpg" class="attachment-medium size-medium" alt="" srcset="https://compp.ufn.edu.br/wp-content/uploads/2017/05/18553841_10208219864368158_605766829_o-300x225.jpg 300w, https://compp.ufn.edu.br/wp-content/uploads/2017/05/18553841_10208219864368158_605766829_o-1024x768.jpg 1024w, https://compp.ufn.edu.br/wp-content/uploads/2017/05/18553841_10208219864368158_605766829_o-768x576.jpg 768w, https://compp.ufn.edu.br/wp-content/uploads/2017/05/18553841_10208219864368158_605766829_o-1536x1152.jpg 1536w, https://compp.ufn.edu.br/wp-content/uploads/2017/05/18553841_10208219864368158_605766829_o.jpg 1632w" sizes="(max-width: 300px) 100vw, 300px" /></a>
			</div></figure>
		</div>

<p>https://www.youtube.com/watch?v=nOYVZ6apHXE Projeto Transformar abordou a questão da transfobia, violência vivida diariamente por pessoas trans. A transfobia é o desrespeito a sua identidade de gênero, é ser ignoradx pelo mercado de trabalho ou ser expulsx da escola. É ter seus diretos negados, não poder usar seu nome ou ter o acesso negado a coisas primordiais, como [&hellip;]</p>
