{"id":526,"date":"2017-05-22T15:07:29","date_gmt":"2017-05-22T18:07:29","guid":{"rendered":"http:\/\/www.compp.unifra.br\/?post_type=portfolio&amp;p=526"},"modified":"2017-05-22T15:07:29","modified_gmt":"2017-05-22T18:07:29","slug":"projeto-reticencias","status":"publish","type":"portfolio","link":"https:\/\/compp.ufn.edu.br\/?portfolio=projeto-reticencias","title":{"rendered":"Projeto Retic\u00eancias"},"content":{"rendered":"<p><a href=\"https:\/\/youtu.be\/y9LuhZJIe3k\">https:\/\/youtu.be\/y9LuhZJIe3k<\/a><\/p>\n<p>&nbsp;<\/p>\n<p>O Projeto Retic\u00eancias foi uma iniciativa que procurou mostrar que \u00e9 poss\u00edvel as mulheres v\u00edtimas do c\u00e2ncer de superarem a doen\u00e7a e continuarem a vida sem problemas de autoestima, felizes e confiantes. A palavra retic\u00eancias significa algo que se prolonga, que prossegue, como a vida que continua ap\u00f3s a doen\u00e7a. O projeto iniciou em um encontro entre cinco mulheres que passaram pelo tratamento de c\u00e2ncer, onde cada uma pode relatar como foi o diagn\u00f3stico da doen\u00e7a, o tratamento e a supera\u00e7\u00e3o. Os depoimentos foram registrados e se transformaram em cinco mini epis\u00f3dios postados pela p\u00e1gina do projeto no Facebook.<\/p>\n<p>A equipe ainda realizou uma sess\u00e3o de fotos para ressaltar a for\u00e7a e o brilho no olhar dessas mulheres t\u00e3o belas. As fotos, no m\u00eas de Outubro, fizeram parte de exposi\u00e7\u00e3o em diversos eventos pela cidade. Na p\u00e1gina tamb\u00e9m foram postados webcards contendo fragmentos de falas importantes destas mulheres. O projeto obteve 2.757 curtidas em sua p\u00e1gina no Facebook, alcan\u00e7ando mais de 110.00 pessoas e obtendo 1.273 curtidas em uma \u00fanica foto, al\u00e9m de receber in\u00fameras mensagens de elogio e apoio. Al\u00e9m do sucesso online, o projeto foi chamado para fazer parte de uma mat\u00e9ria sobre o c\u00e2ncer de mama no Jornal do Almo\u00e7o da RBS estadual e no programa de r\u00e1dio Papo de Galo.<\/p>\n<p><strong>ACAD\u00caMICOS:<\/strong><\/p>\n<p>Arthur Panziera, Danielle Cardoso, La\u00eds Franchi, Pedro Machado<\/p>\n<p><strong>GALERIA DE FOTOS<\/strong><\/p>\n<div id='gallery-1' class='gallery galleryid-526 gallery-columns-3 gallery-size-medium'><figure class='gallery-item'>\n\t\t\t<div class='gallery-icon landscape'>\n\t\t\t\t<a href='https:\/\/compp.ufn.edu.br\/?attachment_id=497'><img fetchpriority=\"high\" decoding=\"async\" width=\"300\" height=\"200\" src=\"https:\/\/compp.ufn.edu.br\/wp-content\/uploads\/2017\/05\/Imagem6-300x200.jpg\" class=\"attachment-medium size-medium\" alt=\"\" srcset=\"https:\/\/compp.ufn.edu.br\/wp-content\/uploads\/2017\/05\/Imagem6-300x200.jpg 300w, https:\/\/compp.ufn.edu.br\/wp-content\/uploads\/2017\/05\/Imagem6-768x511.jpg 768w, https:\/\/compp.ufn.edu.br\/wp-content\/uploads\/2017\/05\/Imagem6.jpg 845w\" sizes=\"(max-width: 300px) 100vw, 300px\" \/><\/a>\n\t\t\t<\/div><\/figure><figure class='gallery-item'>\n\t\t\t<div class='gallery-icon portrait'>\n\t\t\t\t<a href='https:\/\/compp.ufn.edu.br\/?attachment_id=496'><img decoding=\"async\" width=\"226\" height=\"300\" src=\"https:\/\/compp.ufn.edu.br\/wp-content\/uploads\/2017\/05\/Imagem5-226x300.jpg\" class=\"attachment-medium size-medium\" alt=\"\" srcset=\"https:\/\/compp.ufn.edu.br\/wp-content\/uploads\/2017\/05\/Imagem5-226x300.jpg 226w, https:\/\/compp.ufn.edu.br\/wp-content\/uploads\/2017\/05\/Imagem5.jpg 577w\" sizes=\"(max-width: 226px) 100vw, 226px\" \/><\/a>\n\t\t\t<\/div><\/figure><figure class='gallery-item'>\n\t\t\t<div class='gallery-icon landscape'>\n\t\t\t\t<a href='https:\/\/compp.ufn.edu.br\/?attachment_id=495'><img decoding=\"async\" width=\"300\" height=\"201\" src=\"https:\/\/compp.ufn.edu.br\/wp-content\/uploads\/2017\/05\/Imagem1-300x201.jpg\" class=\"attachment-medium size-medium\" alt=\"\" srcset=\"https:\/\/compp.ufn.edu.br\/wp-content\/uploads\/2017\/05\/Imagem1-300x201.jpg 300w, https:\/\/compp.ufn.edu.br\/wp-content\/uploads\/2017\/05\/Imagem1-768x514.jpg 768w, https:\/\/compp.ufn.edu.br\/wp-content\/uploads\/2017\/05\/Imagem1.jpg 818w\" sizes=\"(max-width: 300px) 100vw, 300px\" \/><\/a>\n\t\t\t<\/div><\/figure><figure class='gallery-item'>\n\t\t\t<div class='gallery-icon landscape'>\n\t\t\t\t<a href='https:\/\/compp.ufn.edu.br\/?attachment_id=494'><img loading=\"lazy\" decoding=\"async\" width=\"300\" height=\"184\" src=\"https:\/\/compp.ufn.edu.br\/wp-content\/uploads\/2017\/05\/Imagem4-300x184.jpg\" class=\"attachment-medium size-medium\" alt=\"\" srcset=\"https:\/\/compp.ufn.edu.br\/wp-content\/uploads\/2017\/05\/Imagem4-300x184.jpg 300w, https:\/\/compp.ufn.edu.br\/wp-content\/uploads\/2017\/05\/Imagem4-768x471.jpg 768w, https:\/\/compp.ufn.edu.br\/wp-content\/uploads\/2017\/05\/Imagem4.jpg 902w\" sizes=\"(max-width: 300px) 100vw, 300px\" \/><\/a>\n\t\t\t<\/div><\/figure><figure class='gallery-item'>\n\t\t\t<div class='gallery-icon landscape'>\n\t\t\t\t<a href='https:\/\/compp.ufn.edu.br\/?attachment_id=493'><img loading=\"lazy\" decoding=\"async\" width=\"300\" height=\"201\" src=\"https:\/\/compp.ufn.edu.br\/wp-content\/uploads\/2017\/05\/Imagem3-300x201.jpg\" class=\"attachment-medium size-medium\" alt=\"\" srcset=\"https:\/\/compp.ufn.edu.br\/wp-content\/uploads\/2017\/05\/Imagem3-300x201.jpg 300w, https:\/\/compp.ufn.edu.br\/wp-content\/uploads\/2017\/05\/Imagem3-768x515.jpg 768w, https:\/\/compp.ufn.edu.br\/wp-content\/uploads\/2017\/05\/Imagem3.jpg 822w\" sizes=\"(max-width: 300px) 100vw, 300px\" \/><\/a>\n\t\t\t<\/div><\/figure><figure class='gallery-item'>\n\t\t\t<div class='gallery-icon landscape'>\n\t\t\t\t<a href='https:\/\/compp.ufn.edu.br\/?attachment_id=492'><img loading=\"lazy\" decoding=\"async\" width=\"300\" height=\"199\" src=\"https:\/\/compp.ufn.edu.br\/wp-content\/uploads\/2017\/05\/Imagem2-300x199.jpg\" class=\"attachment-medium size-medium\" alt=\"\" srcset=\"https:\/\/compp.ufn.edu.br\/wp-content\/uploads\/2017\/05\/Imagem2-300x199.jpg 300w, https:\/\/compp.ufn.edu.br\/wp-content\/uploads\/2017\/05\/Imagem2-768x508.jpg 768w, https:\/\/compp.ufn.edu.br\/wp-content\/uploads\/2017\/05\/Imagem2.jpg 828w\" sizes=\"(max-width: 300px) 100vw, 300px\" \/><\/a>\n\t\t\t<\/div><\/figure>\n\t\t<\/div>\n\n<p>&nbsp;<\/p>\n<p><strong>WEBCARDS<\/strong><\/p>\n<div id='gallery-2' class='gallery galleryid-526 gallery-columns-3 gallery-size-medium'><figure class='gallery-item'>\n\t\t\t<div class='gallery-icon landscape'>\n\t\t\t\t<a href='https:\/\/compp.ufn.edu.br\/?attachment_id=491'><img loading=\"lazy\" decoding=\"async\" width=\"300\" height=\"199\" src=\"https:\/\/compp.ufn.edu.br\/wp-content\/uploads\/2017\/05\/Imagem1ff-300x199.jpg\" class=\"attachment-medium size-medium\" alt=\"\" aria-describedby=\"gallery-2-491\" srcset=\"https:\/\/compp.ufn.edu.br\/wp-content\/uploads\/2017\/05\/Imagem1ff-300x199.jpg 300w, https:\/\/compp.ufn.edu.br\/wp-content\/uploads\/2017\/05\/Imagem1ff-768x509.jpg 768w, https:\/\/compp.ufn.edu.br\/wp-content\/uploads\/2017\/05\/Imagem1ff.jpg 803w\" sizes=\"(max-width: 300px) 100vw, 300px\" \/><\/a>\n\t\t\t<\/div>\n\t\t\t\t<figcaption class='wp-caption-text gallery-caption' id='gallery-2-491'>\n\t\t\t\tVera &#8211; &#8220;Eu tinha vontade de morrer antes do c\u00e2ncer. Depois que o c\u00e2ncer veio, eu s\u00f3 queria viver.&#8221;\n\t\t\t\t<\/figcaption><\/figure><figure class='gallery-item'>\n\t\t\t<div class='gallery-icon landscape'>\n\t\t\t\t<a href='https:\/\/compp.ufn.edu.br\/?attachment_id=490'><img loading=\"lazy\" decoding=\"async\" width=\"300\" height=\"200\" src=\"https:\/\/compp.ufn.edu.br\/wp-content\/uploads\/2017\/05\/Imagem13-300x200.jpg\" class=\"attachment-medium size-medium\" alt=\"\" aria-describedby=\"gallery-2-490\" srcset=\"https:\/\/compp.ufn.edu.br\/wp-content\/uploads\/2017\/05\/Imagem13-300x200.jpg 300w, https:\/\/compp.ufn.edu.br\/wp-content\/uploads\/2017\/05\/Imagem13-768x511.jpg 768w, https:\/\/compp.ufn.edu.br\/wp-content\/uploads\/2017\/05\/Imagem13.jpg 807w\" sizes=\"(max-width: 300px) 100vw, 300px\" \/><\/a>\n\t\t\t<\/div>\n\t\t\t\t<figcaption class='wp-caption-text gallery-caption' id='gallery-2-490'>\n\t\t\t\tSilvia &#8211; &#8220;Eu me sinto mais feliz. Eu gosto mais de mim. Eu gosto da vida.&#8221;\n\t\t\t\t<\/figcaption><\/figure><figure class='gallery-item'>\n\t\t\t<div class='gallery-icon landscape'>\n\t\t\t\t<a href='https:\/\/compp.ufn.edu.br\/?attachment_id=488'><img loading=\"lazy\" decoding=\"async\" width=\"300\" height=\"198\" src=\"https:\/\/compp.ufn.edu.br\/wp-content\/uploads\/2017\/05\/Imagem11-300x198.jpg\" class=\"attachment-medium size-medium\" alt=\"\" aria-describedby=\"gallery-2-488\" srcset=\"https:\/\/compp.ufn.edu.br\/wp-content\/uploads\/2017\/05\/Imagem11-300x198.jpg 300w, https:\/\/compp.ufn.edu.br\/wp-content\/uploads\/2017\/05\/Imagem11-768x508.jpg 768w, https:\/\/compp.ufn.edu.br\/wp-content\/uploads\/2017\/05\/Imagem11.jpg 818w\" sizes=\"(max-width: 300px) 100vw, 300px\" \/><\/a>\n\t\t\t<\/div>\n\t\t\t\t<figcaption class='wp-caption-text gallery-caption' id='gallery-2-488'>\n\t\t\t\tKaren &#8211; &#8220;Voc\u00ea n\u00e3o tem outra alternativa a n\u00e3o ser a vida.&#8221;\n\t\t\t\t<\/figcaption><\/figure><figure class='gallery-item'>\n\t\t\t<div class='gallery-icon landscape'>\n\t\t\t\t<a href='https:\/\/compp.ufn.edu.br\/?attachment_id=487'><img loading=\"lazy\" decoding=\"async\" width=\"300\" height=\"200\" src=\"https:\/\/compp.ufn.edu.br\/wp-content\/uploads\/2017\/05\/Imagem10-300x200.jpg\" class=\"attachment-medium size-medium\" alt=\"\" aria-describedby=\"gallery-2-487\" srcset=\"https:\/\/compp.ufn.edu.br\/wp-content\/uploads\/2017\/05\/Imagem10-300x200.jpg 300w, https:\/\/compp.ufn.edu.br\/wp-content\/uploads\/2017\/05\/Imagem10-768x512.jpg 768w, https:\/\/compp.ufn.edu.br\/wp-content\/uploads\/2017\/05\/Imagem10.jpg 814w\" sizes=\"(max-width: 300px) 100vw, 300px\" \/><\/a>\n\t\t\t<\/div>\n\t\t\t\t<figcaption class='wp-caption-text gallery-caption' id='gallery-2-487'>\n\t\t\t\tFl\u00e1via &#8211; &#8220;Voc\u00ea tem que colocar c\u00edlios posti\u00e7os, uma peruca e sair para viver.&#8221; e \n\t\t\t\t<\/figcaption><\/figure><figure class='gallery-item'>\n\t\t\t<div class='gallery-icon landscape'>\n\t\t\t\t<a href='https:\/\/compp.ufn.edu.br\/?attachment_id=489'><img loading=\"lazy\" decoding=\"async\" width=\"300\" height=\"202\" src=\"https:\/\/compp.ufn.edu.br\/wp-content\/uploads\/2017\/05\/Imagem12-300x202.jpg\" class=\"attachment-medium size-medium\" alt=\"\" aria-describedby=\"gallery-2-489\" srcset=\"https:\/\/compp.ufn.edu.br\/wp-content\/uploads\/2017\/05\/Imagem12-300x202.jpg 300w, https:\/\/compp.ufn.edu.br\/wp-content\/uploads\/2017\/05\/Imagem12-768x516.jpg 768w, https:\/\/compp.ufn.edu.br\/wp-content\/uploads\/2017\/05\/Imagem12.jpg 811w\" sizes=\"(max-width: 300px) 100vw, 300px\" \/><\/a>\n\t\t\t<\/div>\n\t\t\t\t<figcaption class='wp-caption-text gallery-caption' id='gallery-2-489'>\n\t\t\t\tL\u00facia &#8211; &#8220;O que a vida te coloca, voc\u00ea tem que seguir, nem que seja de salto alto pelo menos.&#8221; \n\t\t\t\t<\/figcaption><\/figure>\n\t\t<\/div>\n\n<p>&nbsp;<\/p>\n","protected":false},"excerpt":{"rendered":"<p>https:\/\/youtu.be\/y9LuhZJIe3k &nbsp; O Projeto Retic\u00eancias foi uma iniciativa que procurou mostrar que \u00e9 poss\u00edvel as mulheres v\u00edtimas do c\u00e2ncer de superarem a doen\u00e7a e continuarem a vida sem problemas de autoestima, felizes e confiantes. A palavra retic\u00eancias significa algo que se prolonga, que prossegue, como a vida que continua ap\u00f3s a doen\u00e7a. O projeto iniciou [&hellip;]<\/p>\n","protected":false},"author":2,"featured_media":547,"comment_status":"open","ping_status":"closed","template":"","meta":{"footnotes":""},"portfolio_category":[14],"portfolio_tag":[],"class_list":["post-526","portfolio","type-portfolio","status-publish","has-post-thumbnail","hentry","portfolio_category-14"],"_links":{"self":[{"href":"https:\/\/compp.ufn.edu.br\/index.php?rest_route=\/wp\/v2\/portfolio\/526","targetHints":{"allow":["GET"]}}],"collection":[{"href":"https:\/\/compp.ufn.edu.br\/index.php?rest_route=\/wp\/v2\/portfolio"}],"about":[{"href":"https:\/\/compp.ufn.edu.br\/index.php?rest_route=\/wp\/v2\/types\/portfolio"}],"author":[{"embeddable":true,"href":"https:\/\/compp.ufn.edu.br\/index.php?rest_route=\/wp\/v2\/users\/2"}],"replies":[{"embeddable":true,"href":"https:\/\/compp.ufn.edu.br\/index.php?rest_route=%2Fwp%2Fv2%2Fcomments&post=526"}],"version-history":[{"count":0,"href":"https:\/\/compp.ufn.edu.br\/index.php?rest_route=\/wp\/v2\/portfolio\/526\/revisions"}],"wp:featuredmedia":[{"embeddable":true,"href":"https:\/\/compp.ufn.edu.br\/index.php?rest_route=\/wp\/v2\/media\/547"}],"wp:attachment":[{"href":"https:\/\/compp.ufn.edu.br\/index.php?rest_route=%2Fwp%2Fv2%2Fmedia&parent=526"}],"wp:term":[{"taxonomy":"portfolio_category","embeddable":true,"href":"https:\/\/compp.ufn.edu.br\/index.php?rest_route=%2Fwp%2Fv2%2Fportfolio_category&post=526"},{"taxonomy":"portfolio_tag","embeddable":true,"href":"https:\/\/compp.ufn.edu.br\/index.php?rest_route=%2Fwp%2Fv2%2Fportfolio_tag&post=526"}],"curies":[{"name":"wp","href":"https:\/\/api.w.org\/{rel}","templated":true}]}}

Projeto Reticências

<p><a href="https://youtu.be/y9LuhZJIe3k">https://youtu.be/y9LuhZJIe3k</a></p>
<p>&nbsp;</p>
<p>O Projeto Reticências foi uma iniciativa que procurou mostrar que é possível as mulheres vítimas do câncer de superarem a doença e continuarem a vida sem problemas de autoestima, felizes e confiantes. A palavra reticências significa algo que se prolonga, que prossegue, como a vida que continua após a doença. O projeto iniciou em um encontro entre cinco mulheres que passaram pelo tratamento de câncer, onde cada uma pode relatar como foi o diagnóstico da doença, o tratamento e a superação. Os depoimentos foram registrados e se transformaram em cinco mini episódios postados pela página do projeto no Facebook.</p>
<p>A equipe ainda realizou uma sessão de fotos para ressaltar a força e o brilho no olhar dessas mulheres tão belas. As fotos, no mês de Outubro, fizeram parte de exposição em diversos eventos pela cidade. Na página também foram postados webcards contendo fragmentos de falas importantes destas mulheres. O projeto obteve 2.757 curtidas em sua página no Facebook, alcançando mais de 110.00 pessoas e obtendo 1.273 curtidas em uma única foto, além de receber inúmeras mensagens de elogio e apoio. Além do sucesso online, o projeto foi chamado para fazer parte de uma matéria sobre o câncer de mama no Jornal do Almoço da RBS estadual e no programa de rádio Papo de Galo.</p>
<p><strong>ACADÊMICOS:</strong></p>
<p>Arthur Panziera, Danielle Cardoso, Laís Franchi, Pedro Machado</p>
<p><strong>GALERIA DE FOTOS</strong></p>
<div id='gallery-1' class='gallery galleryid-526 gallery-columns-3 gallery-size-medium'><figure class='gallery-item'>
			<div class='gallery-icon landscape'>
				<a href='https://compp.ufn.edu.br/?attachment_id=497'><img fetchpriority="high" decoding="async" width="300" height="200" src="https://compp.ufn.edu.br/wp-content/uploads/2017/05/Imagem6-300x200.jpg" class="attachment-medium size-medium" alt="" srcset="https://compp.ufn.edu.br/wp-content/uploads/2017/05/Imagem6-300x200.jpg 300w, https://compp.ufn.edu.br/wp-content/uploads/2017/05/Imagem6-768x511.jpg 768w, https://compp.ufn.edu.br/wp-content/uploads/2017/05/Imagem6.jpg 845w" sizes="(max-width: 300px) 100vw, 300px" /></a>
			</div></figure><figure class='gallery-item'>
			<div class='gallery-icon portrait'>
				<a href='https://compp.ufn.edu.br/?attachment_id=496'><img decoding="async" width="226" height="300" src="https://compp.ufn.edu.br/wp-content/uploads/2017/05/Imagem5-226x300.jpg" class="attachment-medium size-medium" alt="" srcset="https://compp.ufn.edu.br/wp-content/uploads/2017/05/Imagem5-226x300.jpg 226w, https://compp.ufn.edu.br/wp-content/uploads/2017/05/Imagem5.jpg 577w" sizes="(max-width: 226px) 100vw, 226px" /></a>
			</div></figure><figure class='gallery-item'>
			<div class='gallery-icon landscape'>
				<a href='https://compp.ufn.edu.br/?attachment_id=495'><img decoding="async" width="300" height="201" src="https://compp.ufn.edu.br/wp-content/uploads/2017/05/Imagem1-300x201.jpg" class="attachment-medium size-medium" alt="" srcset="https://compp.ufn.edu.br/wp-content/uploads/2017/05/Imagem1-300x201.jpg 300w, https://compp.ufn.edu.br/wp-content/uploads/2017/05/Imagem1-768x514.jpg 768w, https://compp.ufn.edu.br/wp-content/uploads/2017/05/Imagem1.jpg 818w" sizes="(max-width: 300px) 100vw, 300px" /></a>
			</div></figure><figure class='gallery-item'>
			<div class='gallery-icon landscape'>
				<a href='https://compp.ufn.edu.br/?attachment_id=494'><img loading="lazy" decoding="async" width="300" height="184" src="https://compp.ufn.edu.br/wp-content/uploads/2017/05/Imagem4-300x184.jpg" class="attachment-medium size-medium" alt="" srcset="https://compp.ufn.edu.br/wp-content/uploads/2017/05/Imagem4-300x184.jpg 300w, https://compp.ufn.edu.br/wp-content/uploads/2017/05/Imagem4-768x471.jpg 768w, https://compp.ufn.edu.br/wp-content/uploads/2017/05/Imagem4.jpg 902w" sizes="(max-width: 300px) 100vw, 300px" /></a>
			</div></figure><figure class='gallery-item'>
			<div class='gallery-icon landscape'>
				<a href='https://compp.ufn.edu.br/?attachment_id=493'><img loading="lazy" decoding="async" width="300" height="201" src="https://compp.ufn.edu.br/wp-content/uploads/2017/05/Imagem3-300x201.jpg" class="attachment-medium size-medium" alt="" srcset="https://compp.ufn.edu.br/wp-content/uploads/2017/05/Imagem3-300x201.jpg 300w, https://compp.ufn.edu.br/wp-content/uploads/2017/05/Imagem3-768x515.jpg 768w, https://compp.ufn.edu.br/wp-content/uploads/2017/05/Imagem3.jpg 822w" sizes="(max-width: 300px) 100vw, 300px" /></a>
			</div></figure><figure class='gallery-item'>
			<div class='gallery-icon landscape'>
				<a href='https://compp.ufn.edu.br/?attachment_id=492'><img loading="lazy" decoding="async" width="300" height="199" src="https://compp.ufn.edu.br/wp-content/uploads/2017/05/Imagem2-300x199.jpg" class="attachment-medium size-medium" alt="" srcset="https://compp.ufn.edu.br/wp-content/uploads/2017/05/Imagem2-300x199.jpg 300w, https://compp.ufn.edu.br/wp-content/uploads/2017/05/Imagem2-768x508.jpg 768w, https://compp.ufn.edu.br/wp-content/uploads/2017/05/Imagem2.jpg 828w" sizes="(max-width: 300px) 100vw, 300px" /></a>
			</div></figure>
		</div>

<p>&nbsp;</p>
<p><strong>WEBCARDS</strong></p>
<div id='gallery-2' class='gallery galleryid-526 gallery-columns-3 gallery-size-medium'><figure class='gallery-item'>
			<div class='gallery-icon landscape'>
				<a href='https://compp.ufn.edu.br/?attachment_id=491'><img loading="lazy" decoding="async" width="300" height="199" src="https://compp.ufn.edu.br/wp-content/uploads/2017/05/Imagem1ff-300x199.jpg" class="attachment-medium size-medium" alt="" aria-describedby="gallery-2-491" srcset="https://compp.ufn.edu.br/wp-content/uploads/2017/05/Imagem1ff-300x199.jpg 300w, https://compp.ufn.edu.br/wp-content/uploads/2017/05/Imagem1ff-768x509.jpg 768w, https://compp.ufn.edu.br/wp-content/uploads/2017/05/Imagem1ff.jpg 803w" sizes="(max-width: 300px) 100vw, 300px" /></a>
			</div>
				<figcaption class='wp-caption-text gallery-caption' id='gallery-2-491'>
				Vera &#8211; &#8220;Eu tinha vontade de morrer antes do câncer. Depois que o câncer veio, eu só queria viver.&#8221;
				</figcaption></figure><figure class='gallery-item'>
			<div class='gallery-icon landscape'>
				<a href='https://compp.ufn.edu.br/?attachment_id=490'><img loading="lazy" decoding="async" width="300" height="200" src="https://compp.ufn.edu.br/wp-content/uploads/2017/05/Imagem13-300x200.jpg" class="attachment-medium size-medium" alt="" aria-describedby="gallery-2-490" srcset="https://compp.ufn.edu.br/wp-content/uploads/2017/05/Imagem13-300x200.jpg 300w, https://compp.ufn.edu.br/wp-content/uploads/2017/05/Imagem13-768x511.jpg 768w, https://compp.ufn.edu.br/wp-content/uploads/2017/05/Imagem13.jpg 807w" sizes="(max-width: 300px) 100vw, 300px" /></a>
			</div>
				<figcaption class='wp-caption-text gallery-caption' id='gallery-2-490'>
				Silvia &#8211; &#8220;Eu me sinto mais feliz. Eu gosto mais de mim. Eu gosto da vida.&#8221;
				</figcaption></figure><figure class='gallery-item'>
			<div class='gallery-icon landscape'>
				<a href='https://compp.ufn.edu.br/?attachment_id=488'><img loading="lazy" decoding="async" width="300" height="198" src="https://compp.ufn.edu.br/wp-content/uploads/2017/05/Imagem11-300x198.jpg" class="attachment-medium size-medium" alt="" aria-describedby="gallery-2-488" srcset="https://compp.ufn.edu.br/wp-content/uploads/2017/05/Imagem11-300x198.jpg 300w, https://compp.ufn.edu.br/wp-content/uploads/2017/05/Imagem11-768x508.jpg 768w, https://compp.ufn.edu.br/wp-content/uploads/2017/05/Imagem11.jpg 818w" sizes="(max-width: 300px) 100vw, 300px" /></a>
			</div>
				<figcaption class='wp-caption-text gallery-caption' id='gallery-2-488'>
				Karen &#8211; &#8220;Você não tem outra alternativa a não ser a vida.&#8221;
				</figcaption></figure><figure class='gallery-item'>
			<div class='gallery-icon landscape'>
				<a href='https://compp.ufn.edu.br/?attachment_id=487'><img loading="lazy" decoding="async" width="300" height="200" src="https://compp.ufn.edu.br/wp-content/uploads/2017/05/Imagem10-300x200.jpg" class="attachment-medium size-medium" alt="" aria-describedby="gallery-2-487" srcset="https://compp.ufn.edu.br/wp-content/uploads/2017/05/Imagem10-300x200.jpg 300w, https://compp.ufn.edu.br/wp-content/uploads/2017/05/Imagem10-768x512.jpg 768w, https://compp.ufn.edu.br/wp-content/uploads/2017/05/Imagem10.jpg 814w" sizes="(max-width: 300px) 100vw, 300px" /></a>
			</div>
				<figcaption class='wp-caption-text gallery-caption' id='gallery-2-487'>
				Flávia &#8211; &#8220;Você tem que colocar cílios postiços, uma peruca e sair para viver.&#8221; e 
				</figcaption></figure><figure class='gallery-item'>
			<div class='gallery-icon landscape'>
				<a href='https://compp.ufn.edu.br/?attachment_id=489'><img loading="lazy" decoding="async" width="300" height="202" src="https://compp.ufn.edu.br/wp-content/uploads/2017/05/Imagem12-300x202.jpg" class="attachment-medium size-medium" alt="" aria-describedby="gallery-2-489" srcset="https://compp.ufn.edu.br/wp-content/uploads/2017/05/Imagem12-300x202.jpg 300w, https://compp.ufn.edu.br/wp-content/uploads/2017/05/Imagem12-768x516.jpg 768w, https://compp.ufn.edu.br/wp-content/uploads/2017/05/Imagem12.jpg 811w" sizes="(max-width: 300px) 100vw, 300px" /></a>
			</div>
				<figcaption class='wp-caption-text gallery-caption' id='gallery-2-489'>
				Lúcia &#8211; &#8220;O que a vida te coloca, você tem que seguir, nem que seja de salto alto pelo menos.&#8221; 
				</figcaption></figure>
		</div>

<p>&nbsp;</p>

<p>https://youtu.be/y9LuhZJIe3k &nbsp; O Projeto Reticências foi uma iniciativa que procurou mostrar que é possível as mulheres vítimas do câncer de superarem a doença e continuarem a vida sem problemas de autoestima, felizes e confiantes. A palavra reticências significa algo que se prolonga, que prossegue, como a vida que continua após a doença. O projeto iniciou [&hellip;]</p>
