{"id":441,"date":"2017-04-17T15:58:31","date_gmt":"2017-04-17T18:58:31","guid":{"rendered":"http:\/\/www.compp.unifra.br\/?post_type=portfolio&amp;p=441"},"modified":"2017-04-17T15:58:31","modified_gmt":"2017-04-17T18:58:31","slug":"projeto-cultura-ativa","status":"publish","type":"portfolio","link":"https:\/\/compp.ufn.edu.br\/?portfolio=projeto-cultura-ativa","title":{"rendered":"Projeto Cultura Ativa"},"content":{"rendered":"<p><iframe title=\"V\u00cdDEOCASE PROJETO CULTURA ATIVA APAE\" width=\"800\" height=\"450\" src=\"https:\/\/www.youtube.com\/embed\/Cr3QcGTDdeY?feature=oembed\" frameborder=\"0\" allow=\"accelerometer; autoplay; clipboard-write; encrypted-media; gyroscope; picture-in-picture\" allowfullscreen><\/iframe><\/p>\n<p>O Projeto Cultura Ativa promoveu diversas a\u00e7\u00f5es de integra\u00e7\u00e3o com os alunos da APAE de Santa Maria. \u00a0A inten\u00e7\u00e3o foi levar aos alunos um pouco de cultura, lazer e divers\u00e3o, j\u00e1 que muitos n\u00e3o tem condi\u00e7\u00f5es de deslocamento e acesso a outros locais a n\u00e3o ser a sua resid\u00eancia e a APAE.<\/p>\n<p>De agosto a outubro de 2015 os alunos receberam malabaristas, cantores, grupos de dan\u00e7as tradicionalistas ga\u00fachas, skatistas, grafiteiros e servi\u00e7os de anima\u00e7\u00e3o de festas. Al\u00e9m disso, o grupo assumiu a fanpage do Facebook que passou de 831 para 2195 curtidas.<\/p>\n<p>Foram desenvolvidos 20 webcards relacionados \u00e0s atividades do projeto com a APAE. O projeto, al\u00e9m dos benef\u00edcios aos alunos, obteve grande visibilidade para a institui\u00e7\u00e3o.<\/p>\n<p><strong>ACAD\u00caMICOS<\/strong><\/p>\n<p>Guilherme Fogliarine, Renan Beltr\u00e3o, Karoline \u00a0Antoniazzi, Jo\u00e3o Paulo Stefanello, Gustavo Boscardin, Eduardo Monteiro, \u00a0Yuri Souza.<\/p>\n<p>&nbsp;<\/p>\n<p>&nbsp;<\/p>\n","protected":false},"excerpt":{"rendered":"<p>O Projeto Cultura Ativa promoveu diversas a\u00e7\u00f5es de integra\u00e7\u00e3o com os alunos da APAE de Santa Maria. \u00a0A inten\u00e7\u00e3o foi levar aos alunos um pouco de cultura, lazer e divers\u00e3o, j\u00e1 que muitos n\u00e3o tem condi\u00e7\u00f5es de deslocamento e acesso a outros locais a n\u00e3o ser a sua resid\u00eancia e a APAE. De agosto a [&hellip;]<\/p>\n","protected":false},"author":2,"featured_media":1052,"comment_status":"open","ping_status":"closed","template":"","meta":{"footnotes":""},"portfolio_category":[14],"portfolio_tag":[],"class_list":["post-441","portfolio","type-portfolio","status-publish","has-post-thumbnail","hentry","portfolio_category-14"],"_links":{"self":[{"href":"https:\/\/compp.ufn.edu.br\/index.php?rest_route=\/wp\/v2\/portfolio\/441","targetHints":{"allow":["GET"]}}],"collection":[{"href":"https:\/\/compp.ufn.edu.br\/index.php?rest_route=\/wp\/v2\/portfolio"}],"about":[{"href":"https:\/\/compp.ufn.edu.br\/index.php?rest_route=\/wp\/v2\/types\/portfolio"}],"author":[{"embeddable":true,"href":"https:\/\/compp.ufn.edu.br\/index.php?rest_route=\/wp\/v2\/users\/2"}],"replies":[{"embeddable":true,"href":"https:\/\/compp.ufn.edu.br\/index.php?rest_route=%2Fwp%2Fv2%2Fcomments&post=441"}],"version-history":[{"count":0,"href":"https:\/\/compp.ufn.edu.br\/index.php?rest_route=\/wp\/v2\/portfolio\/441\/revisions"}],"wp:featuredmedia":[{"embeddable":true,"href":"https:\/\/compp.ufn.edu.br\/index.php?rest_route=\/wp\/v2\/media\/1052"}],"wp:attachment":[{"href":"https:\/\/compp.ufn.edu.br\/index.php?rest_route=%2Fwp%2Fv2%2Fmedia&parent=441"}],"wp:term":[{"taxonomy":"portfolio_category","embeddable":true,"href":"https:\/\/compp.ufn.edu.br\/index.php?rest_route=%2Fwp%2Fv2%2Fportfolio_category&post=441"},{"taxonomy":"portfolio_tag","embeddable":true,"href":"https:\/\/compp.ufn.edu.br\/index.php?rest_route=%2Fwp%2Fv2%2Fportfolio_tag&post=441"}],"curies":[{"name":"wp","href":"https:\/\/api.w.org\/{rel}","templated":true}]}}

<p><iframe title="VÍDEOCASE PROJETO CULTURA ATIVA APAE" width="800" height="450" src="https://www.youtube.com/embed/Cr3QcGTDdeY?feature=oembed" frameborder="0" allow="accelerometer; autoplay; clipboard-write; encrypted-media; gyroscope; picture-in-picture" allowfullscreen></iframe></p>
<p>O Projeto Cultura Ativa promoveu diversas ações de integração com os alunos da APAE de Santa Maria.  A intenção foi levar aos alunos um pouco de cultura, lazer e diversão, já que muitos não tem condições de deslocamento e acesso a outros locais a não ser a sua residência e a APAE.</p>
<p>De agosto a outubro de 2015 os alunos receberam malabaristas, cantores, grupos de danças tradicionalistas gaúchas, skatistas, grafiteiros e serviços de animação de festas. Além disso, o grupo assumiu a fanpage do Facebook que passou de 831 para 2195 curtidas.</p>
<p>Foram desenvolvidos 20 webcards relacionados às atividades do projeto com a APAE. O projeto, além dos benefícios aos alunos, obteve grande visibilidade para a instituição.</p>
<p><strong>ACADÊMICOS</strong></p>
<p>Guilherme Fogliarine, Renan Beltrão, Karoline  Antoniazzi, João Paulo Stefanello, Gustavo Boscardin, Eduardo Monteiro,  Yuri Souza.</p>
<p>&nbsp;</p>
<p>&nbsp;</p>

<p>O Projeto Cultura Ativa promoveu diversas ações de integração com os alunos da APAE de Santa Maria.  A intenção foi levar aos alunos um pouco de cultura, lazer e diversão, já que muitos não tem condições de deslocamento e acesso a outros locais a não ser a sua residência e a APAE. De agosto a [&hellip;]</p>
