{"id":414,"date":"2017-04-17T15:21:46","date_gmt":"2017-04-17T18:21:46","guid":{"rendered":"http:\/\/www.compp.unifra.br\/?post_type=portfolio&amp;p=414"},"modified":"2017-04-17T15:21:46","modified_gmt":"2017-04-17T18:21:46","slug":"projeto-visar","status":"publish","type":"portfolio","link":"https:\/\/compp.ufn.edu.br\/?portfolio=projeto-visar","title":{"rendered":"Projeto Visar"},"content":{"rendered":"<p><iframe title=\"V\u00cdDEOCASE  PROJETO VISAR - AAPECAN\" width=\"800\" height=\"450\" src=\"https:\/\/www.youtube.com\/embed\/JCpfTVSIuM0?feature=oembed\" frameborder=\"0\" allow=\"accelerometer; autoplay; clipboard-write; encrypted-media; gyroscope; picture-in-picture\" allowfullscreen><\/iframe><\/p>\n<p>&nbsp;<\/p>\n<p>O Projeto Visar trabalhou para aumentar a visibilidade da institui\u00e7\u00e3o AAPECAN &#8211; Associa\u00e7\u00e3o de Apoio a Pessoas com C\u00e2ncer &#8211; na comunidade santa-mariense e, atrav\u00e9s disso, conseguir doa\u00e7\u00f5es de alimentos, suplementos e dinheiro para apoiar a institui\u00e7\u00e3o. Muitas v\u00edtimas de c\u00e2ncer n\u00e3o tem renda suficiente para os outros tratamentos especias, e a AAPECAN auxilia juridicamente, psicologicamente e com alimenta\u00e7\u00e3o os pacientes. O dinheiro recebido nas doa\u00e7\u00f5es \u00e9 investido diretamente no tratamento, e pouco resta para a publicidade.<\/p>\n<p>Foi desenvolvido uma campanha institucional com a elabora\u00e7\u00e3o de alguns webcards informativos para o Facebook. Um spot foi veiculado nas r\u00e1dios Medianeira AM e R\u00e1dio Web Unifra e um audiovisual transmitido na TVSM, na TV Pampa e na TV Unifra. No dia 3 de Novembro o projeto realizou uma sess\u00e3o de cinema, com o filme As F\u00e9rias de Mr.Bean e pipoca. A p\u00e1gina no Facebook alcan\u00e7ou 400 novas curtidas, al\u00e9m de todo o reconhecimento para a institui\u00e7\u00e3o.<\/p>\n<p>&nbsp;<\/p>\n<p><strong>ACAD\u00caMICOS<\/strong><\/p>\n<p>Andressa Rodrigues, Beatriz Motta, Estefani Correia, Mauricio Pereira, Nathane Spencer e Vanessa Sanchotene.<\/p>\n<p>&nbsp;<\/p>\n<p>&nbsp;<\/p>\n<p>&nbsp;<\/p>\n","protected":false},"excerpt":{"rendered":"<p>&nbsp; O Projeto Visar trabalhou para aumentar a visibilidade da institui\u00e7\u00e3o AAPECAN &#8211; Associa\u00e7\u00e3o de Apoio a Pessoas com C\u00e2ncer &#8211; na comunidade santa-mariense e, atrav\u00e9s disso, conseguir doa\u00e7\u00f5es de alimentos, suplementos e dinheiro para apoiar a institui\u00e7\u00e3o. Muitas v\u00edtimas de c\u00e2ncer n\u00e3o tem renda suficiente para os outros tratamentos especias, e a AAPECAN auxilia [&hellip;]<\/p>\n","protected":false},"author":2,"featured_media":820,"comment_status":"open","ping_status":"closed","template":"","meta":{"footnotes":""},"portfolio_category":[14],"portfolio_tag":[],"class_list":["post-414","portfolio","type-portfolio","status-publish","has-post-thumbnail","hentry","portfolio_category-14"],"_links":{"self":[{"href":"https:\/\/compp.ufn.edu.br\/index.php?rest_route=\/wp\/v2\/portfolio\/414","targetHints":{"allow":["GET"]}}],"collection":[{"href":"https:\/\/compp.ufn.edu.br\/index.php?rest_route=\/wp\/v2\/portfolio"}],"about":[{"href":"https:\/\/compp.ufn.edu.br\/index.php?rest_route=\/wp\/v2\/types\/portfolio"}],"author":[{"embeddable":true,"href":"https:\/\/compp.ufn.edu.br\/index.php?rest_route=\/wp\/v2\/users\/2"}],"replies":[{"embeddable":true,"href":"https:\/\/compp.ufn.edu.br\/index.php?rest_route=%2Fwp%2Fv2%2Fcomments&post=414"}],"version-history":[{"count":0,"href":"https:\/\/compp.ufn.edu.br\/index.php?rest_route=\/wp\/v2\/portfolio\/414\/revisions"}],"wp:featuredmedia":[{"embeddable":true,"href":"https:\/\/compp.ufn.edu.br\/index.php?rest_route=\/wp\/v2\/media\/820"}],"wp:attachment":[{"href":"https:\/\/compp.ufn.edu.br\/index.php?rest_route=%2Fwp%2Fv2%2Fmedia&parent=414"}],"wp:term":[{"taxonomy":"portfolio_category","embeddable":true,"href":"https:\/\/compp.ufn.edu.br\/index.php?rest_route=%2Fwp%2Fv2%2Fportfolio_category&post=414"},{"taxonomy":"portfolio_tag","embeddable":true,"href":"https:\/\/compp.ufn.edu.br\/index.php?rest_route=%2Fwp%2Fv2%2Fportfolio_tag&post=414"}],"curies":[{"name":"wp","href":"https:\/\/api.w.org\/{rel}","templated":true}]}}

<p><iframe title="VÍDEOCASE  PROJETO VISAR - AAPECAN" width="800" height="450" src="https://www.youtube.com/embed/JCpfTVSIuM0?feature=oembed" frameborder="0" allow="accelerometer; autoplay; clipboard-write; encrypted-media; gyroscope; picture-in-picture" allowfullscreen></iframe></p>
<p>&nbsp;</p>
<p>O Projeto Visar trabalhou para aumentar a visibilidade da instituição AAPECAN &#8211; Associação de Apoio a Pessoas com Câncer &#8211; na comunidade santa-mariense e, através disso, conseguir doações de alimentos, suplementos e dinheiro para apoiar a instituição. Muitas vítimas de câncer não tem renda suficiente para os outros tratamentos especias, e a AAPECAN auxilia juridicamente, psicologicamente e com alimentação os pacientes. O dinheiro recebido nas doações é investido diretamente no tratamento, e pouco resta para a publicidade.</p>
<p>Foi desenvolvido uma campanha institucional com a elaboração de alguns webcards informativos para o Facebook. Um spot foi veiculado nas rádios Medianeira AM e Rádio Web Unifra e um audiovisual transmitido na TVSM, na TV Pampa e na TV Unifra. No dia 3 de Novembro o projeto realizou uma sessão de cinema, com o filme As Férias de Mr.Bean e pipoca. A página no Facebook alcançou 400 novas curtidas, além de todo o reconhecimento para a instituição.</p>
<p>&nbsp;</p>
<p><strong>ACADÊMICOS</strong></p>
<p>Andressa Rodrigues, Beatriz Motta, Estefani Correia, Mauricio Pereira, Nathane Spencer e Vanessa Sanchotene.</p>
<p>&nbsp;</p>
<p>&nbsp;</p>
<p>&nbsp;</p>

<p>&nbsp; O Projeto Visar trabalhou para aumentar a visibilidade da instituição AAPECAN &#8211; Associação de Apoio a Pessoas com Câncer &#8211; na comunidade santa-mariense e, através disso, conseguir doações de alimentos, suplementos e dinheiro para apoiar a instituição. Muitas vítimas de câncer não tem renda suficiente para os outros tratamentos especias, e a AAPECAN auxilia [&hellip;]</p>
