{"id":376,"date":"2017-04-10T15:25:20","date_gmt":"2017-04-10T18:25:20","guid":{"rendered":"http:\/\/www.compp.unifra.br\/?post_type=portfolio&amp;p=376"},"modified":"2017-04-10T15:25:20","modified_gmt":"2017-04-10T18:25:20","slug":"projeto-recordacao","status":"publish","type":"portfolio","link":"https:\/\/compp.ufn.edu.br\/?portfolio=projeto-recordacao","title":{"rendered":"Projeto Recorda\u00e7\u00e3o"},"content":{"rendered":"<p>O projeto Recorda\u00e7\u00e3o trabalhou com a ONG Inf\u00e2ncia-a\u00e7\u00e3o que come\u00e7ou as atividades em 2007 a partir da iniciativa de tr\u00eas universit\u00e1rios, com o objetivo de auxiliar crian\u00e7as carentes de Santa Maria, Rio Grande do Sul. No ano de 2017 a ONG completa 10 anos e conta com aproximadamente 80 volunt\u00e1rios que atendem seis projetos com crian\u00e7as de zero a 14 anos incompletos que estejam em situa\u00e7\u00e3o de vulnerabilidade social. Os projetos da ONG visam oferecer melhores condi\u00e7\u00f5es de vida para as crian\u00e7as atendidas. Os projetos s\u00e3o: Sa\u00fade em a\u00e7\u00e3o; Turma do Chiquinho; Clubinho de L\u00ednguas; Eureka; Amor-exigentinho; e Fazendo Rir.<\/p>\n<p>O Projeto teve como objetivo comemorar os 10 anos da institui\u00e7\u00e3o e procurou mostrar para a sociedade santa-mariense a diferen\u00e7a que ela faz na vida das crian\u00e7as beneficiadas e dos volunt\u00e1rios. Desenvolveu campanha de divulga\u00e7\u00e3o que veicular na fanpage da ONG no Facebook, enfatizando depoimentos de pessoas que foram volunt\u00e1rias. Tamb\u00e9m postaram webcards informativos sobre os projetos e comemorativos aos dez anos da ONG.<\/p>\n<p><strong>ACAD\u00caMICOS<\/strong><\/p>\n<p>Gustavo Adam Fraga, Larissa Santos da Costa, Kau\u00ea Soares Zago e Rafaela Milani Rezer.<\/p>\n<p>&nbsp;<\/p>\n<h3 style=\"text-align: justify\"><strong>GALERIA DE FOTOS<\/strong><\/h3>\n<p><img fetchpriority=\"high\" decoding=\"async\" class=\"alignnone size-medium wp-image-752\" src=\"http:\/\/www.compp.unifra.br\/wp-content\/uploads\/2017\/04\/Ong-Inf\u00e2ncia-a\u00e7\u00e3o-300x169.png\" alt=\"\" width=\"300\" height=\"169\" \/><img decoding=\"async\" class=\"alignnone size-medium wp-image-749\" src=\"http:\/\/www.compp.unifra.br\/wp-content\/uploads\/2017\/04\/Sem-t\u00edtulo-300x169.png\" alt=\"\" width=\"300\" height=\"169\" \/><img decoding=\"async\" class=\"alignnone size-medium wp-image-750\" src=\"http:\/\/www.compp.unifra.br\/wp-content\/uploads\/2017\/04\/Alexandre-Cardoso-300x169.png\" alt=\"\" width=\"300\" height=\"169\" srcset=\"https:\/\/compp.ufn.edu.br\/wp-content\/uploads\/2017\/04\/Alexandre-Cardoso-300x169.png 300w, https:\/\/compp.ufn.edu.br\/wp-content\/uploads\/2017\/04\/Alexandre-Cardoso-1024x576.png 1024w, https:\/\/compp.ufn.edu.br\/wp-content\/uploads\/2017\/04\/Alexandre-Cardoso-768x432.png 768w, https:\/\/compp.ufn.edu.br\/wp-content\/uploads\/2017\/04\/Alexandre-Cardoso.png 1366w\" sizes=\"(max-width: 300px) 100vw, 300px\" \/> <img loading=\"lazy\" decoding=\"async\" class=\"alignnone size-medium wp-image-754\" src=\"http:\/\/www.compp.unifra.br\/wp-content\/uploads\/2017\/04\/21216125_1222214084556815_757373531_o-300x171.jpg\" alt=\"\" width=\"300\" height=\"171\" srcset=\"https:\/\/compp.ufn.edu.br\/wp-content\/uploads\/2017\/04\/21216125_1222214084556815_757373531_o-300x171.jpg 300w, https:\/\/compp.ufn.edu.br\/wp-content\/uploads\/2017\/04\/21216125_1222214084556815_757373531_o-1024x583.jpg 1024w, https:\/\/compp.ufn.edu.br\/wp-content\/uploads\/2017\/04\/21216125_1222214084556815_757373531_o-768x437.jpg 768w, https:\/\/compp.ufn.edu.br\/wp-content\/uploads\/2017\/04\/21216125_1222214084556815_757373531_o.jpg 1136w\" sizes=\"(max-width: 300px) 100vw, 300px\" \/><\/p>\n","protected":false},"excerpt":{"rendered":"<p>O projeto Recorda\u00e7\u00e3o trabalhou com a ONG Inf\u00e2ncia-a\u00e7\u00e3o que come\u00e7ou as atividades em 2007 a partir da iniciativa de tr\u00eas universit\u00e1rios, com o objetivo de auxiliar crian\u00e7as carentes de Santa Maria, Rio Grande do Sul. No ano de 2017 a ONG completa 10 anos e conta com aproximadamente 80 volunt\u00e1rios que atendem seis projetos com [&hellip;]<\/p>\n","protected":false},"author":2,"featured_media":748,"comment_status":"open","ping_status":"closed","template":"","meta":{"footnotes":""},"portfolio_category":[19],"portfolio_tag":[],"class_list":["post-376","portfolio","type-portfolio","status-publish","has-post-thumbnail","hentry","portfolio_category-19"],"_links":{"self":[{"href":"https:\/\/compp.ufn.edu.br\/index.php?rest_route=\/wp\/v2\/portfolio\/376","targetHints":{"allow":["GET"]}}],"collection":[{"href":"https:\/\/compp.ufn.edu.br\/index.php?rest_route=\/wp\/v2\/portfolio"}],"about":[{"href":"https:\/\/compp.ufn.edu.br\/index.php?rest_route=\/wp\/v2\/types\/portfolio"}],"author":[{"embeddable":true,"href":"https:\/\/compp.ufn.edu.br\/index.php?rest_route=\/wp\/v2\/users\/2"}],"replies":[{"embeddable":true,"href":"https:\/\/compp.ufn.edu.br\/index.php?rest_route=%2Fwp%2Fv2%2Fcomments&post=376"}],"version-history":[{"count":0,"href":"https:\/\/compp.ufn.edu.br\/index.php?rest_route=\/wp\/v2\/portfolio\/376\/revisions"}],"wp:featuredmedia":[{"embeddable":true,"href":"https:\/\/compp.ufn.edu.br\/index.php?rest_route=\/wp\/v2\/media\/748"}],"wp:attachment":[{"href":"https:\/\/compp.ufn.edu.br\/index.php?rest_route=%2Fwp%2Fv2%2Fmedia&parent=376"}],"wp:term":[{"taxonomy":"portfolio_category","embeddable":true,"href":"https:\/\/compp.ufn.edu.br\/index.php?rest_route=%2Fwp%2Fv2%2Fportfolio_category&post=376"},{"taxonomy":"portfolio_tag","embeddable":true,"href":"https:\/\/compp.ufn.edu.br\/index.php?rest_route=%2Fwp%2Fv2%2Fportfolio_tag&post=376"}],"curies":[{"name":"wp","href":"https:\/\/api.w.org\/{rel}","templated":true}]}}

Projeto Recordação

<p>O projeto Recordação trabalhou com a ONG Infância-ação que começou as atividades em 2007 a partir da iniciativa de três universitários, com o objetivo de auxiliar crianças carentes de Santa Maria, Rio Grande do Sul. No ano de 2017 a ONG completa 10 anos e conta com aproximadamente 80 voluntários que atendem seis projetos com crianças de zero a 14 anos incompletos que estejam em situação de vulnerabilidade social. Os projetos da ONG visam oferecer melhores condições de vida para as crianças atendidas. Os projetos são: Saúde em ação; Turma do Chiquinho; Clubinho de Línguas; Eureka; Amor-exigentinho; e Fazendo Rir.</p>
<p>O Projeto teve como objetivo comemorar os 10 anos da instituição e procurou mostrar para a sociedade santa-mariense a diferença que ela faz na vida das crianças beneficiadas e dos voluntários. Desenvolveu campanha de divulgação que veicular na fanpage da ONG no Facebook, enfatizando depoimentos de pessoas que foram voluntárias. Também postaram webcards informativos sobre os projetos e comemorativos aos dez anos da ONG.</p>
<p><strong>ACADÊMICOS</strong></p>
<p>Gustavo Adam Fraga, Larissa Santos da Costa, Kauê Soares Zago e Rafaela Milani Rezer.</p>
<p>&nbsp;</p>
<h3 style="text-align: justify"><strong>GALERIA DE FOTOS</strong></h3>
<p><img fetchpriority="high" decoding="async" class="alignnone size-medium wp-image-752" src="http://www.compp.unifra.br/wp-content/uploads/2017/04/Ong-Infância-ação-300x169.png" alt="" width="300" height="169" /><img decoding="async" class="alignnone size-medium wp-image-749" src="http://www.compp.unifra.br/wp-content/uploads/2017/04/Sem-título-300x169.png" alt="" width="300" height="169" /><img decoding="async" class="alignnone size-medium wp-image-750" src="http://www.compp.unifra.br/wp-content/uploads/2017/04/Alexandre-Cardoso-300x169.png" alt="" width="300" height="169" srcset="https://compp.ufn.edu.br/wp-content/uploads/2017/04/Alexandre-Cardoso-300x169.png 300w, https://compp.ufn.edu.br/wp-content/uploads/2017/04/Alexandre-Cardoso-1024x576.png 1024w, https://compp.ufn.edu.br/wp-content/uploads/2017/04/Alexandre-Cardoso-768x432.png 768w, https://compp.ufn.edu.br/wp-content/uploads/2017/04/Alexandre-Cardoso.png 1366w" sizes="(max-width: 300px) 100vw, 300px" /> <img loading="lazy" decoding="async" class="alignnone size-medium wp-image-754" src="http://www.compp.unifra.br/wp-content/uploads/2017/04/21216125_1222214084556815_757373531_o-300x171.jpg" alt="" width="300" height="171" srcset="https://compp.ufn.edu.br/wp-content/uploads/2017/04/21216125_1222214084556815_757373531_o-300x171.jpg 300w, https://compp.ufn.edu.br/wp-content/uploads/2017/04/21216125_1222214084556815_757373531_o-1024x583.jpg 1024w, https://compp.ufn.edu.br/wp-content/uploads/2017/04/21216125_1222214084556815_757373531_o-768x437.jpg 768w, https://compp.ufn.edu.br/wp-content/uploads/2017/04/21216125_1222214084556815_757373531_o.jpg 1136w" sizes="(max-width: 300px) 100vw, 300px" /></p>

<p>O projeto Recordação trabalhou com a ONG Infância-ação que começou as atividades em 2007 a partir da iniciativa de três universitários, com o objetivo de auxiliar crianças carentes de Santa Maria, Rio Grande do Sul. No ano de 2017 a ONG completa 10 anos e conta com aproximadamente 80 voluntários que atendem seis projetos com [&hellip;]</p>
