{"id":1423,"date":"2023-12-05T16:27:36","date_gmt":"2023-12-05T19:27:36","guid":{"rendered":"https:\/\/compp.ufn.edu.br\/?post_type=portfolio&#038;p=1423"},"modified":"2023-12-11T18:03:18","modified_gmt":"2023-12-11T21:03:18","slug":"nao-te-julgo-te-ajudo","status":"publish","type":"portfolio","link":"https:\/\/compp.ufn.edu.br\/?portfolio=nao-te-julgo-te-ajudo","title":{"rendered":"N\u00e3o te julgo, te ajudo"},"content":{"rendered":"\n<figure class=\"wp-block-embed is-type-video is-provider-youtube wp-block-embed-youtube wp-embed-aspect-16-9 wp-has-aspect-ratio\"><div class=\"wp-block-embed__wrapper\">\n<iframe title=\"Projeto N\u00e3o te julgo, te ajudo\/2023\" width=\"800\" height=\"450\" src=\"https:\/\/www.youtube.com\/embed\/8ZigH6lI0jY?feature=oembed\" frameborder=\"0\" allow=\"accelerometer; autoplay; clipboard-write; encrypted-media; gyroscope; picture-in-picture; web-share\" allowfullscreen><\/iframe>\n<\/div><\/figure>\n\n\n\n<p>Uma s\u00e9rie de estudos relata a presen\u00e7a de transtornos mentais, em estudantes universit\u00e1rios. A press\u00e3o por sucesso, a adapta\u00e7\u00e3o a um novo ambiente e as demandas rigorosas dos estudos superiores podem apresentar ou agravar condi\u00e7\u00f5es como ansiedade, depress\u00e3o, transtornos alimentares e outros desafios emocionais. Embora a conscientiza\u00e7\u00e3o sobre a import\u00e2ncia da sa\u00fade mental esteja aumentando, muitos estudantes ainda hesitam em buscar aux\u00edlio, seja por medo de n\u00e3o ser compreendido, inseguran\u00e7a&nbsp; ou vergonha.&nbsp;<\/p>\n\n\n\n<p>Percebendo a import\u00e2ncia da tem\u00e1tica, os acad\u00eamicos criaram o projeto N\u00e3o te julgo, te ajudo,\u00a0 com os objetivos de alertar os estudantes universit\u00e1rios sobre a import\u00e2ncia da sa\u00fade mental, identificar poss\u00edveis problemas e estimular que, se necess\u00e1rio, buscassem ajuda.\u00a0 <\/p>\n\n\n\n<p>Como plataforma de divulga\u00e7\u00e3o do projeto, os respons\u00e1veis escolheram a rede social Instagram, utilizando o perfil @ufncompp, que divulga os projetos da disciplina. Foi realizada uma s\u00e9rie de postagens sobre o tema, sintomas e como encontrar ajuda psicol\u00f3gica. Tamb\u00e9m houveram enquetes no stories para identificar sintomas de abalos na sa\u00fade mental.&nbsp;<\/p>\n\n\n\n<p>Tamb\u00e9m houve uma parceria com alunos da psicologia para realizar uma a\u00e7\u00e3o presencial na 1\u00aa Mostra de Extens\u00e3o da Universidade Franciscana. A equipe desenvolveu um banner com a frase \u201cDeixe aqui suas bagagens emocionais que voc\u00ea n\u00e3o precisa carregar\u201d e o deixou dispon\u00edvel para quem desejasse compartilhar suas ang\u00fastias, deixando sua mensagem atrav\u00e9s de post-its. Tamb\u00e9m foram distribu\u00eddos folders com conte\u00fado sobre sinais de exaust\u00e3o mental e contatos para busca de ajuda.&nbsp; Ap\u00f3s a amostra, os materiais foram levados para o sexto andar do pr\u00e9dio 14, onde se localiza o curso de Publicidade e Propaganda, permitindo a participa\u00e7\u00e3o de mais estudantes.<\/p>\n\n\n\n<p>O trabalho foi tema de uma reportagem da ag\u00eancia Central Sul de jornalismo, da Universidade Franciscana e do programa Universo Acad\u00eamico, da UFNTV.&nbsp;<\/p>\n\n\n\n<p><strong>Acad\u00eamicos do curso de Publicidade e Propaganda:&nbsp; <\/strong>Alysson Ramos, Luiza Prolla, Paula Siqueira e Rodrigo Oliveira.<\/p>\n\n\n\n<p><strong>Mentoria: <\/strong>Felipe Machado (egresso do curso de Publicidade), Cristina Jobim (professora do curso de Publicidade) e Fernanda Jaeger (professora do curso de Psicologia).<\/p>\n\n\n\n<p><strong>Acad\u00eamicos do curso de Psicologia: <\/strong>T\u00e9rcio Eickhoff, Juliane Marschall, Carlos Murilo de Oliveira, Jos\u00e9 Veronez e Isadora Vieira.&nbsp;<\/p>\n","protected":false},"excerpt":{"rendered":"<p>Uma s\u00e9rie de estudos relata a presen\u00e7a de transtornos mentais, em estudantes universit\u00e1rios. A press\u00e3o por sucesso, a adapta\u00e7\u00e3o a um novo ambiente e as demandas rigorosas dos estudos superiores podem apresentar ou agravar condi\u00e7\u00f5es como ansiedade, depress\u00e3o, transtornos alimentares e outros desafios emocionais. Embora a conscientiza\u00e7\u00e3o sobre a import\u00e2ncia da sa\u00fade mental esteja aumentando, [&hellip;]<\/p>\n","protected":false},"author":164,"featured_media":1464,"comment_status":"open","ping_status":"closed","template":"","meta":{"footnotes":""},"portfolio_category":[32],"portfolio_tag":[],"class_list":["post-1423","portfolio","type-portfolio","status-publish","has-post-thumbnail","hentry","portfolio_category-32"],"_links":{"self":[{"href":"https:\/\/compp.ufn.edu.br\/index.php?rest_route=\/wp\/v2\/portfolio\/1423","targetHints":{"allow":["GET"]}}],"collection":[{"href":"https:\/\/compp.ufn.edu.br\/index.php?rest_route=\/wp\/v2\/portfolio"}],"about":[{"href":"https:\/\/compp.ufn.edu.br\/index.php?rest_route=\/wp\/v2\/types\/portfolio"}],"author":[{"embeddable":true,"href":"https:\/\/compp.ufn.edu.br\/index.php?rest_route=\/wp\/v2\/users\/164"}],"replies":[{"embeddable":true,"href":"https:\/\/compp.ufn.edu.br\/index.php?rest_route=%2Fwp%2Fv2%2Fcomments&post=1423"}],"version-history":[{"count":2,"href":"https:\/\/compp.ufn.edu.br\/index.php?rest_route=\/wp\/v2\/portfolio\/1423\/revisions"}],"predecessor-version":[{"id":1445,"href":"https:\/\/compp.ufn.edu.br\/index.php?rest_route=\/wp\/v2\/portfolio\/1423\/revisions\/1445"}],"wp:featuredmedia":[{"embeddable":true,"href":"https:\/\/compp.ufn.edu.br\/index.php?rest_route=\/wp\/v2\/media\/1464"}],"wp:attachment":[{"href":"https:\/\/compp.ufn.edu.br\/index.php?rest_route=%2Fwp%2Fv2%2Fmedia&parent=1423"}],"wp:term":[{"taxonomy":"portfolio_category","embeddable":true,"href":"https:\/\/compp.ufn.edu.br\/index.php?rest_route=%2Fwp%2Fv2%2Fportfolio_category&post=1423"},{"taxonomy":"portfolio_tag","embeddable":true,"href":"https:\/\/compp.ufn.edu.br\/index.php?rest_route=%2Fwp%2Fv2%2Fportfolio_tag&post=1423"}],"curies":[{"name":"wp","href":"https:\/\/api.w.org\/{rel}","templated":true}]}}

Não te julgo, te ajudo

<figure class="wp-block-embed is-type-video is-provider-youtube wp-block-embed-youtube wp-embed-aspect-16-9 wp-has-aspect-ratio"><div class="wp-block-embed__wrapper">
<iframe title="Projeto Não te julgo, te ajudo/2023" width="800" height="450" src="https://www.youtube.com/embed/8ZigH6lI0jY?feature=oembed" frameborder="0" allow="accelerometer; autoplay; clipboard-write; encrypted-media; gyroscope; picture-in-picture; web-share" allowfullscreen></iframe>
</div></figure>



<p>Uma série de estudos relata a presença de transtornos mentais, em estudantes universitários. A pressão por sucesso, a adaptação a um novo ambiente e as demandas rigorosas dos estudos superiores podem apresentar ou agravar condições como ansiedade, depressão, transtornos alimentares e outros desafios emocionais. Embora a conscientização sobre a importância da saúde mental esteja aumentando, muitos estudantes ainda hesitam em buscar auxílio, seja por medo de não ser compreendido, insegurança&nbsp; ou vergonha.&nbsp;</p>



<p>Percebendo a importância da temática, os acadêmicos criaram o projeto Não te julgo, te ajudo,  com os objetivos de alertar os estudantes universitários sobre a importância da saúde mental, identificar possíveis problemas e estimular que, se necessário, buscassem ajuda.  </p>



<p>Como plataforma de divulgação do projeto, os responsáveis escolheram a rede social Instagram, utilizando o perfil @ufncompp, que divulga os projetos da disciplina. Foi realizada uma série de postagens sobre o tema, sintomas e como encontrar ajuda psicológica. Também houveram enquetes no stories para identificar sintomas de abalos na saúde mental.&nbsp;</p>



<p>Também houve uma parceria com alunos da psicologia para realizar uma ação presencial na 1ª Mostra de Extensão da Universidade Franciscana. A equipe desenvolveu um banner com a frase “Deixe aqui suas bagagens emocionais que você não precisa carregar” e o deixou disponível para quem desejasse compartilhar suas angústias, deixando sua mensagem através de post-its. Também foram distribuídos folders com conteúdo sobre sinais de exaustão mental e contatos para busca de ajuda.&nbsp; Após a amostra, os materiais foram levados para o sexto andar do prédio 14, onde se localiza o curso de Publicidade e Propaganda, permitindo a participação de mais estudantes.</p>



<p>O trabalho foi tema de uma reportagem da agência Central Sul de jornalismo, da Universidade Franciscana e do programa Universo Acadêmico, da UFNTV.&nbsp;</p>



<p><strong>Acadêmicos do curso de Publicidade e Propaganda:&nbsp; </strong>Alysson Ramos, Luiza Prolla, Paula Siqueira e Rodrigo Oliveira.</p>



<p><strong>Mentoria: </strong>Felipe Machado (egresso do curso de Publicidade), Cristina Jobim (professora do curso de Publicidade) e Fernanda Jaeger (professora do curso de Psicologia).</p>



<p><strong>Acadêmicos do curso de Psicologia: </strong>Tércio Eickhoff, Juliane Marschall, Carlos Murilo de Oliveira, José Veronez e Isadora Vieira.&nbsp;</p>

<p>Uma série de estudos relata a presença de transtornos mentais, em estudantes universitários. A pressão por sucesso, a adaptação a um novo ambiente e as demandas rigorosas dos estudos superiores podem apresentar ou agravar condições como ansiedade, depressão, transtornos alimentares e outros desafios emocionais. Embora a conscientização sobre a importância da saúde mental esteja aumentando, [&hellip;]</p>
