{"id":1421,"date":"2023-12-05T16:26:27","date_gmt":"2023-12-05T19:26:27","guid":{"rendered":"https:\/\/compp.ufn.edu.br\/?post_type=portfolio&#038;p=1421"},"modified":"2023-12-11T18:03:38","modified_gmt":"2023-12-11T21:03:38","slug":"projeto-conexao-azul","status":"publish","type":"portfolio","link":"https:\/\/compp.ufn.edu.br\/?portfolio=projeto-conexao-azul","title":{"rendered":"Projeto Conex\u00e3o Azul\u00a0"},"content":{"rendered":"\n<figure class=\"wp-block-embed is-type-video is-provider-youtube wp-block-embed-youtube wp-embed-aspect-16-9 wp-has-aspect-ratio\"><div class=\"wp-block-embed__wrapper\">\n<iframe title=\"Projeto Conex\u00e3o Azul\/2023\" width=\"800\" height=\"450\" src=\"https:\/\/www.youtube.com\/embed\/1h2rZ9behA4?feature=oembed\" frameborder=\"0\" allow=\"accelerometer; autoplay; clipboard-write; encrypted-media; gyroscope; picture-in-picture; web-share\" allowfullscreen><\/iframe>\n<\/div><\/figure>\n\n\n\n<p>Em um mundo de descobertas e desafios, o autismo emerge como uma condi\u00e7\u00e3o que merece aten\u00e7\u00e3o especial. Crian\u00e7as ao redor do mundo t\u00eam suas jornadas moldadas por essa complexa condi\u00e7\u00e3o neurol\u00f3gica, desafiando a sociedade a entender e oferecer suporte adequado.<\/p>\n\n\n\n<p>A inclus\u00e3o e a compreens\u00e3o t\u00eam sido fundamentais na promo\u00e7\u00e3o de um ambiente acolhedor para crian\u00e7as autistas. Educar a sociedade sobre o autismo e suas caracter\u00edsticas singulares \u00e9 um passo crucial para garantir que essas crian\u00e7as sejam reconhecidas e respeitadas em sua diversidade. A conscientiza\u00e7\u00e3o sobre o autismo n\u00e3o se limita a abril, o M\u00eas de Conscientiza\u00e7\u00e3o do Autismo, mas \u00e9 uma jornada cont\u00ednua que exige empatia e educa\u00e7\u00e3o.<\/p>\n\n\n\n<p>Por isso, os acad\u00eamicos desenvolveram uma rede de parcerias que contou com o LabFem, os cursos de Fisioterapia e Psicologia da Universidade Franciscana, a gr\u00e1fica Frade Express, a empresa Click, e o jornal Di\u00e1rio de Santa Maria. Dessa forma, foi poss\u00edvel realizar um evento, com o apoio do Shopping Pra\u00e7a Nova, que teve como objetivo fornecer um espa\u00e7o inclusivo para intera\u00e7\u00e3o infantil e conscientiza\u00e7\u00e3o sobre o autismo.&nbsp;<\/p>\n\n\n\n<p>O evento Conex\u00e3o Azul ocorreu no dia 18 de junho de 2023, com o local sendo preparado com atividades de desenvolvimento social, cognitivo e motor. O espa\u00e7o contava com esta\u00e7\u00e3o para carimbar as m\u00e3os, brinquedos macios, espa\u00e7os para desenho,cabine de fotos entre outros detalhes especialmente pensados para melhor acolher o p\u00fablico-alvo, nesse caso fam\u00edlias com crian\u00e7as autistas.&nbsp;<\/p>\n\n\n\n<p>As fam\u00edlias conversaram com os acad\u00eamicos sobre suas experi\u00eancias, como o choque com o diagn\u00f3stico. Tamb\u00e9m houveram relatos sobre suas dificuldades no dia a dia, como falta de infraestrutura nas escolas, olhares tortos ao pegar filas, entre outras situa\u00e7\u00f5es.&nbsp;<\/p>\n\n\n\n<p>O trabalho ganhou Ouro na categoria Campanha Social no 16\u00b0 Pr\u00eamio Universit\u00e1rio de Publicidade UFN.<\/p>\n\n\n\n<p><strong>Acad\u00eamicos<\/strong>: Caroline Flores, Fernanda Luz, Fernanda Silveira, Isadora Pilar, Mallu Rodrigues, Tha\u00eds Kuster, Vanessa Guasque e Vit\u00f3ria Cornel.<\/p>\n","protected":false},"excerpt":{"rendered":"<p>Em um mundo de descobertas e desafios, o autismo emerge como uma condi\u00e7\u00e3o que merece aten\u00e7\u00e3o especial. Crian\u00e7as ao redor do mundo t\u00eam suas jornadas moldadas por essa complexa condi\u00e7\u00e3o neurol\u00f3gica, desafiando a sociedade a entender e oferecer suporte adequado. A inclus\u00e3o e a compreens\u00e3o t\u00eam sido fundamentais na promo\u00e7\u00e3o de um ambiente acolhedor para [&hellip;]<\/p>\n","protected":false},"author":164,"featured_media":1465,"comment_status":"open","ping_status":"closed","template":"","meta":{"footnotes":""},"portfolio_category":[32],"portfolio_tag":[],"class_list":["post-1421","portfolio","type-portfolio","status-publish","has-post-thumbnail","hentry","portfolio_category-32"],"_links":{"self":[{"href":"https:\/\/compp.ufn.edu.br\/index.php?rest_route=\/wp\/v2\/portfolio\/1421","targetHints":{"allow":["GET"]}}],"collection":[{"href":"https:\/\/compp.ufn.edu.br\/index.php?rest_route=\/wp\/v2\/portfolio"}],"about":[{"href":"https:\/\/compp.ufn.edu.br\/index.php?rest_route=\/wp\/v2\/types\/portfolio"}],"author":[{"embeddable":true,"href":"https:\/\/compp.ufn.edu.br\/index.php?rest_route=\/wp\/v2\/users\/164"}],"replies":[{"embeddable":true,"href":"https:\/\/compp.ufn.edu.br\/index.php?rest_route=%2Fwp%2Fv2%2Fcomments&post=1421"}],"version-history":[{"count":1,"href":"https:\/\/compp.ufn.edu.br\/index.php?rest_route=\/wp\/v2\/portfolio\/1421\/revisions"}],"predecessor-version":[{"id":1422,"href":"https:\/\/compp.ufn.edu.br\/index.php?rest_route=\/wp\/v2\/portfolio\/1421\/revisions\/1422"}],"wp:featuredmedia":[{"embeddable":true,"href":"https:\/\/compp.ufn.edu.br\/index.php?rest_route=\/wp\/v2\/media\/1465"}],"wp:attachment":[{"href":"https:\/\/compp.ufn.edu.br\/index.php?rest_route=%2Fwp%2Fv2%2Fmedia&parent=1421"}],"wp:term":[{"taxonomy":"portfolio_category","embeddable":true,"href":"https:\/\/compp.ufn.edu.br\/index.php?rest_route=%2Fwp%2Fv2%2Fportfolio_category&post=1421"},{"taxonomy":"portfolio_tag","embeddable":true,"href":"https:\/\/compp.ufn.edu.br\/index.php?rest_route=%2Fwp%2Fv2%2Fportfolio_tag&post=1421"}],"curies":[{"name":"wp","href":"https:\/\/api.w.org\/{rel}","templated":true}]}}

Projeto Conexão Azul

<figure class="wp-block-embed is-type-video is-provider-youtube wp-block-embed-youtube wp-embed-aspect-16-9 wp-has-aspect-ratio"><div class="wp-block-embed__wrapper">
<iframe title="Projeto Conexão Azul/2023" width="800" height="450" src="https://www.youtube.com/embed/1h2rZ9behA4?feature=oembed" frameborder="0" allow="accelerometer; autoplay; clipboard-write; encrypted-media; gyroscope; picture-in-picture; web-share" allowfullscreen></iframe>
</div></figure>



<p>Em um mundo de descobertas e desafios, o autismo emerge como uma condição que merece atenção especial. Crianças ao redor do mundo têm suas jornadas moldadas por essa complexa condição neurológica, desafiando a sociedade a entender e oferecer suporte adequado.</p>



<p>A inclusão e a compreensão têm sido fundamentais na promoção de um ambiente acolhedor para crianças autistas. Educar a sociedade sobre o autismo e suas características singulares é um passo crucial para garantir que essas crianças sejam reconhecidas e respeitadas em sua diversidade. A conscientização sobre o autismo não se limita a abril, o Mês de Conscientização do Autismo, mas é uma jornada contínua que exige empatia e educação.</p>



<p>Por isso, os acadêmicos desenvolveram uma rede de parcerias que contou com o LabFem, os cursos de Fisioterapia e Psicologia da Universidade Franciscana, a gráfica Frade Express, a empresa Click, e o jornal Diário de Santa Maria. Dessa forma, foi possível realizar um evento, com o apoio do Shopping Praça Nova, que teve como objetivo fornecer um espaço inclusivo para interação infantil e conscientização sobre o autismo.&nbsp;</p>



<p>O evento Conexão Azul ocorreu no dia 18 de junho de 2023, com o local sendo preparado com atividades de desenvolvimento social, cognitivo e motor. O espaço contava com estação para carimbar as mãos, brinquedos macios, espaços para desenho,cabine de fotos entre outros detalhes especialmente pensados para melhor acolher o público-alvo, nesse caso famílias com crianças autistas.&nbsp;</p>



<p>As famílias conversaram com os acadêmicos sobre suas experiências, como o choque com o diagnóstico. Também houveram relatos sobre suas dificuldades no dia a dia, como falta de infraestrutura nas escolas, olhares tortos ao pegar filas, entre outras situações.&nbsp;</p>



<p>O trabalho ganhou Ouro na categoria Campanha Social no 16° Prêmio Universitário de Publicidade UFN.</p>



<p><strong>Acadêmicos</strong>: Caroline Flores, Fernanda Luz, Fernanda Silveira, Isadora Pilar, Mallu Rodrigues, Thaís Kuster, Vanessa Guasque e Vitória Cornel.</p>

<p>Em um mundo de descobertas e desafios, o autismo emerge como uma condição que merece atenção especial. Crianças ao redor do mundo têm suas jornadas moldadas por essa complexa condição neurológica, desafiando a sociedade a entender e oferecer suporte adequado. A inclusão e a compreensão têm sido fundamentais na promoção de um ambiente acolhedor para [&hellip;]</p>
