{"id":1419,"date":"2023-12-05T16:23:01","date_gmt":"2023-12-05T19:23:01","guid":{"rendered":"https:\/\/compp.ufn.edu.br\/?post_type=portfolio&#038;p=1419"},"modified":"2023-12-11T18:03:56","modified_gmt":"2023-12-11T21:03:56","slug":"projeto-recria","status":"publish","type":"portfolio","link":"https:\/\/compp.ufn.edu.br\/?portfolio=projeto-recria","title":{"rendered":"Projeto [Rec]ria"},"content":{"rendered":"\n<figure class=\"wp-block-embed is-type-video is-provider-youtube wp-block-embed-youtube wp-embed-aspect-16-9 wp-has-aspect-ratio\"><div class=\"wp-block-embed__wrapper\">\n<iframe title=\"Projeto TUCRIA\/2023\" width=\"800\" height=\"450\" src=\"https:\/\/www.youtube.com\/embed\/yOp-uspAIYM?feature=oembed\" frameborder=\"0\" allow=\"accelerometer; autoplay; clipboard-write; encrypted-media; gyroscope; picture-in-picture; web-share\" allowfullscreen><\/iframe>\n<\/div><\/figure>\n\n\n\n<p>O projeto&nbsp; [Rec]ria tem como objetivo dar conhecimento a pessoas que buscam conhecer e at\u00e9 come\u00e7ar a trabalhar com a \u00e1rea de audiovisual. Os acad\u00eamicos reconheceram atrav\u00e9s de pesquisas e experi\u00eancias relatadas sobre as mudan\u00e7as de aspira\u00e7\u00f5es dos jovens quanto a suas expectativas e desejos sobre o estudo formal (gradua\u00e7\u00e3o). Foi encontrada tamb\u00e9m uma expectativa e frustra\u00e7\u00e3o sobre conte\u00fados audiovisuais, que n\u00e3o alcan\u00e7avam a qualidade desejada por esses jovens.&nbsp;<\/p>\n\n\n\n<p>Dessa forma, os acad\u00eamicos respons\u00e1veis pelo projeto tiveram a ideia de oferecer workshops que ensinavam a produzir conte\u00fado audiovisual atrav\u00e9s do celular e materiais caseiros. \u201cVoc\u00ea n\u00e3o precisa de muito investimento financeiro para a constru\u00e7\u00e3o deste est\u00fadio\u201d, ressalta o acad\u00eamico Pedro Schroeder.&nbsp;<\/p>\n\n\n\n<p>Os respons\u00e1veis pelo projeto tamb\u00e9m produziram um e-book, de forma a disponibilizar o conhecimento com os interessados a entender melhor como produzir seus pr\u00f3prios conte\u00fados.&nbsp;<\/p>\n\n\n\n<p><strong>Acad\u00eamicos<\/strong>: Pedro Schroeder, Patr\u00edcio Fontoura e Raphael Carvalho<\/p>\n","protected":false},"excerpt":{"rendered":"<p>O projeto&nbsp; [Rec]ria tem como objetivo dar conhecimento a pessoas que buscam conhecer e at\u00e9 come\u00e7ar a trabalhar com a \u00e1rea de audiovisual. Os acad\u00eamicos reconheceram atrav\u00e9s de pesquisas e experi\u00eancias relatadas sobre as mudan\u00e7as de aspira\u00e7\u00f5es dos jovens quanto a suas expectativas e desejos sobre o estudo formal (gradua\u00e7\u00e3o). Foi encontrada tamb\u00e9m uma expectativa [&hellip;]<\/p>\n","protected":false},"author":164,"featured_media":1466,"comment_status":"open","ping_status":"closed","template":"","meta":{"footnotes":""},"portfolio_category":[32],"portfolio_tag":[],"class_list":["post-1419","portfolio","type-portfolio","status-publish","has-post-thumbnail","hentry","portfolio_category-32"],"_links":{"self":[{"href":"https:\/\/compp.ufn.edu.br\/index.php?rest_route=\/wp\/v2\/portfolio\/1419","targetHints":{"allow":["GET"]}}],"collection":[{"href":"https:\/\/compp.ufn.edu.br\/index.php?rest_route=\/wp\/v2\/portfolio"}],"about":[{"href":"https:\/\/compp.ufn.edu.br\/index.php?rest_route=\/wp\/v2\/types\/portfolio"}],"author":[{"embeddable":true,"href":"https:\/\/compp.ufn.edu.br\/index.php?rest_route=\/wp\/v2\/users\/164"}],"replies":[{"embeddable":true,"href":"https:\/\/compp.ufn.edu.br\/index.php?rest_route=%2Fwp%2Fv2%2Fcomments&post=1419"}],"version-history":[{"count":1,"href":"https:\/\/compp.ufn.edu.br\/index.php?rest_route=\/wp\/v2\/portfolio\/1419\/revisions"}],"predecessor-version":[{"id":1420,"href":"https:\/\/compp.ufn.edu.br\/index.php?rest_route=\/wp\/v2\/portfolio\/1419\/revisions\/1420"}],"wp:featuredmedia":[{"embeddable":true,"href":"https:\/\/compp.ufn.edu.br\/index.php?rest_route=\/wp\/v2\/media\/1466"}],"wp:attachment":[{"href":"https:\/\/compp.ufn.edu.br\/index.php?rest_route=%2Fwp%2Fv2%2Fmedia&parent=1419"}],"wp:term":[{"taxonomy":"portfolio_category","embeddable":true,"href":"https:\/\/compp.ufn.edu.br\/index.php?rest_route=%2Fwp%2Fv2%2Fportfolio_category&post=1419"},{"taxonomy":"portfolio_tag","embeddable":true,"href":"https:\/\/compp.ufn.edu.br\/index.php?rest_route=%2Fwp%2Fv2%2Fportfolio_tag&post=1419"}],"curies":[{"name":"wp","href":"https:\/\/api.w.org\/{rel}","templated":true}]}}

<figure class="wp-block-embed is-type-video is-provider-youtube wp-block-embed-youtube wp-embed-aspect-16-9 wp-has-aspect-ratio"><div class="wp-block-embed__wrapper">
<iframe title="Projeto TUCRIA/2023" width="800" height="450" src="https://www.youtube.com/embed/yOp-uspAIYM?feature=oembed" frameborder="0" allow="accelerometer; autoplay; clipboard-write; encrypted-media; gyroscope; picture-in-picture; web-share" allowfullscreen></iframe>
</div></figure>



<p>O projeto&nbsp; [Rec]ria tem como objetivo dar conhecimento a pessoas que buscam conhecer e até começar a trabalhar com a área de audiovisual. Os acadêmicos reconheceram através de pesquisas e experiências relatadas sobre as mudanças de aspirações dos jovens quanto a suas expectativas e desejos sobre o estudo formal (graduação). Foi encontrada também uma expectativa e frustração sobre conteúdos audiovisuais, que não alcançavam a qualidade desejada por esses jovens.&nbsp;</p>



<p>Dessa forma, os acadêmicos responsáveis pelo projeto tiveram a ideia de oferecer workshops que ensinavam a produzir conteúdo audiovisual através do celular e materiais caseiros. “Você não precisa de muito investimento financeiro para a construção deste estúdio”, ressalta o acadêmico Pedro Schroeder.&nbsp;</p>



<p>Os responsáveis pelo projeto também produziram um e-book, de forma a disponibilizar o conhecimento com os interessados a entender melhor como produzir seus próprios conteúdos.&nbsp;</p>



<p><strong>Acadêmicos</strong>: Pedro Schroeder, Patrício Fontoura e Raphael Carvalho</p>

<p>O projeto&nbsp; [Rec]ria tem como objetivo dar conhecimento a pessoas que buscam conhecer e até começar a trabalhar com a área de audiovisual. Os acadêmicos reconheceram através de pesquisas e experiências relatadas sobre as mudanças de aspirações dos jovens quanto a suas expectativas e desejos sobre o estudo formal (graduação). Foi encontrada também uma expectativa [&hellip;]</p>
