{"id":1417,"date":"2023-12-05T16:21:50","date_gmt":"2023-12-05T19:21:50","guid":{"rendered":"https:\/\/compp.ufn.edu.br\/?post_type=portfolio&#038;p=1417"},"modified":"2023-12-11T18:04:17","modified_gmt":"2023-12-11T21:04:17","slug":"projeto-compartilhando-afeto","status":"publish","type":"portfolio","link":"https:\/\/compp.ufn.edu.br\/?portfolio=projeto-compartilhando-afeto","title":{"rendered":"Projeto Compartilhando Afeto\u00a0"},"content":{"rendered":"\n<p><\/p>\n\n\n\n<figure class=\"wp-block-embed is-type-video is-provider-youtube wp-block-embed-youtube wp-embed-aspect-16-9 wp-has-aspect-ratio\"><div class=\"wp-block-embed__wrapper\">\n<iframe title=\"Projeto compartilhando afeto\/2021\" width=\"800\" height=\"450\" src=\"https:\/\/www.youtube.com\/embed\/eBxsIRKPdGg?feature=oembed\" frameborder=\"0\" allow=\"accelerometer; autoplay; clipboard-write; encrypted-media; gyroscope; picture-in-picture; web-share\" allowfullscreen><\/iframe>\n<\/div><\/figure>\n\n\n\n<p>O projeto Compartilhando Afeto teve como objetivo auxiliar pais que se encontravam em dificuldades causadas pela pandemia de Covid-19. Os acad\u00eamicos perceberam atrav\u00e9s de pesquisas as dificuldades para pais, principalmente aqueles de primeira viagem e\/ou com crian\u00e7as em casa ocasionadas pelo isolamento social, que acarretou em dificuldades para trabalhar em casa e cuidar das crian\u00e7as ao mesmo tempo, sobretudo as atividades escolares a dist\u00e2ncia, o que aumentou os \u00edndices de estresse, ansiedade e sensa\u00e7\u00e3o de culpa dos adultos respons\u00e1veis pelas crian\u00e7as.<\/p>\n\n\n\n<p>Os acad\u00eamicos resolveram auxiliar esse p\u00fablico compartilhando informa\u00e7\u00f5es sobre cuidados infantis, atividades para realizar com as crian\u00e7as e dicas de profissionais sobre como lidar com o momento. O p\u00fablico-alvo foi de pais com crian\u00e7as de 5 a 7 anos, escolhido pela fase de desenvolvimento dessas crian\u00e7as que foi impactada pela pandemia, atrapalhando a socializa\u00e7\u00e3o e estabilidade emocional desse p\u00fablico.&nbsp;<\/p>\n\n\n\n<p>O projeto, ocorrido no segundo semestre de 2021, buscou unir a tecnologia e o distanciamento com possibilidades de partilhar afeto e carinho dos pais com os filhos, mesmo com toda a situa\u00e7\u00e3o estressora. As informa\u00e7\u00f5es foram compartilhadas pelo perfil no Instagram @compartilhandoafeto_, atrav\u00e9s de postagens no feed e perguntas di\u00e1rias via stories.&nbsp;<\/p>\n\n\n\n<p><strong>Acad\u00eamicos: <\/strong>Samuel Costa e Eduardo Camponogara.<\/p>\n","protected":false},"excerpt":{"rendered":"<p>O projeto Compartilhando Afeto teve como objetivo auxiliar pais que se encontravam em dificuldades causadas pela pandemia de Covid-19. Os acad\u00eamicos perceberam atrav\u00e9s de pesquisas as dificuldades para pais, principalmente aqueles de primeira viagem e\/ou com crian\u00e7as em casa ocasionadas pelo isolamento social, que acarretou em dificuldades para trabalhar em casa e cuidar das crian\u00e7as [&hellip;]<\/p>\n","protected":false},"author":164,"featured_media":1467,"comment_status":"open","ping_status":"closed","template":"","meta":{"footnotes":""},"portfolio_category":[30],"portfolio_tag":[],"class_list":["post-1417","portfolio","type-portfolio","status-publish","has-post-thumbnail","hentry","portfolio_category-30"],"_links":{"self":[{"href":"https:\/\/compp.ufn.edu.br\/index.php?rest_route=\/wp\/v2\/portfolio\/1417","targetHints":{"allow":["GET"]}}],"collection":[{"href":"https:\/\/compp.ufn.edu.br\/index.php?rest_route=\/wp\/v2\/portfolio"}],"about":[{"href":"https:\/\/compp.ufn.edu.br\/index.php?rest_route=\/wp\/v2\/types\/portfolio"}],"author":[{"embeddable":true,"href":"https:\/\/compp.ufn.edu.br\/index.php?rest_route=\/wp\/v2\/users\/164"}],"replies":[{"embeddable":true,"href":"https:\/\/compp.ufn.edu.br\/index.php?rest_route=%2Fwp%2Fv2%2Fcomments&post=1417"}],"version-history":[{"count":1,"href":"https:\/\/compp.ufn.edu.br\/index.php?rest_route=\/wp\/v2\/portfolio\/1417\/revisions"}],"predecessor-version":[{"id":1418,"href":"https:\/\/compp.ufn.edu.br\/index.php?rest_route=\/wp\/v2\/portfolio\/1417\/revisions\/1418"}],"wp:featuredmedia":[{"embeddable":true,"href":"https:\/\/compp.ufn.edu.br\/index.php?rest_route=\/wp\/v2\/media\/1467"}],"wp:attachment":[{"href":"https:\/\/compp.ufn.edu.br\/index.php?rest_route=%2Fwp%2Fv2%2Fmedia&parent=1417"}],"wp:term":[{"taxonomy":"portfolio_category","embeddable":true,"href":"https:\/\/compp.ufn.edu.br\/index.php?rest_route=%2Fwp%2Fv2%2Fportfolio_category&post=1417"},{"taxonomy":"portfolio_tag","embeddable":true,"href":"https:\/\/compp.ufn.edu.br\/index.php?rest_route=%2Fwp%2Fv2%2Fportfolio_tag&post=1417"}],"curies":[{"name":"wp","href":"https:\/\/api.w.org\/{rel}","templated":true}]}}

<p></p>



<figure class="wp-block-embed is-type-video is-provider-youtube wp-block-embed-youtube wp-embed-aspect-16-9 wp-has-aspect-ratio"><div class="wp-block-embed__wrapper">
<iframe title="Projeto compartilhando afeto/2021" width="800" height="450" src="https://www.youtube.com/embed/eBxsIRKPdGg?feature=oembed" frameborder="0" allow="accelerometer; autoplay; clipboard-write; encrypted-media; gyroscope; picture-in-picture; web-share" allowfullscreen></iframe>
</div></figure>



<p>O projeto Compartilhando Afeto teve como objetivo auxiliar pais que se encontravam em dificuldades causadas pela pandemia de Covid-19. Os acadêmicos perceberam através de pesquisas as dificuldades para pais, principalmente aqueles de primeira viagem e/ou com crianças em casa ocasionadas pelo isolamento social, que acarretou em dificuldades para trabalhar em casa e cuidar das crianças ao mesmo tempo, sobretudo as atividades escolares a distância, o que aumentou os índices de estresse, ansiedade e sensação de culpa dos adultos responsáveis pelas crianças.</p>



<p>Os acadêmicos resolveram auxiliar esse público compartilhando informações sobre cuidados infantis, atividades para realizar com as crianças e dicas de profissionais sobre como lidar com o momento. O público-alvo foi de pais com crianças de 5 a 7 anos, escolhido pela fase de desenvolvimento dessas crianças que foi impactada pela pandemia, atrapalhando a socialização e estabilidade emocional desse público.&nbsp;</p>



<p>O projeto, ocorrido no segundo semestre de 2021, buscou unir a tecnologia e o distanciamento com possibilidades de partilhar afeto e carinho dos pais com os filhos, mesmo com toda a situação estressora. As informações foram compartilhadas pelo perfil no Instagram @compartilhandoafeto_, através de postagens no feed e perguntas diárias via stories.&nbsp;</p>



<p><strong>Acadêmicos: </strong>Samuel Costa e Eduardo Camponogara.</p>

<p>O projeto Compartilhando Afeto teve como objetivo auxiliar pais que se encontravam em dificuldades causadas pela pandemia de Covid-19. Os acadêmicos perceberam através de pesquisas as dificuldades para pais, principalmente aqueles de primeira viagem e/ou com crianças em casa ocasionadas pelo isolamento social, que acarretou em dificuldades para trabalhar em casa e cuidar das crianças [&hellip;]</p>
