{"id":1415,"date":"2023-12-05T16:20:11","date_gmt":"2023-12-05T19:20:11","guid":{"rendered":"https:\/\/compp.ufn.edu.br\/?post_type=portfolio&#038;p=1415"},"modified":"2023-12-11T18:04:48","modified_gmt":"2023-12-11T21:04:48","slug":"projeto-tira-um-tempo","status":"publish","type":"portfolio","link":"https:\/\/compp.ufn.edu.br\/?portfolio=projeto-tira-um-tempo","title":{"rendered":"Projeto tira um tempo"},"content":{"rendered":"\n<p><\/p>\n\n\n\n<figure class=\"wp-block-embed is-type-video is-provider-youtube wp-block-embed-youtube wp-embed-aspect-16-9 wp-has-aspect-ratio\"><div class=\"wp-block-embed__wrapper\">\n<iframe title=\"Projeto #Tiraumtempo - Curso de Publicidade UFN\" width=\"800\" height=\"450\" src=\"https:\/\/www.youtube.com\/embed\/JxTPN3YngG4?feature=oembed\" frameborder=\"0\" allow=\"accelerometer; autoplay; clipboard-write; encrypted-media; gyroscope; picture-in-picture; web-share\" allowfullscreen><\/iframe>\n<\/div><\/figure>\n\n\n\n<p>O projeto tira um tempo teve o intuito promover cuidados \u00e0 sa\u00fade mental durante o per\u00edodo de isolamento causado pela pandemia de Covid-19. Foi percebido pelos acad\u00eamicos uma forte presen\u00e7a de estresse ocasionada pelas quest\u00f5es pandemicas e pelo isolamento social.\u00a0<\/p>\n\n\n\n<p>Durante sete semanas, de abril a junho de 2021, os respons\u00e1veis pelo projeto propuseram atividades din\u00e2micas, mas que respeitavam o distanciamento social. A proposta teve como p\u00fablico-alvo os alunos do curso de Publicidade e Propaganda da Universidade Franciscana, tamb\u00e9m alcan\u00e7ado poss\u00edveis interessados atrav\u00e9s da divulga\u00e7\u00e3o pelas redes sociais do curso e reeleses enviados para ve\u00edculos de comunica\u00e7\u00e3o na cidade de Santa Maria\/RS.<\/p>\n\n\n\n<p>As mensagens do projeto foram enviadas atrav\u00e9s do email <a href=\"mailto:tiraumtempopp@outloock.com\">tiraumtempopp@outloock.com<\/a> e enviados aos e-mails institucionais dos alunos do curso, fornecidos pela parceria supervisionada com a coordena\u00e7\u00e3o do curso. Essas mensagens eram enviadas semanalmente, contendo uma sugest\u00e3o de atividade e seus respectivos benef\u00edcios para a sa\u00fade mental.&nbsp;<\/p>\n\n\n\n<p>Foram tratados temas como dan\u00e7a, origami, medita\u00e7\u00e3o e m\u00fasica, com essas duas \u00faltimas atividades sendo muito bem recebidas pelo p\u00fablico. A cada nova atividade, uma postagem era feita no Instagram do curso para refor\u00e7ar a mensagem, tamb\u00e9m visando angariar novos membros.&nbsp;<\/p>\n\n\n\n<p>Os acad\u00eamicos respons\u00e1veis pelo projeto relatam a experi\u00eancia como gratificante e de grande realiza\u00e7\u00e3o pessoal por poderem auxiliar seus colegas em um momento t\u00e3o delicado.&nbsp;<\/p>\n\n\n\n<p><strong>Acad\u00eamicos:<\/strong> Carlos Henrique Barreto e Nat\u00e1lia Saidelles Cunha.&nbsp;<\/p>\n","protected":false},"excerpt":{"rendered":"<p>O projeto tira um tempo teve o intuito promover cuidados \u00e0 sa\u00fade mental durante o per\u00edodo de isolamento causado pela pandemia de Covid-19. Foi percebido pelos acad\u00eamicos uma forte presen\u00e7a de estresse ocasionada pelas quest\u00f5es pandemicas e pelo isolamento social.\u00a0 Durante sete semanas, de abril a junho de 2021, os respons\u00e1veis pelo projeto propuseram atividades [&hellip;]<\/p>\n","protected":false},"author":164,"featured_media":1468,"comment_status":"open","ping_status":"closed","template":"","meta":{"footnotes":""},"portfolio_category":[30],"portfolio_tag":[],"class_list":["post-1415","portfolio","type-portfolio","status-publish","has-post-thumbnail","hentry","portfolio_category-30"],"_links":{"self":[{"href":"https:\/\/compp.ufn.edu.br\/index.php?rest_route=\/wp\/v2\/portfolio\/1415","targetHints":{"allow":["GET"]}}],"collection":[{"href":"https:\/\/compp.ufn.edu.br\/index.php?rest_route=\/wp\/v2\/portfolio"}],"about":[{"href":"https:\/\/compp.ufn.edu.br\/index.php?rest_route=\/wp\/v2\/types\/portfolio"}],"author":[{"embeddable":true,"href":"https:\/\/compp.ufn.edu.br\/index.php?rest_route=\/wp\/v2\/users\/164"}],"replies":[{"embeddable":true,"href":"https:\/\/compp.ufn.edu.br\/index.php?rest_route=%2Fwp%2Fv2%2Fcomments&post=1415"}],"version-history":[{"count":1,"href":"https:\/\/compp.ufn.edu.br\/index.php?rest_route=\/wp\/v2\/portfolio\/1415\/revisions"}],"predecessor-version":[{"id":1416,"href":"https:\/\/compp.ufn.edu.br\/index.php?rest_route=\/wp\/v2\/portfolio\/1415\/revisions\/1416"}],"wp:featuredmedia":[{"embeddable":true,"href":"https:\/\/compp.ufn.edu.br\/index.php?rest_route=\/wp\/v2\/media\/1468"}],"wp:attachment":[{"href":"https:\/\/compp.ufn.edu.br\/index.php?rest_route=%2Fwp%2Fv2%2Fmedia&parent=1415"}],"wp:term":[{"taxonomy":"portfolio_category","embeddable":true,"href":"https:\/\/compp.ufn.edu.br\/index.php?rest_route=%2Fwp%2Fv2%2Fportfolio_category&post=1415"},{"taxonomy":"portfolio_tag","embeddable":true,"href":"https:\/\/compp.ufn.edu.br\/index.php?rest_route=%2Fwp%2Fv2%2Fportfolio_tag&post=1415"}],"curies":[{"name":"wp","href":"https:\/\/api.w.org\/{rel}","templated":true}]}}

<p></p>



<figure class="wp-block-embed is-type-video is-provider-youtube wp-block-embed-youtube wp-embed-aspect-16-9 wp-has-aspect-ratio"><div class="wp-block-embed__wrapper">
<iframe title="Projeto #Tiraumtempo - Curso de Publicidade UFN" width="800" height="450" src="https://www.youtube.com/embed/JxTPN3YngG4?feature=oembed" frameborder="0" allow="accelerometer; autoplay; clipboard-write; encrypted-media; gyroscope; picture-in-picture; web-share" allowfullscreen></iframe>
</div></figure>



<p>O projeto tira um tempo teve o intuito promover cuidados à saúde mental durante o período de isolamento causado pela pandemia de Covid-19. Foi percebido pelos acadêmicos uma forte presença de estresse ocasionada pelas questões pandemicas e pelo isolamento social. </p>



<p>Durante sete semanas, de abril a junho de 2021, os responsáveis pelo projeto propuseram atividades dinâmicas, mas que respeitavam o distanciamento social. A proposta teve como público-alvo os alunos do curso de Publicidade e Propaganda da Universidade Franciscana, também alcançado possíveis interessados através da divulgação pelas redes sociais do curso e reeleses enviados para veículos de comunicação na cidade de Santa Maria/RS.</p>



<p>As mensagens do projeto foram enviadas através do email <a href="mailto:tiraumtempopp@outloock.com">tiraumtempopp@outloock.com</a> e enviados aos e-mails institucionais dos alunos do curso, fornecidos pela parceria supervisionada com a coordenação do curso. Essas mensagens eram enviadas semanalmente, contendo uma sugestão de atividade e seus respectivos benefícios para a saúde mental.&nbsp;</p>



<p>Foram tratados temas como dança, origami, meditação e música, com essas duas últimas atividades sendo muito bem recebidas pelo público. A cada nova atividade, uma postagem era feita no Instagram do curso para reforçar a mensagem, também visando angariar novos membros.&nbsp;</p>



<p>Os acadêmicos responsáveis pelo projeto relatam a experiência como gratificante e de grande realização pessoal por poderem auxiliar seus colegas em um momento tão delicado.&nbsp;</p>



<p><strong>Acadêmicos:</strong> Carlos Henrique Barreto e Natália Saidelles Cunha.&nbsp;</p>

<p>O projeto tira um tempo teve o intuito promover cuidados à saúde mental durante o período de isolamento causado pela pandemia de Covid-19. Foi percebido pelos acadêmicos uma forte presença de estresse ocasionada pelas questões pandemicas e pelo isolamento social.  Durante sete semanas, de abril a junho de 2021, os responsáveis pelo projeto propuseram atividades [&hellip;]</p>
