{"id":1411,"date":"2023-12-05T15:54:21","date_gmt":"2023-12-05T18:54:21","guid":{"rendered":"https:\/\/compp.ufn.edu.br\/?post_type=portfolio&#038;p=1411"},"modified":"2023-12-11T18:05:18","modified_gmt":"2023-12-11T21:05:18","slug":"meu-talento-e-show","status":"publish","type":"portfolio","link":"https:\/\/compp.ufn.edu.br\/?portfolio=meu-talento-e-show","title":{"rendered":"Meu talento \u00e9 show"},"content":{"rendered":"\n<figure class=\"wp-block-embed is-type-video is-provider-youtube wp-block-embed-youtube wp-embed-aspect-16-9 wp-has-aspect-ratio\"><div class=\"wp-block-embed__wrapper\">\n<iframe title=\"Projeto Meu talento \u00e9 show - Escola Paulo Lauda\" width=\"800\" height=\"450\" src=\"https:\/\/www.youtube.com\/embed\/aXzI_M_quZU?feature=oembed\" frameborder=\"0\" allow=\"accelerometer; autoplay; clipboard-write; encrypted-media; gyroscope; picture-in-picture; web-share\" allowfullscreen><\/iframe>\n<\/div><\/figure>\n\n\n\n<p>A escola \u00e9 um ambiente importante na forma\u00e7\u00e3o das personalidades dos alunos. Tamb\u00e9m \u00e9 um local de desenvolvimento de habilidades e voca\u00e7\u00f5es, onde cada crian\u00e7a carrega um conjunto distinto de habilidades e potenciais, que muitas vezes s\u00f3 precisa ser identificado e nutrido para florescer.\u00a0<\/p>\n\n\n\n<p>Pensando nisso, os acad\u00eamicos, em parceria com a diretoria da escola Paulo Lauda, localizada na cidade de Santa Maria\/RS desenvolveram o projeto Meu talento \u00e9 Show. Essa atividade foi desenvolvida com alunos do 1\u00b0, 2\u00b0 e 3\u00b0 ano do ensino m\u00e9dio.&nbsp;<\/p>\n\n\n\n<p>Vale ressaltar que os alunos participaram tanto mostrando seus talentos quanto auxiliando na produ\u00e7\u00e3o do evento. Esses alunos foram chamados de \u201cembaixadores\u201d e queriam participar do projeto, mas sem subir no palco, desenvolvendo outras atividades importantes para a realiza\u00e7\u00e3o do evento.&nbsp;<\/p>\n\n\n\n<p>Os acad\u00eamicos realizaram encontros semanais com as turmas, de forma a produzir e incentivar o evento, tendo assim um contato pr\u00f3ximo com os alunos. Os alunos da PP mostraram um pouco de seus pr\u00f3prios talentos e atividades, compartilhando um pouco de suas trajet\u00f3rias at\u00e9 aqui, de forma a incentivar os alunos da escola a encontrar seus interesses.&nbsp; O evento ent\u00e3o ocorreu no \u00faltimo encontro, durante a festa junina da escola Paulo Lauda. Durante o evento, tamb\u00e9m se apresentaram artistas da comunidade local, que tiveram espa\u00e7o para mostrar seu trabalho.&nbsp;<\/p>\n\n\n\n<p>Os alunos da Publicidade enfatizam que foi uma experi\u00eancia positiva, pois foi um aprendizado m\u00fatuo. Os acad\u00eamicos ressaltam que conheceram diversas hist\u00f3rias e se sentiram muito realizados ao impulsionar a curiosidade e criatividade dos alunos, incentivando-os a descobrirem seus pr\u00f3prios interesses e elevarem sua auto-estima.&nbsp;<\/p>\n\n\n\n<p><strong>Acad\u00eamicos<\/strong>: Gabriel Valcanover, Matheus Prade, Enzo Fischer, Bruno Sousa.&nbsp;<\/p>\n","protected":false},"excerpt":{"rendered":"<p>A escola \u00e9 um ambiente importante na forma\u00e7\u00e3o das personalidades dos alunos. Tamb\u00e9m \u00e9 um local de desenvolvimento de habilidades e voca\u00e7\u00f5es, onde cada crian\u00e7a carrega um conjunto distinto de habilidades e potenciais, que muitas vezes s\u00f3 precisa ser identificado e nutrido para florescer.\u00a0 Pensando nisso, os acad\u00eamicos, em parceria com a diretoria da escola [&hellip;]<\/p>\n","protected":false},"author":164,"featured_media":1462,"comment_status":"open","ping_status":"closed","template":"","meta":{"footnotes":""},"portfolio_category":[28],"portfolio_tag":[],"class_list":["post-1411","portfolio","type-portfolio","status-publish","has-post-thumbnail","hentry","portfolio_category-28"],"_links":{"self":[{"href":"https:\/\/compp.ufn.edu.br\/index.php?rest_route=\/wp\/v2\/portfolio\/1411","targetHints":{"allow":["GET"]}}],"collection":[{"href":"https:\/\/compp.ufn.edu.br\/index.php?rest_route=\/wp\/v2\/portfolio"}],"about":[{"href":"https:\/\/compp.ufn.edu.br\/index.php?rest_route=\/wp\/v2\/types\/portfolio"}],"author":[{"embeddable":true,"href":"https:\/\/compp.ufn.edu.br\/index.php?rest_route=\/wp\/v2\/users\/164"}],"replies":[{"embeddable":true,"href":"https:\/\/compp.ufn.edu.br\/index.php?rest_route=%2Fwp%2Fv2%2Fcomments&post=1411"}],"version-history":[{"count":1,"href":"https:\/\/compp.ufn.edu.br\/index.php?rest_route=\/wp\/v2\/portfolio\/1411\/revisions"}],"predecessor-version":[{"id":1412,"href":"https:\/\/compp.ufn.edu.br\/index.php?rest_route=\/wp\/v2\/portfolio\/1411\/revisions\/1412"}],"wp:featuredmedia":[{"embeddable":true,"href":"https:\/\/compp.ufn.edu.br\/index.php?rest_route=\/wp\/v2\/media\/1462"}],"wp:attachment":[{"href":"https:\/\/compp.ufn.edu.br\/index.php?rest_route=%2Fwp%2Fv2%2Fmedia&parent=1411"}],"wp:term":[{"taxonomy":"portfolio_category","embeddable":true,"href":"https:\/\/compp.ufn.edu.br\/index.php?rest_route=%2Fwp%2Fv2%2Fportfolio_category&post=1411"},{"taxonomy":"portfolio_tag","embeddable":true,"href":"https:\/\/compp.ufn.edu.br\/index.php?rest_route=%2Fwp%2Fv2%2Fportfolio_tag&post=1411"}],"curies":[{"name":"wp","href":"https:\/\/api.w.org\/{rel}","templated":true}]}}

Meu talento é show

<figure class="wp-block-embed is-type-video is-provider-youtube wp-block-embed-youtube wp-embed-aspect-16-9 wp-has-aspect-ratio"><div class="wp-block-embed__wrapper">
<iframe title="Projeto Meu talento é show - Escola Paulo Lauda" width="800" height="450" src="https://www.youtube.com/embed/aXzI_M_quZU?feature=oembed" frameborder="0" allow="accelerometer; autoplay; clipboard-write; encrypted-media; gyroscope; picture-in-picture; web-share" allowfullscreen></iframe>
</div></figure>



<p>A escola é um ambiente importante na formação das personalidades dos alunos. Também é um local de desenvolvimento de habilidades e vocações, onde cada criança carrega um conjunto distinto de habilidades e potenciais, que muitas vezes só precisa ser identificado e nutrido para florescer. </p>



<p>Pensando nisso, os acadêmicos, em parceria com a diretoria da escola Paulo Lauda, localizada na cidade de Santa Maria/RS desenvolveram o projeto Meu talento é Show. Essa atividade foi desenvolvida com alunos do 1°, 2° e 3° ano do ensino médio.&nbsp;</p>



<p>Vale ressaltar que os alunos participaram tanto mostrando seus talentos quanto auxiliando na produção do evento. Esses alunos foram chamados de “embaixadores” e queriam participar do projeto, mas sem subir no palco, desenvolvendo outras atividades importantes para a realização do evento.&nbsp;</p>



<p>Os acadêmicos realizaram encontros semanais com as turmas, de forma a produzir e incentivar o evento, tendo assim um contato próximo com os alunos. Os alunos da PP mostraram um pouco de seus próprios talentos e atividades, compartilhando um pouco de suas trajetórias até aqui, de forma a incentivar os alunos da escola a encontrar seus interesses.&nbsp; O evento então ocorreu no último encontro, durante a festa junina da escola Paulo Lauda. Durante o evento, também se apresentaram artistas da comunidade local, que tiveram espaço para mostrar seu trabalho.&nbsp;</p>



<p>Os alunos da Publicidade enfatizam que foi uma experiência positiva, pois foi um aprendizado mútuo. Os acadêmicos ressaltam que conheceram diversas histórias e se sentiram muito realizados ao impulsionar a curiosidade e criatividade dos alunos, incentivando-os a descobrirem seus próprios interesses e elevarem sua auto-estima.&nbsp;</p>



<p><strong>Acadêmicos</strong>: Gabriel Valcanover, Matheus Prade, Enzo Fischer, Bruno Sousa.&nbsp;</p>

<p>A escola é um ambiente importante na formação das personalidades dos alunos. Também é um local de desenvolvimento de habilidades e vocações, onde cada criança carrega um conjunto distinto de habilidades e potenciais, que muitas vezes só precisa ser identificado e nutrido para florescer.  Pensando nisso, os acadêmicos, em parceria com a diretoria da escola [&hellip;]</p>
