{"id":7,"date":"2016-10-04T21:07:23","date_gmt":"2016-10-05T00:07:23","guid":{"rendered":"http:\/\/www.compp.unifra.br\/?page_id=7"},"modified":"2023-12-11T16:19:33","modified_gmt":"2023-12-11T19:19:33","slug":"compp","status":"publish","type":"page","link":"https:\/\/compp.ufn.edu.br\/?page_id=7","title":{"rendered":"Compp"},"content":{"rendered":"<p style=\"text-align: center;\">Conectando Comunidades<\/p>\n<p style=\"text-align: justify;\">O ComPP \u00e9 o resultado do trabalho de mais de 10 anos realizado nas disciplinas de Projetos de Extens\u00e3o em Comunica\u00e7\u00e3o Comunit\u00e1ria I e II, no Curso de Publicidade e Propaganda da Universidade Franciscana em Santa Maria\/RS.<\/p>\n<p style=\"text-align: justify;\">Os alunos s\u00e3o motivados a pesquisar causas sociais e escolhem uma delas para realizar um trabalho de comunica\u00e7\u00e3o comunit\u00e1ria. No primeiro semestre, discutem as ideias e desenvolvem um projeto com\u00a0 justificativa da escolha da causa, institui\u00e7\u00e3o beneficiada, objetivos do projeto, estrat\u00e9gias e a\u00e7\u00f5es que s\u00e3o executadas no segundo semestre.<\/p>\n<p style=\"text-align: justify;\">Cada grupo de alunos escolhe um nome para seu projeto que represente a causa e o objetivo e elabora uma marca, que assina as pe\u00e7as e a\u00e7\u00f5es desenvolvidas. Os trabalhos recebem apoio de empresas patrocinadoras, que auxiliam a viabilizar as a\u00e7\u00f5es, e da m\u00eddia local, que doa seus espa\u00e7os para veicula\u00e7\u00e3o. Ao final, o grupo apresenta um videocase que \u00e9 avaliado em uma banca de professores e convidados.<\/p>\n<p style=\"text-align: justify;\">Muitas institui\u00e7\u00f5es j\u00e1 foram beneficiadas com o trabalho, que contempla aproximadamente oito causas a cada ano. A qualidade \u00e9 reconhecida a partir dos resultados obtidos com visibilidade nas m\u00eddias sociais, em m\u00eddia espont\u00e2nea e nos pr\u00eamios que as campanhas recebem.<\/p>\n<p style=\"text-align: justify;\">A principal contribui\u00e7\u00e3o das disciplinas \u00e9 levar os estudantes a enxergar outras realidades, diferentes da sua, e compreender que a comunica\u00e7\u00e3o publicit\u00e1ria pode fazer muita diferen\u00e7a na vida e no trabalho de muitas pessoas.<\/p>\n<p style=\"text-align: justify;\">Neste site s\u00e3o apresentados os trabalhos desenvolvidos.<\/p>\n","protected":false},"excerpt":{"rendered":"<p>Conectando Comunidades O ComPP \u00e9 o resultado do trabalho de mais de 10 anos realizado nas disciplinas de Projetos de Extens\u00e3o em Comunica\u00e7\u00e3o Comunit\u00e1ria I e II, no Curso de Publicidade e Propaganda da Universidade Franciscana em Santa Maria\/RS. Os alunos s\u00e3o motivados a pesquisar causas sociais e escolhem uma delas para realizar um trabalho [&hellip;]<\/p>\n","protected":false},"author":2,"featured_media":0,"parent":0,"menu_order":0,"comment_status":"closed","ping_status":"closed","template":"","meta":{"footnotes":""},"class_list":["post-7","page","type-page","status-publish","hentry"],"_links":{"self":[{"href":"https:\/\/compp.ufn.edu.br\/index.php?rest_route=\/wp\/v2\/pages\/7","targetHints":{"allow":["GET"]}}],"collection":[{"href":"https:\/\/compp.ufn.edu.br\/index.php?rest_route=\/wp\/v2\/pages"}],"about":[{"href":"https:\/\/compp.ufn.edu.br\/index.php?rest_route=\/wp\/v2\/types\/page"}],"author":[{"embeddable":true,"href":"https:\/\/compp.ufn.edu.br\/index.php?rest_route=\/wp\/v2\/users\/2"}],"replies":[{"embeddable":true,"href":"https:\/\/compp.ufn.edu.br\/index.php?rest_route=%2Fwp%2Fv2%2Fcomments&post=7"}],"version-history":[{"count":3,"href":"https:\/\/compp.ufn.edu.br\/index.php?rest_route=\/wp\/v2\/pages\/7\/revisions"}],"predecessor-version":[{"id":1448,"href":"https:\/\/compp.ufn.edu.br\/index.php?rest_route=\/wp\/v2\/pages\/7\/revisions\/1448"}],"wp:attachment":[{"href":"https:\/\/compp.ufn.edu.br\/index.php?rest_route=%2Fwp%2Fv2%2Fmedia&parent=7"}],"curies":[{"name":"wp","href":"https:\/\/api.w.org\/{rel}","templated":true}]}}

<p style="text-align: center;">Conectando Comunidades</p>
<p style="text-align: justify;">O ComPP é o resultado do trabalho de mais de 10 anos realizado nas disciplinas de Projetos de Extensão em Comunicação Comunitária I e II, no Curso de Publicidade e Propaganda da Universidade Franciscana em Santa Maria/RS.</p>
<p style="text-align: justify;">Os alunos são motivados a pesquisar causas sociais e escolhem uma delas para realizar um trabalho de comunicação comunitária. No primeiro semestre, discutem as ideias e desenvolvem um projeto com  justificativa da escolha da causa, instituição beneficiada, objetivos do projeto, estratégias e ações que são executadas no segundo semestre.</p>
<p style="text-align: justify;">Cada grupo de alunos escolhe um nome para seu projeto que represente a causa e o objetivo e elabora uma marca, que assina as peças e ações desenvolvidas. Os trabalhos recebem apoio de empresas patrocinadoras, que auxiliam a viabilizar as ações, e da mídia local, que doa seus espaços para veiculação. Ao final, o grupo apresenta um videocase que é avaliado em uma banca de professores e convidados.</p>
<p style="text-align: justify;">Muitas instituições já foram beneficiadas com o trabalho, que contempla aproximadamente oito causas a cada ano. A qualidade é reconhecida a partir dos resultados obtidos com visibilidade nas mídias sociais, em mídia espontânea e nos prêmios que as campanhas recebem.</p>
<p style="text-align: justify;">A principal contribuição das disciplinas é levar os estudantes a enxergar outras realidades, diferentes da sua, e compreender que a comunicação publicitária pode fazer muita diferença na vida e no trabalho de muitas pessoas.</p>
<p style="text-align: justify;">Neste site são apresentados os trabalhos desenvolvidos.</p>

<p>Conectando Comunidades O ComPP é o resultado do trabalho de mais de 10 anos realizado nas disciplinas de Projetos de Extensão em Comunicação Comunitária I e II, no Curso de Publicidade e Propaganda da Universidade Franciscana em Santa Maria/RS. Os alunos são motivados a pesquisar causas sociais e escolhem uma delas para realizar um trabalho [&hellip;]</p>
